{"id":1507,"date":"2022-01-01T09:00:34","date_gmt":"2022-01-01T09:00:34","guid":{"rendered":"https:\/\/www.ifc-tor.org\/downloads\/2021-council-1st-input-srdeborah\/"},"modified":"2022-01-01T09:00:34","modified_gmt":"2022-01-01T09:00:34","slug":"2021-council-1st-input-srdeborah-6","status":"publish","type":"wpdmpro","link":"https:\/\/www.ifc-tor.org\/de\/wpdm-package\/2021-council-1st-input-srdeborah-6\/","title":{"rendered":"1a contribui\u00e7\u00e3o Conselho &#8211; Irm\u00e3 Deborah"},"content":{"rendered":"<p>Francisco fala de sua experi\u00eancia ao escrever sobre a ora\u00e7\u00e3o; ele ouviu as palavras de Jesus como se estivesse sentado ao lado da mulher samaritana, ouvindo atentamente. \u2026 Nos v\u00e3os do reochedo ele se aninha, pelas fendas dos barrancos <sup>C\u00e2ntico dos C\u00e2nticos 2,14<\/sup>.Totalmente despojado de si mesmo <sup>Fl 2,7<\/sup>, ele descansou por muito tempo nas feridas do Salvador.<\/p>\n","protected":false},"excerpt":{"rendered":"<p>Francisco fala de sua experi\u00eancia ao escrever sobre a ora\u00e7\u00e3o; ele ouviu as palavras de Jesus como se estivesse sentado ao lado da mulher samaritana, ouvindo atentamente. \u2026 Nos v\u00e3os do reochedo ele se aninha, pelas fendas dos barrancos C\u00e2ntico dos C\u00e2nticos 2,14.Totalmente despojado de si mesmo Fl 2,7, ele descansou por muito tempo nas [&hellip;]<\/p>\n","protected":false},"author":1,"featured_media":0,"comment_status":"closed","ping_status":"closed","template":"","meta":{"__wpdm_changelog":[]},"wpdmcategory":[66],"wpdmtag":[],"class_list":["post-1507","wpdmpro","type-wpdmpro","status-publish","hentry","wpdmcategory-contribuicao-conselho-2021"],"_links":{"self":[{"href":"https:\/\/www.ifc-tor.org\/de\/wp-json\/wp\/v2\/wpdmpro\/1507","targetHints":{"allow":["GET"]}}],"collection":[{"href":"https:\/\/www.ifc-tor.org\/de\/wp-json\/wp\/v2\/wpdmpro"}],"about":[{"href":"https:\/\/www.ifc-tor.org\/de\/wp-json\/wp\/v2\/types\/wpdmpro"}],"author":[{"embeddable":true,"href":"https:\/\/www.ifc-tor.org\/de\/wp-json\/wp\/v2\/users\/1"}],"replies":[{"embeddable":true,"href":"https:\/\/www.ifc-tor.org\/de\/wp-json\/wp\/v2\/comments?post=1507"}],"wp:attachment":[{"href":"https:\/\/www.ifc-tor.org\/de\/wp-json\/wp\/v2\/media?parent=1507"}],"wp:term":[{"taxonomy":"wpdmcategory","embeddable":true,"href":"https:\/\/www.ifc-tor.org\/de\/wp-json\/wp\/v2\/wpdmcategory?post=1507"},{"taxonomy":"wpdmtag","embeddable":true,"href":"https:\/\/www.ifc-tor.org\/de\/wp-json\/wp\/v2\/wpdmtag?post=1507"}],"curies":[{"name":"wp","href":"https:\/\/api.w.org\/{rel}","templated":true}]}}

1a contribuição Conselho &#8211; Irmã Deborah

<p>Francisco fala de sua experiência ao escrever sobre a oração; ele ouviu as palavras de Jesus como se estivesse sentado ao lado da mulher samaritana, ouvindo atentamente. … Nos vãos do reochedo ele se aninha, pelas fendas dos barrancos <sup>Cântico dos Cânticos 2,14</sup>.Totalmente despojado de si mesmo <sup>Fl 2,7</sup>, ele descansou por muito tempo nas feridas do Salvador.</p>

<p>Francisco fala de sua experiência ao escrever sobre a oração; ele ouviu as palavras de Jesus como se estivesse sentado ao lado da mulher samaritana, ouvindo atentamente. … Nos vãos do reochedo ele se aninha, pelas fendas dos barrancos Cântico dos Cânticos 2,14.Totalmente despojado de si mesmo Fl 2,7, ele descansou por muito tempo nas [&hellip;]</p>
