{"id":1586,"date":"2022-03-01T09:00:29","date_gmt":"2022-03-01T09:00:29","guid":{"rendered":"https:\/\/www.ifc-tor.org\/downloads\/ga-2022-prayer-on-theme-sr-magdalena-march\/"},"modified":"2022-03-01T09:00:29","modified_gmt":"2022-03-01T09:00:29","slug":"ga-2022-prayer-on-theme-sr-magdalena-march-2","status":"publish","type":"wpdmpro","link":"https:\/\/www.ifc-tor.org\/de\/wpdm-package\/ga-2022-prayer-on-theme-sr-magdalena-march-2\/","title":{"rendered":"GA 2022 pri\u00e8re sur le th\u00e8me &#8211; Sr. Magdalena &#8211; Mars"},"content":{"rendered":"<p>Il est pleinement digne que le Royaume des cieux soit \u00e0 ceux qui, par leur propre volont\u00e9, leur intention spirituelle et leur d\u00e9sir des biens \u00e9ternels, ne poss\u00e8dent rien de terrestre.<\/p>\n","protected":false},"excerpt":{"rendered":"<p>Il est pleinement digne que le Royaume des cieux soit \u00e0 ceux qui, par leur propre volont\u00e9, leur intention spirituelle et leur d\u00e9sir des biens \u00e9ternels, ne poss\u00e8dent rien de terrestre.<\/p>\n","protected":false},"author":1,"featured_media":0,"comment_status":"closed","ping_status":"closed","template":"","meta":{"__wpdm_changelog":[]},"wpdmcategory":[],"wpdmtag":[],"class_list":["post-1586","wpdmpro","type-wpdmpro","status-publish","hentry"],"_links":{"self":[{"href":"https:\/\/www.ifc-tor.org\/de\/wp-json\/wp\/v2\/wpdmpro\/1586","targetHints":{"allow":["GET"]}}],"collection":[{"href":"https:\/\/www.ifc-tor.org\/de\/wp-json\/wp\/v2\/wpdmpro"}],"about":[{"href":"https:\/\/www.ifc-tor.org\/de\/wp-json\/wp\/v2\/types\/wpdmpro"}],"author":[{"embeddable":true,"href":"https:\/\/www.ifc-tor.org\/de\/wp-json\/wp\/v2\/users\/1"}],"replies":[{"embeddable":true,"href":"https:\/\/www.ifc-tor.org\/de\/wp-json\/wp\/v2\/comments?post=1586"}],"wp:attachment":[{"href":"https:\/\/www.ifc-tor.org\/de\/wp-json\/wp\/v2\/media?parent=1586"}],"wp:term":[{"taxonomy":"wpdmcategory","embeddable":true,"href":"https:\/\/www.ifc-tor.org\/de\/wp-json\/wp\/v2\/wpdmcategory?post=1586"},{"taxonomy":"wpdmtag","embeddable":true,"href":"https:\/\/www.ifc-tor.org\/de\/wp-json\/wp\/v2\/wpdmtag?post=1586"}],"curies":[{"name":"wp","href":"https:\/\/api.w.org\/{rel}","templated":true}]}}

GA 2022 prière sur le thème &#8211; Sr. Magdalena &#8211; Mars

<p>Il est pleinement digne que le Royaume des cieux soit à ceux qui, par leur propre volonté, leur intention spirituelle et leur désir des biens éternels, ne possèdent rien de terrestre.</p>
