{"id":3714,"date":"2022-12-01T09:00:29","date_gmt":"2022-12-01T09:00:29","guid":{"rendered":"https:\/\/www.ifc-tor.org\/downloads\/letter-propositum-2023-theme\/"},"modified":"2022-12-01T09:00:29","modified_gmt":"2022-12-01T09:00:29","slug":"carta-propositum-2023-tema-2","status":"publish","type":"wpdmpro","link":"https:\/\/www.ifc-tor.org\/de\/wpdm-package\/carta-propositum-2023-tema-2\/","title":{"rendered":"Carta sobre Propositum 2023 \u00b7 Sugest\u00e3o de tema: &#8222;De que modo viver a Regra de S\u00e3o Francisco, hoje, traz Cristo para a Vida em nosso mundo&#8220;"},"content":{"rendered":"<p>Em nossa \u00faltima reuni\u00e3o de conselho discutimos sobre o tema do pr\u00f3ximo n\u00famero do Propositum, que ser\u00e1 publicado on-line no final de mar\u00e7o\/princ\u00edpio de abril. Incorporando as celebra\u00e7\u00f5es do 800\u00ba centen\u00e1rio da Regra de S\u00e3o Francisco e da primeira celebra\u00e7\u00e3o de Natal em Greccio, o tema de Propositum ser\u00e1: &#8222;De que modo viver a Regra de S\u00e3o Francisco, hoje, traz Cristo para a Vida em nosso mundo&#8220;. <strong>Por favor, enviem seus textos que reflitam experi\u00eancias pessoais at\u00e9 31 de janeiro de 2023.<\/strong><\/p>\n","protected":false},"excerpt":{"rendered":"<p>Em nossa \u00faltima reuni\u00e3o de conselho discutimos sobre o tema do pr\u00f3ximo n\u00famero do Propositum, que ser\u00e1 publicado on-line no final de mar\u00e7o\/princ\u00edpio de abril. Incorporando as celebra\u00e7\u00f5es do 800\u00ba centen\u00e1rio da Regra de S\u00e3o Francisco e da primeira celebra\u00e7\u00e3o de Natal em Greccio, o tema de Propositum ser\u00e1: &#8222;De que modo viver a Regra [&hellip;]<\/p>\n","protected":false},"author":1,"featured_media":0,"comment_status":"closed","ping_status":"closed","template":"","meta":{"__wpdm_changelog":[]},"wpdmcategory":[],"wpdmtag":[],"class_list":["post-3714","wpdmpro","type-wpdmpro","status-publish","hentry"],"_links":{"self":[{"href":"https:\/\/www.ifc-tor.org\/de\/wp-json\/wp\/v2\/wpdmpro\/3714","targetHints":{"allow":["GET"]}}],"collection":[{"href":"https:\/\/www.ifc-tor.org\/de\/wp-json\/wp\/v2\/wpdmpro"}],"about":[{"href":"https:\/\/www.ifc-tor.org\/de\/wp-json\/wp\/v2\/types\/wpdmpro"}],"author":[{"embeddable":true,"href":"https:\/\/www.ifc-tor.org\/de\/wp-json\/wp\/v2\/users\/1"}],"replies":[{"embeddable":true,"href":"https:\/\/www.ifc-tor.org\/de\/wp-json\/wp\/v2\/comments?post=3714"}],"wp:attachment":[{"href":"https:\/\/www.ifc-tor.org\/de\/wp-json\/wp\/v2\/media?parent=3714"}],"wp:term":[{"taxonomy":"wpdmcategory","embeddable":true,"href":"https:\/\/www.ifc-tor.org\/de\/wp-json\/wp\/v2\/wpdmcategory?post=3714"},{"taxonomy":"wpdmtag","embeddable":true,"href":"https:\/\/www.ifc-tor.org\/de\/wp-json\/wp\/v2\/wpdmtag?post=3714"}],"curies":[{"name":"wp","href":"https:\/\/api.w.org\/{rel}","templated":true}]}}

Carta sobre Propositum 2023 · Sugestão de tema: &#8222;De que modo viver a Regra de São Francisco, hoje, traz Cristo para a Vida em nosso mundo&#8220;

<p>Em nossa última reunião de conselho discutimos sobre o tema do próximo número do Propositum, que será publicado on-line no final de março/princípio de abril. Incorporando as celebrações do 800º centenário da Regra de São Francisco e da primeira celebração de Natal em Greccio, o tema de Propositum será: &#8222;De que modo viver a Regra de São Francisco, hoje, traz Cristo para a Vida em nosso mundo&#8220;. <strong>Por favor, enviem seus textos que reflitam experiências pessoais até 31 de janeiro de 2023.</strong></p>

<p>Em nossa última reunião de conselho discutimos sobre o tema do próximo número do Propositum, que será publicado on-line no final de março/princípio de abril. Incorporando as celebrações do 800º centenário da Regra de São Francisco e da primeira celebração de Natal em Greccio, o tema de Propositum será: &#8222;De que modo viver a Regra [&hellip;]</p>
