{"id":4085,"date":"2022-09-30T09:00:39","date_gmt":"2022-09-30T09:00:39","guid":{"rendered":"https:\/\/www.ifc-tor.org\/downloads\/feast-st-francis-2023\/"},"modified":"2022-09-30T09:00:39","modified_gmt":"2022-09-30T09:00:39","slug":"festa-sao-francisco-2022","status":"publish","type":"wpdmpro","link":"https:\/\/www.ifc-tor.org\/de\/wpdm-package\/festa-sao-francisco-2022\/","title":{"rendered":"Festa de S\u00e3o Francisco \u2014 4 de outubro de 2022"},"content":{"rendered":"<blockquote>\n<p style=\"text-align: justify;line-height: 1.4em!important\"><span style=\"color: #2f3366;font-weight: normal\">A festa de S\u00e3o Francisco \u00e9 sempre um dia de grande alegria quando lembrarmos a vida do nosso santo padroeiro. Este ano, enquanto celebramos, em meio \u00e0 confus\u00e3o de um mundo desorientado que se afastou dos valores do cristianismo, lembramos nosso pai Francisco e reconhecemos que seu mundo enfrentou problemas semelhantes. As guerras em diversos pa\u00edses, em particular na Ucra\u00edna, as desordens pol\u00edticas, as persegui\u00e7\u00f5es religiosas, as cat\u00e1strofes ambientais, tudo fala de um mundo que n\u00e3o est\u00e1 em paz e que tem alegria breve. Na nossa fam\u00edlia franciscana estamos programando, para os pr\u00f3ximos anos, uma s\u00e9rie de celebra\u00e7\u00f5es enquanto nos preparamos para os 800 anos de alguns eventos franciscanos especiais. Em 2023 celebraremos os 800 anos do primeiro pres\u00e9pio em Greccio e da primeira Regra de S\u00e3o Francisco.<\/span><\/p>\n<\/blockquote>\n","protected":false},"excerpt":{"rendered":"<p>A festa de S\u00e3o Francisco \u00e9 sempre um dia de grande alegria quando lembrarmos a vida do nosso santo padroeiro. Este ano, enquanto celebramos, em meio \u00e0 confus\u00e3o de um mundo desorientado que se afastou dos valores do cristianismo, lembramos nosso pai Francisco e reconhecemos que seu mundo enfrentou problemas semelhantes. As guerras em diversos [&hellip;]<\/p>\n","protected":false},"author":1,"featured_media":0,"comment_status":"closed","ping_status":"closed","template":"","meta":{"__wpdm_changelog":[]},"wpdmcategory":[],"wpdmtag":[],"class_list":["post-4085","wpdmpro","type-wpdmpro","status-publish","hentry"],"_links":{"self":[{"href":"https:\/\/www.ifc-tor.org\/de\/wp-json\/wp\/v2\/wpdmpro\/4085","targetHints":{"allow":["GET"]}}],"collection":[{"href":"https:\/\/www.ifc-tor.org\/de\/wp-json\/wp\/v2\/wpdmpro"}],"about":[{"href":"https:\/\/www.ifc-tor.org\/de\/wp-json\/wp\/v2\/types\/wpdmpro"}],"author":[{"embeddable":true,"href":"https:\/\/www.ifc-tor.org\/de\/wp-json\/wp\/v2\/users\/1"}],"replies":[{"embeddable":true,"href":"https:\/\/www.ifc-tor.org\/de\/wp-json\/wp\/v2\/comments?post=4085"}],"wp:attachment":[{"href":"https:\/\/www.ifc-tor.org\/de\/wp-json\/wp\/v2\/media?parent=4085"}],"wp:term":[{"taxonomy":"wpdmcategory","embeddable":true,"href":"https:\/\/www.ifc-tor.org\/de\/wp-json\/wp\/v2\/wpdmcategory?post=4085"},{"taxonomy":"wpdmtag","embeddable":true,"href":"https:\/\/www.ifc-tor.org\/de\/wp-json\/wp\/v2\/wpdmtag?post=4085"}],"curies":[{"name":"wp","href":"https:\/\/api.w.org\/{rel}","templated":true}]}}

Festa de São Francisco — 4 de outubro de 2022

<blockquote>
<p style="text-align: justify;line-height: 1.4em!important"><span style="color: #2f3366;font-weight: normal">A festa de São Francisco é sempre um dia de grande alegria quando lembrarmos a vida do nosso santo padroeiro. Este ano, enquanto celebramos, em meio à confusão de um mundo desorientado que se afastou dos valores do cristianismo, lembramos nosso pai Francisco e reconhecemos que seu mundo enfrentou problemas semelhantes. As guerras em diversos países, em particular na Ucraína, as desordens políticas, as perseguições religiosas, as catástrofes ambientais, tudo fala de um mundo que não está em paz e que tem alegria breve. Na nossa família franciscana estamos programando, para os próximos anos, uma série de celebrações enquanto nos preparamos para os 800 anos de alguns eventos franciscanos especiais. Em 2023 celebraremos os 800 anos do primeiro presépio em Greccio e da primeira Regra de São Francisco.</span></p>
</blockquote>

<p>A festa de São Francisco é sempre um dia de grande alegria quando lembrarmos a vida do nosso santo padroeiro. Este ano, enquanto celebramos, em meio à confusão de um mundo desorientado que se afastou dos valores do cristianismo, lembramos nosso pai Francisco e reconhecemos que seu mundo enfrentou problemas semelhantes. As guerras em diversos [&hellip;]</p>
