{"id":4102,"date":"2022-10-07T09:00:13","date_gmt":"2022-10-07T09:00:13","guid":{"rendered":"https:\/\/www.ifc-tor.org\/downloads\/cff-message-peace-fasting-2022\/"},"modified":"2022-10-07T09:00:13","modified_gmt":"2022-10-07T09:00:13","slug":"cff-message-paix-jeune-2022","status":"publish","type":"wpdmpro","link":"https:\/\/www.ifc-tor.org\/de\/wpdm-package\/cff-message-paix-jeune-2022\/","title":{"rendered":"Conf\u00e9rence de la famille franciscaine &#8211; Message de paix et de je\u00fbne pour la journ\u00e9e du 11 octobre 2022"},"content":{"rendered":"<p><em>* Cette lettre est publi\u00e9e sur le site web dans les langues suivantes : ANGLAIS, ITALIEN et ESPAGNOL<\/em><\/p>\n<p>La Festa di San Francesco raduna ad Assisi tanti fratelli e sorelle della Famiglia Francescana. Vengono ad Assisi anche i Ministri generali che di solito colgono questa occasione per organizzare le sessioni di lavoro della<em> Conferenza dei Ministri generali del Primo Ordine Francescano e del TOR<\/em>, ed anche della <em>Conferenza della Famiglia Francescana<\/em>. Il raduno della Conferenza della Famiglia Francescana si \u00e8 svolto nella mattinata del 03 ottobre 2022, presso la <em>Domus Laetitiae<\/em>. I Ministri hanno incontrato i membri della International Board of Directors della Franciscans International, hanno incontrato i membri del Comitato che si occupa della preparazione del Centenario francescano e hanno discusso il tema delle iniziative comuni per la GMG che si svolger\u00e0 a Lisbona prossimo anno.<br \/>\nAlla fine dell&#8217;incontro si \u00e8 parlato della pace nel mondo, e i Ministri generali hanno proposto a tutti i membri della Famiglia francescana la preghiera e il digiuno come iniziativa comune (vedi la lettera in allegato).<\/p>\n","protected":false},"excerpt":{"rendered":"<p>* Cette lettre est publi\u00e9e sur le site web dans les langues suivantes : ANGLAIS, ITALIEN et ESPAGNOL La Festa di San Francesco raduna ad Assisi tanti fratelli e sorelle della Famiglia Francescana. Vengono ad Assisi anche i Ministri generali che di solito colgono questa occasione per organizzare le sessioni di lavoro della Conferenza dei [&hellip;]<\/p>\n","protected":false},"author":1,"featured_media":0,"comment_status":"closed","ping_status":"closed","template":"","meta":{"__wpdm_changelog":[]},"wpdmcategory":[],"wpdmtag":[],"class_list":["post-4102","wpdmpro","type-wpdmpro","status-publish","hentry"],"_links":{"self":[{"href":"https:\/\/www.ifc-tor.org\/de\/wp-json\/wp\/v2\/wpdmpro\/4102","targetHints":{"allow":["GET"]}}],"collection":[{"href":"https:\/\/www.ifc-tor.org\/de\/wp-json\/wp\/v2\/wpdmpro"}],"about":[{"href":"https:\/\/www.ifc-tor.org\/de\/wp-json\/wp\/v2\/types\/wpdmpro"}],"author":[{"embeddable":true,"href":"https:\/\/www.ifc-tor.org\/de\/wp-json\/wp\/v2\/users\/1"}],"replies":[{"embeddable":true,"href":"https:\/\/www.ifc-tor.org\/de\/wp-json\/wp\/v2\/comments?post=4102"}],"wp:attachment":[{"href":"https:\/\/www.ifc-tor.org\/de\/wp-json\/wp\/v2\/media?parent=4102"}],"wp:term":[{"taxonomy":"wpdmcategory","embeddable":true,"href":"https:\/\/www.ifc-tor.org\/de\/wp-json\/wp\/v2\/wpdmcategory?post=4102"},{"taxonomy":"wpdmtag","embeddable":true,"href":"https:\/\/www.ifc-tor.org\/de\/wp-json\/wp\/v2\/wpdmtag?post=4102"}],"curies":[{"name":"wp","href":"https:\/\/api.w.org\/{rel}","templated":true}]}}

Conférence de la famille franciscaine &#8211; Message de paix et de jeûne pour la journée du 11 octobre 2022

<p><em>* Cette lettre est publiée sur le site web dans les langues suivantes : ANGLAIS, ITALIEN et ESPAGNOL</em></p>
<p>La Festa di San Francesco raduna ad Assisi tanti fratelli e sorelle della Famiglia Francescana. Vengono ad Assisi anche i Ministri generali che di solito colgono questa occasione per organizzare le sessioni di lavoro della<em> Conferenza dei Ministri generali del Primo Ordine Francescano e del TOR</em>, ed anche della <em>Conferenza della Famiglia Francescana</em>. Il raduno della Conferenza della Famiglia Francescana si è svolto nella mattinata del 03 ottobre 2022, presso la <em>Domus Laetitiae</em>. I Ministri hanno incontrato i membri della International Board of Directors della Franciscans International, hanno incontrato i membri del Comitato che si occupa della preparazione del Centenario francescano e hanno discusso il tema delle iniziative comuni per la GMG che si svolgerà a Lisbona prossimo anno.<br />
Alla fine dell&#8217;incontro si è parlato della pace nel mondo, e i Ministri generali hanno proposto a tutti i membri della Famiglia francescana la preghiera e il digiuno come iniziativa comune (vedi la lettera in allegato).</p>

<p>* Cette lettre est publiée sur le site web dans les langues suivantes : ANGLAIS, ITALIEN et ESPAGNOL La Festa di San Francesco raduna ad Assisi tanti fratelli e sorelle della Famiglia Francescana. Vengono ad Assisi anche i Ministri generali che di solito colgono questa occasione per organizzare le sessioni di lavoro della Conferenza dei [&hellip;]</p>
