{"id":4167,"date":"2023-06-09T09:00:30","date_gmt":"2023-06-09T09:00:30","guid":{"rendered":"https:\/\/www.ifc-tor.org\/downloads\/letter-position-exec-director\/"},"modified":"2023-06-09T09:00:30","modified_gmt":"2023-06-09T09:00:30","slug":"briefe-position-exekutivdirektors","status":"publish","type":"wpdmpro","link":"https:\/\/www.ifc-tor.org\/de\/wpdm-package\/briefe-position-exekutivdirektors\/","title":{"rendered":"Briefe Neuigkeiten bez\u00fcglich der position des Exekutivdirektors mitteilen"},"content":{"rendered":"<p>Der Heilige Geist, der an diesem Pfingstfest neu auf uns herabgekommen ist, erf\u00fclle Ihre Herzen und Seelen mit jeder Gabe, deren Sie am meisten bed\u00fcrfen. Wir m\u00f6chten ein paar Neuigkeiten bez\u00fcglich der Position des Exekutivdirektors mitteilen. Unsere Suche ergab mehrere Bewerber, die meisten aus den Vereinigten Staaten und meist mit Englisch als Muttersprache. Sie brachten eine Vielzahl von Fachkenntnissen mit; einige w\u00fcrden sich f\u00fcr einen Executive Officer f\u00fcr viele Organisationen mit vielen Organisationsebenen qualifizieren. Unsere erste Aufgabe wird es sein, zu beurteilen, was genau von den Mitgliedern und ihren Institutionen ben\u00f6tigt wird. Als n\u00e4chstes wird sie bei der Entwicklung der Programme helfen, die dazu beitragen, diese Bed\u00fcrfnisse zu erf\u00fcllen. Zu diesem Zweck erhalten Sie in K\u00fcrze einen Fragebogen bzgl. Bed\u00fcrfnissen und Talenten, die zu teilen sind. Auf der Grundlage dieser Informationen werden Aussch\u00fcsse gebildet, die damit beginnen, das zu produzieren, was von den Mitgliedern ben\u00f6tigt wird.<\/p>\n","protected":false},"excerpt":{"rendered":"<p>Der Heilige Geist, der an diesem Pfingstfest neu auf uns herabgekommen ist, erf\u00fclle Ihre Herzen und Seelen mit jeder Gabe, deren Sie am meisten bed\u00fcrfen. Wir m\u00f6chten ein paar Neuigkeiten bez\u00fcglich der Position des Exekutivdirektors mitteilen. Unsere Suche ergab mehrere Bewerber, die meisten aus den Vereinigten Staaten und meist mit Englisch als Muttersprache. Sie brachten [&hellip;]<\/p>\n","protected":false},"author":1,"featured_media":0,"comment_status":"closed","ping_status":"closed","template":"","meta":{"__wpdm_changelog":[]},"wpdmcategory":[],"wpdmtag":[],"class_list":["post-4167","wpdmpro","type-wpdmpro","status-publish","hentry"],"_links":{"self":[{"href":"https:\/\/www.ifc-tor.org\/de\/wp-json\/wp\/v2\/wpdmpro\/4167","targetHints":{"allow":["GET"]}}],"collection":[{"href":"https:\/\/www.ifc-tor.org\/de\/wp-json\/wp\/v2\/wpdmpro"}],"about":[{"href":"https:\/\/www.ifc-tor.org\/de\/wp-json\/wp\/v2\/types\/wpdmpro"}],"author":[{"embeddable":true,"href":"https:\/\/www.ifc-tor.org\/de\/wp-json\/wp\/v2\/users\/1"}],"replies":[{"embeddable":true,"href":"https:\/\/www.ifc-tor.org\/de\/wp-json\/wp\/v2\/comments?post=4167"}],"wp:attachment":[{"href":"https:\/\/www.ifc-tor.org\/de\/wp-json\/wp\/v2\/media?parent=4167"}],"wp:term":[{"taxonomy":"wpdmcategory","embeddable":true,"href":"https:\/\/www.ifc-tor.org\/de\/wp-json\/wp\/v2\/wpdmcategory?post=4167"},{"taxonomy":"wpdmtag","embeddable":true,"href":"https:\/\/www.ifc-tor.org\/de\/wp-json\/wp\/v2\/wpdmtag?post=4167"}],"curies":[{"name":"wp","href":"https:\/\/api.w.org\/{rel}","templated":true}]}}

Briefe Neuigkeiten bezüglich der position des Exekutivdirektors mitteilen

<p>Der Heilige Geist, der an diesem Pfingstfest neu auf uns herabgekommen ist, erfülle Ihre Herzen und Seelen mit jeder Gabe, deren Sie am meisten bedürfen. Wir möchten ein paar Neuigkeiten bezüglich der Position des Exekutivdirektors mitteilen. Unsere Suche ergab mehrere Bewerber, die meisten aus den Vereinigten Staaten und meist mit Englisch als Muttersprache. Sie brachten eine Vielzahl von Fachkenntnissen mit; einige würden sich für einen Executive Officer für viele Organisationen mit vielen Organisationsebenen qualifizieren. Unsere erste Aufgabe wird es sein, zu beurteilen, was genau von den Mitgliedern und ihren Institutionen benötigt wird. Als nächstes wird sie bei der Entwicklung der Programme helfen, die dazu beitragen, diese Bedürfnisse zu erfüllen. Zu diesem Zweck erhalten Sie in Kürze einen Fragebogen bzgl. Bedürfnissen und Talenten, die zu teilen sind. Auf der Grundlage dieser Informationen werden Ausschüsse gebildet, die damit beginnen, das zu produzieren, was von den Mitgliedern benötigt wird.</p>

<p>Der Heilige Geist, der an diesem Pfingstfest neu auf uns herabgekommen ist, erfülle Ihre Herzen und Seelen mit jeder Gabe, deren Sie am meisten bedürfen. Wir möchten ein paar Neuigkeiten bezüglich der Position des Exekutivdirektors mitteilen. Unsere Suche ergab mehrere Bewerber, die meisten aus den Vereinigten Staaten und meist mit Englisch als Muttersprache. Sie brachten [&hellip;]</p>
