{"id":4296,"date":"2023-11-30T09:00:47","date_gmt":"2023-11-30T09:00:47","guid":{"rendered":"https:\/\/www.ifc-tor.org\/downloads\/letter-pope-francis-franciscan-family-nov-2023\/"},"modified":"2023-11-30T09:00:47","modified_gmt":"2023-11-30T09:00:47","slug":"carta-papa-francisco-familia-franciscana-nov-2023-2","status":"publish","type":"wpdmpro","link":"https:\/\/www.ifc-tor.org\/de\/wpdm-package\/carta-papa-francisco-familia-franciscana-nov-2023-2\/","title":{"rendered":"Carta Papa Francisco \u00b7 Aos Membros  da Fam\u00edlia Franciscana \u2014 VIII centen\u00e1rio da Regra Bulada"},"content":{"rendered":"<blockquote><p><img decoding=\"async\" class=\"size-full wp-image-3844 alignleft\" src=\"https:\/\/www.ifc-tor.org\/wp-content\/uploads\/logo-franciscan-centenary.png\" alt=\"\" width=\"150\" height=\"171\" \/><\/p>\n<p style=\"text-align: justify;line-height: 1.4em!important\"><span style=\"color: #2f3366;font-weight: normal\">Queridos Irm\u00e3os e Irm\u00e3s,<br \/>\n<\/span><\/p>\n<p style=\"text-align: justify;line-height: 1.4em!important\"><span style=\"color: #2f3366;font-weight: normal\">\u00c9 com alegria no cora\u00e7\u00e3o que desejo fazer lhes chegar a minha sauda\u00e7\u00e3o e felicita\u00e7\u00e3o nessa ocasi\u00e3o t\u00e3o importante para a inteira Fam\u00edlia Franciscana, da qual desde o princ\u00edpio do meu M inist\u00e9rio P etrino sinto a viva presen\u00e7a orante e proximidade filial. O VIII centen\u00e1rio da confirma\u00e7\u00e3o da Regra dos Frades Menores por parte do Papa Hon\u00f3rio III na Bas\u00edlica do Latr\u00e3o, ocorrida no dia 29 de novembro de 1223, \u00e9 uma ocasi\u00e3o prop\u00edcia n\u00e3o somente para recordar um evento hist\u00f3rico, mas sobretudo para reavivar em todos voc\u00eas o mesmo esp\u00edrito que inspirou Francisco de Assis a despojar se de tudo, e dar origem a um a forma de vida \u00fanica e fascinante, que \u00e9 enraizada no Evangelho e vivida sem glosas. <\/span><\/p>\n<p style=\"text-align: justify;line-height: 1.4em!important\"><span style=\"color: #2f3366;font-weight: normal\">Que este jubileu possar ser para cada um o tempo de um renascimento interior, de um renovado envio mission\u00e1rio da Igreja que chama a sair ao encontro do mundo, l\u00e1 onde tantos irm\u00e3os e irm\u00e3s precisam ser consolado s, amados e cuidados. <\/span><\/p>\n<p style=\"text-align: justify;line-height: 1.4em!important\"><span style=\"color: #2f3366;font-weight: normal\">Portanto, movido por tais sentimentos, desejo entregar lhes algumas exorta\u00e7\u00f5es que nascem pr\u00f3prio das palavras do Pobrezinho de Assis, o qual prop\u00f5e aos seus frades de: \u201c[&#8230;] observar a pobreza e a humildade e o santo Evangelho de Nosso Senhor Jesus Cristo [&#8230;]\u201d (Regra Bulada XII,5).<\/span><\/p>\n<\/blockquote>\n","protected":false},"excerpt":{"rendered":"<p>Queridos Irm\u00e3os e Irm\u00e3s, \u00c9 com alegria no cora\u00e7\u00e3o que desejo fazer lhes chegar a minha sauda\u00e7\u00e3o e felicita\u00e7\u00e3o nessa ocasi\u00e3o t\u00e3o importante para a inteira Fam\u00edlia Franciscana, da qual desde o princ\u00edpio do meu M inist\u00e9rio P etrino sinto a viva presen\u00e7a orante e proximidade filial. O VIII centen\u00e1rio da confirma\u00e7\u00e3o da Regra dos [&hellip;]<\/p>\n","protected":false},"author":1,"featured_media":0,"comment_status":"closed","ping_status":"closed","template":"","meta":{"__wpdm_changelog":[]},"wpdmcategory":[],"wpdmtag":[],"class_list":["post-4296","wpdmpro","type-wpdmpro","status-publish","hentry"],"_links":{"self":[{"href":"https:\/\/www.ifc-tor.org\/de\/wp-json\/wp\/v2\/wpdmpro\/4296","targetHints":{"allow":["GET"]}}],"collection":[{"href":"https:\/\/www.ifc-tor.org\/de\/wp-json\/wp\/v2\/wpdmpro"}],"about":[{"href":"https:\/\/www.ifc-tor.org\/de\/wp-json\/wp\/v2\/types\/wpdmpro"}],"author":[{"embeddable":true,"href":"https:\/\/www.ifc-tor.org\/de\/wp-json\/wp\/v2\/users\/1"}],"replies":[{"embeddable":true,"href":"https:\/\/www.ifc-tor.org\/de\/wp-json\/wp\/v2\/comments?post=4296"}],"wp:attachment":[{"href":"https:\/\/www.ifc-tor.org\/de\/wp-json\/wp\/v2\/media?parent=4296"}],"wp:term":[{"taxonomy":"wpdmcategory","embeddable":true,"href":"https:\/\/www.ifc-tor.org\/de\/wp-json\/wp\/v2\/wpdmcategory?post=4296"},{"taxonomy":"wpdmtag","embeddable":true,"href":"https:\/\/www.ifc-tor.org\/de\/wp-json\/wp\/v2\/wpdmtag?post=4296"}],"curies":[{"name":"wp","href":"https:\/\/api.w.org\/{rel}","templated":true}]}}

Carta Papa Francisco · Aos Membros  da Família Franciscana — VIII centenário da Regra Bulada

<blockquote><p><img decoding="async" class="size-full wp-image-3844 alignleft" src="https://www.ifc-tor.org/wp-content/uploads/logo-franciscan-centenary.png" alt="" width="150" height="171" /></p>
<p style="text-align: justify;line-height: 1.4em!important"><span style="color: #2f3366;font-weight: normal">Queridos Irmãos e Irmãs,<br />
</span></p>
<p style="text-align: justify;line-height: 1.4em!important"><span style="color: #2f3366;font-weight: normal">É com alegria no coração que desejo fazer lhes chegar a minha saudação e felicitação nessa ocasião tão importante para a inteira Família Franciscana, da qual desde o princípio do meu M inistério P etrino sinto a viva presença orante e proximidade filial. O VIII centenário da confirmação da Regra dos Frades Menores por parte do Papa Honório III na Basílica do Latrão, ocorrida no dia 29 de novembro de 1223, é uma ocasião propícia não somente para recordar um evento histórico, mas sobretudo para reavivar em todos vocês o mesmo espírito que inspirou Francisco de Assis a despojar se de tudo, e dar origem a um a forma de vida única e fascinante, que é enraizada no Evangelho e vivida sem glosas. </span></p>
<p style="text-align: justify;line-height: 1.4em!important"><span style="color: #2f3366;font-weight: normal">Que este jubileu possar ser para cada um o tempo de um renascimento interior, de um renovado envio missionário da Igreja que chama a sair ao encontro do mundo, lá onde tantos irmãos e irmãs precisam ser consolado s, amados e cuidados. </span></p>
<p style="text-align: justify;line-height: 1.4em!important"><span style="color: #2f3366;font-weight: normal">Portanto, movido por tais sentimentos, desejo entregar lhes algumas exortações que nascem próprio das palavras do Pobrezinho de Assis, o qual propõe aos seus frades de: “[&#8230;] observar a pobreza e a humildade e o santo Evangelho de Nosso Senhor Jesus Cristo [&#8230;]” (Regra Bulada XII,5).</span></p>
</blockquote>

<p>Queridos Irmãos e Irmãs, É com alegria no coração que desejo fazer lhes chegar a minha saudação e felicitação nessa ocasião tão importante para a inteira Família Franciscana, da qual desde o princípio do meu M inistério P etrino sinto a viva presença orante e proximidade filial. O VIII centenário da confirmação da Regra dos [&hellip;]</p>
