{"id":4313,"date":"2024-01-01T09:00:18","date_gmt":"2024-01-01T09:00:18","guid":{"rendered":"https:\/\/www.ifc-tor.org\/downloads\/letter-about-propositum-2024-n1\/"},"modified":"2024-01-01T09:00:18","modified_gmt":"2024-01-01T09:00:18","slug":"letter-about-propositum-2024-n1-5","status":"publish","type":"wpdmpro","link":"https:\/\/www.ifc-tor.org\/de\/wpdm-package\/letter-about-propositum-2024-n1-5\/","title":{"rendered":"Carta sobre Propositum 2023 \u00b7 Tema propuesto: \u201cCristo, San Francisco y el significado del sufrimiento en nuestro mundo moderno\u201d"},"content":{"rendered":"<p>El pr\u00f3ximo n\u00famero de Propositum se publicar\u00e1 online despu\u00e9s de Semana Santa. Al incorporar la celebraci\u00f3n del 800 aniversario de los estigmas de San Francisco, el tema de Propositum ser\u00e1 \u201cCristo, San Francisco y el significado del sufrimiento en nuestro mundo moderno\u201d.<\/p>\n<p>Ser\u00e1 una continuaci\u00f3n de \u00faltimo Propositum en el sentido de que estamos buscando las respuestas de los miembros de la Tercera Orden de las congregaciones sobre los temas tratados. Esperamos que las presentaciones reflejen las experiencias personales de los autores.<\/p>\n","protected":false},"excerpt":{"rendered":"<p>El pr\u00f3ximo n\u00famero de Propositum se publicar\u00e1 online despu\u00e9s de Semana Santa. Al incorporar la celebraci\u00f3n del 800 aniversario de los estigmas de San Francisco, el tema de Propositum ser\u00e1 \u201cCristo, San Francisco y el significado del sufrimiento en nuestro mundo moderno\u201d. Ser\u00e1 una continuaci\u00f3n de \u00faltimo Propositum en el sentido de que estamos buscando [&hellip;]<\/p>\n","protected":false},"author":1,"featured_media":0,"comment_status":"closed","ping_status":"closed","template":"","meta":{"__wpdm_changelog":[]},"wpdmcategory":[],"wpdmtag":[],"class_list":["post-4313","wpdmpro","type-wpdmpro","status-publish","hentry"],"_links":{"self":[{"href":"https:\/\/www.ifc-tor.org\/de\/wp-json\/wp\/v2\/wpdmpro\/4313","targetHints":{"allow":["GET"]}}],"collection":[{"href":"https:\/\/www.ifc-tor.org\/de\/wp-json\/wp\/v2\/wpdmpro"}],"about":[{"href":"https:\/\/www.ifc-tor.org\/de\/wp-json\/wp\/v2\/types\/wpdmpro"}],"author":[{"embeddable":true,"href":"https:\/\/www.ifc-tor.org\/de\/wp-json\/wp\/v2\/users\/1"}],"replies":[{"embeddable":true,"href":"https:\/\/www.ifc-tor.org\/de\/wp-json\/wp\/v2\/comments?post=4313"}],"wp:attachment":[{"href":"https:\/\/www.ifc-tor.org\/de\/wp-json\/wp\/v2\/media?parent=4313"}],"wp:term":[{"taxonomy":"wpdmcategory","embeddable":true,"href":"https:\/\/www.ifc-tor.org\/de\/wp-json\/wp\/v2\/wpdmcategory?post=4313"},{"taxonomy":"wpdmtag","embeddable":true,"href":"https:\/\/www.ifc-tor.org\/de\/wp-json\/wp\/v2\/wpdmtag?post=4313"}],"curies":[{"name":"wp","href":"https:\/\/api.w.org\/{rel}","templated":true}]}}

<p>El próximo número de Propositum se publicará online después de Semana Santa. Al incorporar la celebración del 800 aniversario de los estigmas de San Francisco, el tema de Propositum será “Cristo, San Francisco y el significado del sufrimiento en nuestro mundo moderno”.</p>
<p>Será una continuación de último Propositum en el sentido de que estamos buscando las respuestas de los miembros de la Tercera Orden de las congregaciones sobre los temas tratados. Esperamos que las presentaciones reflejen las experiencias personales de los autores.</p>

<p>El próximo número de Propositum se publicará online después de Semana Santa. Al incorporar la celebración del 800 aniversario de los estigmas de San Francisco, el tema de Propositum será “Cristo, San Francisco y el significado del sufrimiento en nuestro mundo moderno”. Será una continuación de último Propositum en el sentido de que estamos buscando [&hellip;]</p>
