{"id":4439,"date":"2024-06-25T09:00:20","date_gmt":"2024-06-25T09:00:20","guid":{"rendered":"https:\/\/www.ifc-tor.org\/downloads\/letter-about-propositum-2-2024\/"},"modified":"2024-06-25T09:00:20","modified_gmt":"2024-06-25T09:00:20","slug":"letter-about-propositum-2-2024-6","status":"publish","type":"wpdmpro","link":"https:\/\/www.ifc-tor.org\/de\/wpdm-package\/letter-about-propositum-2-2024-6\/","title":{"rendered":"Carta sobre Propositum 2 \/ 2024 \u00b7 Sugest\u00e3o de tema: \u201cO C\u00e2ntico da Cria\u00e7\u00e3o &#8211; \u00e0 luz da Laudato Si\u201d"},"content":{"rendered":"<p>O pr\u00f3ximo n\u00famero da Propositum ser\u00e1 publicado on-line em novembro. Para celebrar o 800\u00ba anivers\u00e1rio do C\u00e2ntico da Cria\u00e7\u00e3o em 2025, o tema da Propositum ser\u00e1 &#8222;O C\u00e2ntico da Cria\u00e7\u00e3o &#8211; \u00e0 luz da Laudato Si&#8220;<br \/>\nO C\u00e2ntico da Cria\u00e7\u00e3o oferece a todos as b\u00ean\u00e7\u00e3os que Francisco imaginou quando olhou para a cria\u00e7\u00e3o e percebeu a sua liga\u00e7\u00e3o com a cria\u00e7\u00e3o e a liga\u00e7\u00e3o de toda a cria\u00e7\u00e3o com todas as outras partes do mundo.<br \/>\nCom estes pensamentos em mente, convidamos os nossos irm\u00e3os e irm\u00e3s a apresentarem reflex\u00f5es originais sobre o tema para serem publicadas no pr\u00f3ximo n\u00famero do Propositum. Para al\u00e9m das reflex\u00f5es escritas, aceitamos tamb\u00e9m trabalhos art\u00edsticos originais que possam ser publicados.<\/p>\n","protected":false},"excerpt":{"rendered":"<p>O pr\u00f3ximo n\u00famero da Propositum ser\u00e1 publicado on-line em novembro. Para celebrar o 800\u00ba anivers\u00e1rio do C\u00e2ntico da Cria\u00e7\u00e3o em 2025, o tema da Propositum ser\u00e1 &#8222;O C\u00e2ntico da Cria\u00e7\u00e3o &#8211; \u00e0 luz da Laudato Si&#8220; O C\u00e2ntico da Cria\u00e7\u00e3o oferece a todos as b\u00ean\u00e7\u00e3os que Francisco imaginou quando olhou para a cria\u00e7\u00e3o e percebeu [&hellip;]<\/p>\n","protected":false},"author":1,"featured_media":0,"comment_status":"closed","ping_status":"closed","template":"","meta":{"__wpdm_changelog":[]},"wpdmcategory":[],"wpdmtag":[],"class_list":["post-4439","wpdmpro","type-wpdmpro","status-publish","hentry"],"_links":{"self":[{"href":"https:\/\/www.ifc-tor.org\/de\/wp-json\/wp\/v2\/wpdmpro\/4439","targetHints":{"allow":["GET"]}}],"collection":[{"href":"https:\/\/www.ifc-tor.org\/de\/wp-json\/wp\/v2\/wpdmpro"}],"about":[{"href":"https:\/\/www.ifc-tor.org\/de\/wp-json\/wp\/v2\/types\/wpdmpro"}],"author":[{"embeddable":true,"href":"https:\/\/www.ifc-tor.org\/de\/wp-json\/wp\/v2\/users\/1"}],"replies":[{"embeddable":true,"href":"https:\/\/www.ifc-tor.org\/de\/wp-json\/wp\/v2\/comments?post=4439"}],"wp:attachment":[{"href":"https:\/\/www.ifc-tor.org\/de\/wp-json\/wp\/v2\/media?parent=4439"}],"wp:term":[{"taxonomy":"wpdmcategory","embeddable":true,"href":"https:\/\/www.ifc-tor.org\/de\/wp-json\/wp\/v2\/wpdmcategory?post=4439"},{"taxonomy":"wpdmtag","embeddable":true,"href":"https:\/\/www.ifc-tor.org\/de\/wp-json\/wp\/v2\/wpdmtag?post=4439"}],"curies":[{"name":"wp","href":"https:\/\/api.w.org\/{rel}","templated":true}]}}

Carta sobre Propositum 2 / 2024 · Sugestão de tema: “O Cântico da Criação &#8211; à luz da Laudato Si”

<p>O próximo número da Propositum será publicado on-line em novembro. Para celebrar o 800º aniversário do Cântico da Criação em 2025, o tema da Propositum será &#8222;O Cântico da Criação &#8211; à luz da Laudato Si&#8220;<br />
O Cântico da Criação oferece a todos as bênçãos que Francisco imaginou quando olhou para a criação e percebeu a sua ligação com a criação e a ligação de toda a criação com todas as outras partes do mundo.<br />
Com estes pensamentos em mente, convidamos os nossos irmãos e irmãs a apresentarem reflexões originais sobre o tema para serem publicadas no próximo número do Propositum. Para além das reflexões escritas, aceitamos também trabalhos artísticos originais que possam ser publicados.</p>

<p>O próximo número da Propositum será publicado on-line em novembro. Para celebrar o 800º aniversário do Cântico da Criação em 2025, o tema da Propositum será &#8222;O Cântico da Criação &#8211; à luz da Laudato Si&#8220; O Cântico da Criação oferece a todos as bênçãos que Francisco imaginou quando olhou para a criação e percebeu [&hellip;]</p>
