{"id":1515,"date":"2022-01-01T11:00:14","date_gmt":"2022-01-01T11:00:14","guid":{"rendered":"https:\/\/www.ifc-tor.org\/downloads\/2021-council-3rd-input-srmagdalena\/"},"modified":"2022-01-01T11:00:14","modified_gmt":"2022-01-01T11:00:14","slug":"2021-council-3rd-input-srmagdalena-3","status":"publish","type":"wpdmpro","link":"https:\/\/www.ifc-tor.org\/en\/wpdm-package\/2021-council-3rd-input-srmagdalena-3\/","title":{"rendered":"3. Beitrag des Rates &#8211; Schwester Magdalena"},"content":{"rendered":"<p>Heute richtet Franziskus unseren Blick auf den Gehorsam des Gr\u00f6\u00dferen, der als Geringerer, als Knecht ein Diener aller sein soll. Gehorsam beginnt mit der Liebe zur eigenen Seele. Sie h\u00e4lt Gott in uns gegenw\u00e4rtig. Unsere tiefsten Antriebe zur Liebe leben in ihr, und in ihr erw\u00e4gen wir Gottes Wort und die Impulse seines Geistes. Aus der Seele heraus gestaltet sich unser Leben.<\/p>\n<hr style=\"border-top: 1px dotted #2f3366\" \/>\n","protected":false},"excerpt":{"rendered":"<p>Heute richtet Franziskus unseren Blick auf den Gehorsam des Gr\u00f6\u00dferen, der als Geringerer, als Knecht ein Diener aller sein soll. Gehorsam beginnt mit der Liebe zur eigenen Seele. Sie h\u00e4lt Gott in uns gegenw\u00e4rtig. Unsere tiefsten Antriebe zur Liebe leben in ihr, und in ihr erw\u00e4gen wir Gottes Wort und die Impulse seines Geistes. Aus [&hellip;]<\/p>\n","protected":false},"author":1,"featured_media":0,"comment_status":"closed","ping_status":"closed","template":"","meta":{"__wpdm_changelog":[]},"wpdmcategory":[63],"wpdmtag":[],"class_list":["post-1515","wpdmpro","type-wpdmpro","status-publish","hentry","wpdmcategory-rates-beitrag-2021"],"_links":{"self":[{"href":"https:\/\/www.ifc-tor.org\/en\/wp-json\/wp\/v2\/wpdmpro\/1515","targetHints":{"allow":["GET"]}}],"collection":[{"href":"https:\/\/www.ifc-tor.org\/en\/wp-json\/wp\/v2\/wpdmpro"}],"about":[{"href":"https:\/\/www.ifc-tor.org\/en\/wp-json\/wp\/v2\/types\/wpdmpro"}],"author":[{"embeddable":true,"href":"https:\/\/www.ifc-tor.org\/en\/wp-json\/wp\/v2\/users\/1"}],"replies":[{"embeddable":true,"href":"https:\/\/www.ifc-tor.org\/en\/wp-json\/wp\/v2\/comments?post=1515"}],"wp:attachment":[{"href":"https:\/\/www.ifc-tor.org\/en\/wp-json\/wp\/v2\/media?parent=1515"}],"wp:term":[{"taxonomy":"wpdmcategory","embeddable":true,"href":"https:\/\/www.ifc-tor.org\/en\/wp-json\/wp\/v2\/wpdmcategory?post=1515"},{"taxonomy":"wpdmtag","embeddable":true,"href":"https:\/\/www.ifc-tor.org\/en\/wp-json\/wp\/v2\/wpdmtag?post=1515"}],"curies":[{"name":"wp","href":"https:\/\/api.w.org\/{rel}","templated":true}]}}

<p>Heute richtet Franziskus unseren Blick auf den Gehorsam des Größeren, der als Geringerer, als Knecht ein Diener aller sein soll. Gehorsam beginnt mit der Liebe zur eigenen Seele. Sie hält Gott in uns gegenwärtig. Unsere tiefsten Antriebe zur Liebe leben in ihr, und in ihr erwägen wir Gottes Wort und die Impulse seines Geistes. Aus der Seele heraus gestaltet sich unser Leben.</p>
<hr style="border-top: 1px dotted #2f3366" />

<p>Heute richtet Franziskus unseren Blick auf den Gehorsam des Größeren, der als Geringerer, als Knecht ein Diener aller sein soll. Gehorsam beginnt mit der Liebe zur eigenen Seele. Sie hält Gott in uns gegenwärtig. Unsere tiefsten Antriebe zur Liebe leben in ihr, und in ihr erwägen wir Gottes Wort und die Impulse seines Geistes. Aus [&hellip;]</p>
