{"id":1528,"date":"2022-01-01T13:00:53","date_gmt":"2022-01-01T13:00:53","guid":{"rendered":"https:\/\/www.ifc-tor.org\/downloads\/2021-council-5th-input-srjoanne\/"},"modified":"2022-01-01T13:00:53","modified_gmt":"2022-01-01T13:00:53","slug":"2021-council-5th-input-srjoanne-6","status":"publish","type":"wpdmpro","link":"https:\/\/www.ifc-tor.org\/en\/wpdm-package\/2021-council-5th-input-srjoanne-6\/","title":{"rendered":"5a contribui\u00e7\u00e3o Conselho &#8211; Irm\u00e3 Joanne"},"content":{"rendered":"<p>\u00c0 primeira vista, esses vers\u00edculos podem parecer um simples convite para todas as criaturas louvar e glorificar a Deus, mas eles s\u00e3o muito mais. O vers\u00edculo que introduz esta se\u00e7\u00e3o \u00e9 a chave para a nossa reflex\u00e3o (Vers\u00edculo 60, Jo\u00e3o 17,24): \u201cEu desejo, Pai, que onde eu estou, eles estejam comigo. &#8230; porque voc\u00ea me amava antes da cria\u00e7\u00e3o do mundo.\u201d<\/p>\n","protected":false},"excerpt":{"rendered":"<p>\u00c0 primeira vista, esses vers\u00edculos podem parecer um simples convite para todas as criaturas louvar e glorificar a Deus, mas eles s\u00e3o muito mais. O vers\u00edculo que introduz esta se\u00e7\u00e3o \u00e9 a chave para a nossa reflex\u00e3o (Vers\u00edculo 60, Jo\u00e3o 17,24): \u201cEu desejo, Pai, que onde eu estou, eles estejam comigo. &#8230; porque voc\u00ea me [&hellip;]<\/p>\n","protected":false},"author":1,"featured_media":0,"comment_status":"closed","ping_status":"closed","template":"","meta":{"__wpdm_changelog":[]},"wpdmcategory":[66],"wpdmtag":[],"class_list":["post-1528","wpdmpro","type-wpdmpro","status-publish","hentry","wpdmcategory-contribuicao-conselho-2021"],"_links":{"self":[{"href":"https:\/\/www.ifc-tor.org\/en\/wp-json\/wp\/v2\/wpdmpro\/1528","targetHints":{"allow":["GET"]}}],"collection":[{"href":"https:\/\/www.ifc-tor.org\/en\/wp-json\/wp\/v2\/wpdmpro"}],"about":[{"href":"https:\/\/www.ifc-tor.org\/en\/wp-json\/wp\/v2\/types\/wpdmpro"}],"author":[{"embeddable":true,"href":"https:\/\/www.ifc-tor.org\/en\/wp-json\/wp\/v2\/users\/1"}],"replies":[{"embeddable":true,"href":"https:\/\/www.ifc-tor.org\/en\/wp-json\/wp\/v2\/comments?post=1528"}],"wp:attachment":[{"href":"https:\/\/www.ifc-tor.org\/en\/wp-json\/wp\/v2\/media?parent=1528"}],"wp:term":[{"taxonomy":"wpdmcategory","embeddable":true,"href":"https:\/\/www.ifc-tor.org\/en\/wp-json\/wp\/v2\/wpdmcategory?post=1528"},{"taxonomy":"wpdmtag","embeddable":true,"href":"https:\/\/www.ifc-tor.org\/en\/wp-json\/wp\/v2\/wpdmtag?post=1528"}],"curies":[{"name":"wp","href":"https:\/\/api.w.org\/{rel}","templated":true}]}}

5a contribuição Conselho &#8211; Irmã Joanne

<p>À primeira vista, esses versículos podem parecer um simples convite para todas as criaturas louvar e glorificar a Deus, mas eles são muito mais. O versículo que introduz esta seção é a chave para a nossa reflexão (Versículo 60, João 17,24): “Eu desejo, Pai, que onde eu estou, eles estejam comigo. &#8230; porque você me amava antes da criação do mundo.”</p>

<p>À primeira vista, esses versículos podem parecer um simples convite para todas as criaturas louvar e glorificar a Deus, mas eles são muito mais. O versículo que introduz esta seção é a chave para a nossa reflexão (Versículo 60, João 17,24): “Eu desejo, Pai, que onde eu estou, eles estejam comigo. &#8230; porque você me [&hellip;]</p>
