{"id":1532,"date":"2022-01-01T14:00:18","date_gmt":"2022-01-01T14:00:18","guid":{"rendered":"https:\/\/www.ifc-tor.org\/downloads\/2021-council-6th-input-srdeborah\/"},"modified":"2022-01-01T14:00:18","modified_gmt":"2022-01-01T14:00:18","slug":"2021-council-6th-input-srdeborah-5","status":"publish","type":"wpdmpro","link":"https:\/\/www.ifc-tor.org\/en\/wpdm-package\/2021-council-6th-input-srdeborah-5\/","title":{"rendered":"6a contribuici\u00f3n consejo &#8211; Hna. Deborah"},"content":{"rendered":"<p>Todos podemos imaginar al joven Francisco arrodillado en el destartalado San Dami\u00e1n, rezando ante el crucifijo, &#8220;ilumina las tinieblas de mi coraz\u00f3n&#8230;&#8221;. Conocemos las luchas por las que pas\u00f3 mientras Dios se le revelaba: Quer\u00eda que fuera un nuevo loco en el mundo. <em>Dios no quiso conducirnos por otro camino que no fuera este conocimiento<\/em>&#8230; <sup>Assisi Compilation, 18<\/sup><\/p>\n","protected":false},"excerpt":{"rendered":"<p>Todos podemos imaginar al joven Francisco arrodillado en el destartalado San Dami\u00e1n, rezando ante el crucifijo, &#8220;ilumina las tinieblas de mi coraz\u00f3n&#8230;&#8221;. Conocemos las luchas por las que pas\u00f3 mientras Dios se le revelaba: Quer\u00eda que fuera un nuevo loco en el mundo. Dios no quiso conducirnos por otro camino que no fuera este conocimiento&#8230; [&hellip;]<\/p>\n","protected":false},"author":1,"featured_media":0,"comment_status":"closed","ping_status":"closed","template":"","meta":{"__wpdm_changelog":[]},"wpdmcategory":[65],"wpdmtag":[],"class_list":["post-1532","wpdmpro","type-wpdmpro","status-publish","hentry","wpdmcategory-consejo-contribucion-2021"],"_links":{"self":[{"href":"https:\/\/www.ifc-tor.org\/en\/wp-json\/wp\/v2\/wpdmpro\/1532","targetHints":{"allow":["GET"]}}],"collection":[{"href":"https:\/\/www.ifc-tor.org\/en\/wp-json\/wp\/v2\/wpdmpro"}],"about":[{"href":"https:\/\/www.ifc-tor.org\/en\/wp-json\/wp\/v2\/types\/wpdmpro"}],"author":[{"embeddable":true,"href":"https:\/\/www.ifc-tor.org\/en\/wp-json\/wp\/v2\/users\/1"}],"replies":[{"embeddable":true,"href":"https:\/\/www.ifc-tor.org\/en\/wp-json\/wp\/v2\/comments?post=1532"}],"wp:attachment":[{"href":"https:\/\/www.ifc-tor.org\/en\/wp-json\/wp\/v2\/media?parent=1532"}],"wp:term":[{"taxonomy":"wpdmcategory","embeddable":true,"href":"https:\/\/www.ifc-tor.org\/en\/wp-json\/wp\/v2\/wpdmcategory?post=1532"},{"taxonomy":"wpdmtag","embeddable":true,"href":"https:\/\/www.ifc-tor.org\/en\/wp-json\/wp\/v2\/wpdmtag?post=1532"}],"curies":[{"name":"wp","href":"https:\/\/api.w.org\/{rel}","templated":true}]}}

6a contribuición consejo &#8211; Hna. Deborah

<p>Todos podemos imaginar al joven Francisco arrodillado en el destartalado San Damián, rezando ante el crucifijo, &#8220;ilumina las tinieblas de mi corazón&#8230;&#8221;. Conocemos las luchas por las que pasó mientras Dios se le revelaba: Quería que fuera un nuevo loco en el mundo. <em>Dios no quiso conducirnos por otro camino que no fuera este conocimiento</em>&#8230; <sup>Assisi Compilation, 18</sup></p>

<p>Todos podemos imaginar al joven Francisco arrodillado en el destartalado San Damián, rezando ante el crucifijo, &#8220;ilumina las tinieblas de mi corazón&#8230;&#8221;. Conocemos las luchas por las que pasó mientras Dios se le revelaba: Quería que fuera un nuevo loco en el mundo. Dios no quiso conducirnos por otro camino que no fuera este conocimiento&#8230; [&hellip;]</p>
