{"id":1896,"date":"2022-03-24T09:00:59","date_gmt":"2022-03-24T09:00:59","guid":{"rendered":"https:\/\/www.ifc-tor.org\/downloads\/ga-2022-prayer-on-theme-sr-deborah-april\/"},"modified":"2022-03-24T09:00:59","modified_gmt":"2022-03-24T09:00:59","slug":"ga-2022-prayer-on-theme-sr-deborah-april-2","status":"publish","type":"wpdmpro","link":"https:\/\/www.ifc-tor.org\/en\/wpdm-package\/ga-2022-prayer-on-theme-sr-deborah-april-2\/","title":{"rendered":"GA 2022 pri\u00e8re sur le th\u00e8me &#8211; Sr. Deborah &#8211; Avril"},"content":{"rendered":"<p>Dieu tr\u00e8s haut, tr\u00e8s lumineux, \u00e9claire les t\u00e9n\u00e8bres de notre coeur. Donne-nous une foi qui nous guide, une esp\u00e9rance qui passe \u00e0 travers tout, une charit\u00e9 qui n\u2019exclut rien ni personne.<\/p>\n","protected":false},"excerpt":{"rendered":"<p>Dieu tr\u00e8s haut, tr\u00e8s lumineux, \u00e9claire les t\u00e9n\u00e8bres de notre coeur. Donne-nous une foi qui nous guide, une esp\u00e9rance qui passe \u00e0 travers tout, une charit\u00e9 qui n\u2019exclut rien ni personne.<\/p>\n","protected":false},"author":1,"featured_media":0,"comment_status":"closed","ping_status":"closed","template":"","meta":{"__wpdm_changelog":[]},"wpdmcategory":[],"wpdmtag":[],"class_list":["post-1896","wpdmpro","type-wpdmpro","status-publish","hentry"],"_links":{"self":[{"href":"https:\/\/www.ifc-tor.org\/en\/wp-json\/wp\/v2\/wpdmpro\/1896","targetHints":{"allow":["GET"]}}],"collection":[{"href":"https:\/\/www.ifc-tor.org\/en\/wp-json\/wp\/v2\/wpdmpro"}],"about":[{"href":"https:\/\/www.ifc-tor.org\/en\/wp-json\/wp\/v2\/types\/wpdmpro"}],"author":[{"embeddable":true,"href":"https:\/\/www.ifc-tor.org\/en\/wp-json\/wp\/v2\/users\/1"}],"replies":[{"embeddable":true,"href":"https:\/\/www.ifc-tor.org\/en\/wp-json\/wp\/v2\/comments?post=1896"}],"wp:attachment":[{"href":"https:\/\/www.ifc-tor.org\/en\/wp-json\/wp\/v2\/media?parent=1896"}],"wp:term":[{"taxonomy":"wpdmcategory","embeddable":true,"href":"https:\/\/www.ifc-tor.org\/en\/wp-json\/wp\/v2\/wpdmcategory?post=1896"},{"taxonomy":"wpdmtag","embeddable":true,"href":"https:\/\/www.ifc-tor.org\/en\/wp-json\/wp\/v2\/wpdmtag?post=1896"}],"curies":[{"name":"wp","href":"https:\/\/api.w.org\/{rel}","templated":true}]}}

GA 2022 prière sur le thème &#8211; Sr. Deborah &#8211; Avril

<p>Dieu très haut, très lumineux, éclaire les ténèbres de notre coeur. Donne-nous une foi qui nous guide, une espérance qui passe à travers tout, une charité qui n’exclut rien ni personne.</p>
