{"id":4303,"date":"2023-12-18T09:00:32","date_gmt":"2023-12-18T09:00:32","guid":{"rendered":"https:\/\/www.ifc-tor.org\/downloads\/christmas-letter-2023\/"},"modified":"2023-12-18T09:00:32","modified_gmt":"2023-12-18T09:00:32","slug":"carta-navidad-2023","status":"publish","type":"wpdmpro","link":"https:\/\/www.ifc-tor.org\/en\/wpdm-package\/carta-navidad-2023\/","title":{"rendered":"Carta de Navidad \u00b7 Hermana Frances Marie Duncan y el Consejo de la CFI-TOR"},"content":{"rendered":"<p>Mientras celebramos esta temporada especial de Adviento que conduce a la celebraci\u00f3n de la Navidad, recordamos c\u00f3mo San Francisco celebr\u00f3 el Nacimiento del Santo Ni\u00f1o en Greccio hace 800 a\u00f1os esta Navidad.<\/p>\n<p>A lo largo de los siglos, honramos Su nacimiento con hermosas escenas y recreaciones navide\u00f1as. El Santo Padre, como se ha anunciado previamente, ha concedido una indulgencia plenaria desde el 8 de diciembre hasta el 2 de febrero a todo aquel que visite una Iglesia de la Familia Franciscana y siga los criterios enumerados en el decreto para obtener la indulgencia.<\/p>\n","protected":false},"excerpt":{"rendered":"<p>Mientras celebramos esta temporada especial de Adviento que conduce a la celebraci\u00f3n de la Navidad, recordamos c\u00f3mo San Francisco celebr\u00f3 el Nacimiento del Santo Ni\u00f1o en Greccio hace 800 a\u00f1os esta Navidad. A lo largo de los siglos, honramos Su nacimiento con hermosas escenas y recreaciones navide\u00f1as. El Santo Padre, como se ha anunciado previamente, [&hellip;]<\/p>\n","protected":false},"author":1,"featured_media":0,"comment_status":"closed","ping_status":"closed","template":"","meta":{"__wpdm_changelog":[]},"wpdmcategory":[],"wpdmtag":[],"class_list":["post-4303","wpdmpro","type-wpdmpro","status-publish","hentry"],"_links":{"self":[{"href":"https:\/\/www.ifc-tor.org\/en\/wp-json\/wp\/v2\/wpdmpro\/4303","targetHints":{"allow":["GET"]}}],"collection":[{"href":"https:\/\/www.ifc-tor.org\/en\/wp-json\/wp\/v2\/wpdmpro"}],"about":[{"href":"https:\/\/www.ifc-tor.org\/en\/wp-json\/wp\/v2\/types\/wpdmpro"}],"author":[{"embeddable":true,"href":"https:\/\/www.ifc-tor.org\/en\/wp-json\/wp\/v2\/users\/1"}],"replies":[{"embeddable":true,"href":"https:\/\/www.ifc-tor.org\/en\/wp-json\/wp\/v2\/comments?post=4303"}],"wp:attachment":[{"href":"https:\/\/www.ifc-tor.org\/en\/wp-json\/wp\/v2\/media?parent=4303"}],"wp:term":[{"taxonomy":"wpdmcategory","embeddable":true,"href":"https:\/\/www.ifc-tor.org\/en\/wp-json\/wp\/v2\/wpdmcategory?post=4303"},{"taxonomy":"wpdmtag","embeddable":true,"href":"https:\/\/www.ifc-tor.org\/en\/wp-json\/wp\/v2\/wpdmtag?post=4303"}],"curies":[{"name":"wp","href":"https:\/\/api.w.org\/{rel}","templated":true}]}}

<p>Mientras celebramos esta temporada especial de Adviento que conduce a la celebración de la Navidad, recordamos cómo San Francisco celebró el Nacimiento del Santo Niño en Greccio hace 800 años esta Navidad.</p>
<p>A lo largo de los siglos, honramos Su nacimiento con hermosas escenas y recreaciones navideñas. El Santo Padre, como se ha anunciado previamente, ha concedido una indulgencia plenaria desde el 8 de diciembre hasta el 2 de febrero a todo aquel que visite una Iglesia de la Familia Franciscana y siga los criterios enumerados en el decreto para obtener la indulgencia.</p>

<p>Mientras celebramos esta temporada especial de Adviento que conduce a la celebración de la Navidad, recordamos cómo San Francisco celebró el Nacimiento del Santo Niño en Greccio hace 800 años esta Navidad. A lo largo de los siglos, honramos Su nacimiento con hermosas escenas y recreaciones navideñas. El Santo Padre, como se ha anunciado previamente, [&hellip;]</p>
