{"id":1523,"date":"2022-01-01T12:00:13","date_gmt":"2022-01-01T12:00:13","guid":{"rendered":"https:\/\/www.ifc-tor.org\/downloads\/2021-council-4th-input-srdolores\/"},"modified":"2022-01-01T12:00:13","modified_gmt":"2022-01-01T12:00:13","slug":"2021-council-4th-input-srdolores-6","status":"publish","type":"wpdmpro","link":"https:\/\/www.ifc-tor.org\/es\/wpdm-package\/2021-council-4th-input-srdolores-6\/","title":{"rendered":"4a contribui\u00e7\u00e3o Conselho &#8211; Irm\u00e3 Dolores"},"content":{"rendered":"<p>Francisco \u00e9 movido pela urg\u00eancia evang\u00e9lica de proclamar as palavras do Verbo do Pai e as palavras do Esp\u00edrito Santo \u00abque s\u00e3o esp\u00edrito e vida\u00bb. N\u00e3o uma espiritualidade desencarnada, mas um Esp\u00edrito que \u00e9 vida que se faz carne e d\u00e1 vida verdadeira, vida em plenitude.<\/p>\n<hr style=\"border-top: 1px dotted #2f3366\">\n","protected":false},"excerpt":{"rendered":"<p>Francisco \u00e9 movido pela urg\u00eancia evang\u00e9lica de proclamar as palavras do Verbo do Pai e as palavras do Esp\u00edrito Santo \u00abque s\u00e3o esp\u00edrito e vida\u00bb. N\u00e3o uma espiritualidade desencarnada, mas um Esp\u00edrito que \u00e9 vida que se faz carne e d\u00e1 vida verdadeira, vida em plenitude.<\/p>\n","protected":false},"author":1,"featured_media":0,"comment_status":"closed","ping_status":"closed","template":"","meta":{"__wpdm_changelog":[]},"wpdmcategory":[66],"wpdmtag":[],"class_list":["post-1523","wpdmpro","type-wpdmpro","status-publish","hentry","wpdmcategory-contribuicao-conselho-2021"],"_links":{"self":[{"href":"https:\/\/www.ifc-tor.org\/es\/wp-json\/wp\/v2\/wpdmpro\/1523","targetHints":{"allow":["GET"]}}],"collection":[{"href":"https:\/\/www.ifc-tor.org\/es\/wp-json\/wp\/v2\/wpdmpro"}],"about":[{"href":"https:\/\/www.ifc-tor.org\/es\/wp-json\/wp\/v2\/types\/wpdmpro"}],"author":[{"embeddable":true,"href":"https:\/\/www.ifc-tor.org\/es\/wp-json\/wp\/v2\/users\/1"}],"replies":[{"embeddable":true,"href":"https:\/\/www.ifc-tor.org\/es\/wp-json\/wp\/v2\/comments?post=1523"}],"wp:attachment":[{"href":"https:\/\/www.ifc-tor.org\/es\/wp-json\/wp\/v2\/media?parent=1523"}],"wp:term":[{"taxonomy":"wpdmcategory","embeddable":true,"href":"https:\/\/www.ifc-tor.org\/es\/wp-json\/wp\/v2\/wpdmcategory?post=1523"},{"taxonomy":"wpdmtag","embeddable":true,"href":"https:\/\/www.ifc-tor.org\/es\/wp-json\/wp\/v2\/wpdmtag?post=1523"}],"curies":[{"name":"wp","href":"https:\/\/api.w.org\/{rel}","templated":true}]}}

4a contribuição Conselho &#8211; Irmã Dolores

<p>Francisco é movido pela urgência evangélica de proclamar as palavras do Verbo do Pai e as palavras do Espírito Santo «que são espírito e vida». Não uma espiritualidade desencarnada, mas um Espírito que é vida que se faz carne e dá vida verdadeira, vida em plenitude.</p>
<hr style="border-top: 1px dotted #2f3366">

<p>Francisco é movido pela urgência evangélica de proclamar as palavras do Verbo do Pai e as palavras do Espírito Santo «que são espírito e vida». Não uma espiritualidade desencarnada, mas um Espírito que é vida que se faz carne e dá vida verdadeira, vida em plenitude.</p>
