{"id":2502,"date":"2022-05-31T09:00:56","date_gmt":"2022-05-31T09:00:56","guid":{"rendered":"https:\/\/www.ifc-tor.org\/downloads\/letter-president-may-25-2022\/"},"modified":"2022-05-31T09:00:56","modified_gmt":"2022-05-31T09:00:56","slug":"carta-presidente-25-mayo-2022","status":"publish","type":"wpdmpro","link":"https:\/\/www.ifc-tor.org\/es\/wpdm-package\/carta-presidente-25-mayo-2022\/","title":{"rendered":"Carta Presidenta electa \u00b7 mayo 2022"},"content":{"rendered":"<p>La nueva presidente y el consejo celebrar\u00e1n una reuni\u00f3n en las pr\u00f3ximas semanas para discutir planes de c\u00f3mo poner en pr\u00e1ctica la Visi\u00f3n y las Acciones Concretas para el futuro de la CFI-TOR (2022-2026), que surgieron de las discusiones a lo largo de la semana. En esta reuni\u00f3n tambi\u00e9n elegiremos a la vicepresidente del consejo. Despu\u00e9s de que el consejo se re\u00fana, compartiremos con ustedes nuestros planes y su participaci\u00f3n en ellos durante los pr\u00f3ximos 4 a\u00f1os.<\/p>\n","protected":false},"excerpt":{"rendered":"<p>La nueva presidente y el consejo celebrar\u00e1n una reuni\u00f3n en las pr\u00f3ximas semanas para discutir planes de c\u00f3mo poner en pr\u00e1ctica la Visi\u00f3n y las Acciones Concretas para el futuro de la CFI-TOR (2022-2026), que surgieron de las discusiones a lo largo de la semana. En esta reuni\u00f3n tambi\u00e9n elegiremos a la vicepresidente del consejo. [&hellip;]<\/p>\n","protected":false},"author":1,"featured_media":0,"comment_status":"closed","ping_status":"closed","template":"","meta":{"__wpdm_changelog":[]},"wpdmcategory":[],"wpdmtag":[],"class_list":["post-2502","wpdmpro","type-wpdmpro","status-publish","hentry"],"_links":{"self":[{"href":"https:\/\/www.ifc-tor.org\/es\/wp-json\/wp\/v2\/wpdmpro\/2502","targetHints":{"allow":["GET"]}}],"collection":[{"href":"https:\/\/www.ifc-tor.org\/es\/wp-json\/wp\/v2\/wpdmpro"}],"about":[{"href":"https:\/\/www.ifc-tor.org\/es\/wp-json\/wp\/v2\/types\/wpdmpro"}],"author":[{"embeddable":true,"href":"https:\/\/www.ifc-tor.org\/es\/wp-json\/wp\/v2\/users\/1"}],"replies":[{"embeddable":true,"href":"https:\/\/www.ifc-tor.org\/es\/wp-json\/wp\/v2\/comments?post=2502"}],"wp:attachment":[{"href":"https:\/\/www.ifc-tor.org\/es\/wp-json\/wp\/v2\/media?parent=2502"}],"wp:term":[{"taxonomy":"wpdmcategory","embeddable":true,"href":"https:\/\/www.ifc-tor.org\/es\/wp-json\/wp\/v2\/wpdmcategory?post=2502"},{"taxonomy":"wpdmtag","embeddable":true,"href":"https:\/\/www.ifc-tor.org\/es\/wp-json\/wp\/v2\/wpdmtag?post=2502"}],"curies":[{"name":"wp","href":"https:\/\/api.w.org\/{rel}","templated":true}]}}

<p>La nueva presidente y el consejo celebrarán una reunión en las próximas semanas para discutir planes de cómo poner en práctica la Visión y las Acciones Concretas para el futuro de la CFI-TOR (2022-2026), que surgieron de las discusiones a lo largo de la semana. En esta reunión también elegiremos a la vicepresidente del consejo. Después de que el consejo se reúna, compartiremos con ustedes nuestros planes y su participación en ellos durante los próximos 4 años.</p>

<p>La nueva presidente y el consejo celebrarán una reunión en las próximas semanas para discutir planes de cómo poner en práctica la Visión y las Acciones Concretas para el futuro de la CFI-TOR (2022-2026), que surgieron de las discusiones a lo largo de la semana. En esta reunión también elegiremos a la vicepresidente del consejo. [&hellip;]</p>
