{"id":3710,"date":"2022-12-01T09:00:29","date_gmt":"2022-12-01T09:00:29","guid":{"rendered":"https:\/\/www.ifc-tor.org\/downloads\/letter-propositum-2023-theme\/"},"modified":"2022-12-01T09:00:29","modified_gmt":"2022-12-01T09:00:29","slug":"lettre-propositum-2023-theme","status":"publish","type":"wpdmpro","link":"https:\/\/www.ifc-tor.org\/es\/wpdm-package\/lettre-propositum-2023-theme\/","title":{"rendered":"Lettre sur Propositum 2023 \u00b7 Th\u00e8me sugg\u00e9r\u00e9 : \u00ab Comment vivre la R\u00e8gle de saint Fran\u00e7ois aujourd&#8217;hui ram\u00e8ne le Christ \u00e0 la vie dans le monde \u00bb"},"content":{"rendered":"<p>Lors de notre derni\u00e8re r\u00e9union du Conseil, nous avons parl\u00e9 du th\u00e8me pour le prochain num\u00e9ro de Propositum, qui sera publi\u00e9 en ligne fin mars\/d\u00e9but avril. En associant les c\u00e9l\u00e9brations du 8\u00e8me Centenaire de la R\u00e8gle de saint Fran\u00e7ois et la premi\u00e8re repr\u00e9sentation de la Nativit\u00e9 \u00e0 Greccio, Propositum aura pour th\u00e8me : \u00ab Comment vivre la R\u00e8gle de saint Fran\u00e7ois aujourd&#8217;hui ram\u00e8ne le Christ \u00e0 la vie dans le monde \u00bb. <strong>Veuillez envoyer vos articles \/ reflet d\u2019exp\u00e9riences personnelles avant le 31 janvier 2023.<\/strong><\/p>\n","protected":false},"excerpt":{"rendered":"<p>Lors de notre derni\u00e8re r\u00e9union du Conseil, nous avons parl\u00e9 du th\u00e8me pour le prochain num\u00e9ro de Propositum, qui sera publi\u00e9 en ligne fin mars\/d\u00e9but avril. En associant les c\u00e9l\u00e9brations du 8\u00e8me Centenaire de la R\u00e8gle de saint Fran\u00e7ois et la premi\u00e8re repr\u00e9sentation de la Nativit\u00e9 \u00e0 Greccio, Propositum aura pour th\u00e8me : \u00ab Comment [&hellip;]<\/p>\n","protected":false},"author":1,"featured_media":0,"comment_status":"closed","ping_status":"closed","template":"","meta":{"__wpdm_changelog":[]},"wpdmcategory":[],"wpdmtag":[],"class_list":["post-3710","wpdmpro","type-wpdmpro","status-publish","hentry"],"_links":{"self":[{"href":"https:\/\/www.ifc-tor.org\/es\/wp-json\/wp\/v2\/wpdmpro\/3710","targetHints":{"allow":["GET"]}}],"collection":[{"href":"https:\/\/www.ifc-tor.org\/es\/wp-json\/wp\/v2\/wpdmpro"}],"about":[{"href":"https:\/\/www.ifc-tor.org\/es\/wp-json\/wp\/v2\/types\/wpdmpro"}],"author":[{"embeddable":true,"href":"https:\/\/www.ifc-tor.org\/es\/wp-json\/wp\/v2\/users\/1"}],"replies":[{"embeddable":true,"href":"https:\/\/www.ifc-tor.org\/es\/wp-json\/wp\/v2\/comments?post=3710"}],"wp:attachment":[{"href":"https:\/\/www.ifc-tor.org\/es\/wp-json\/wp\/v2\/media?parent=3710"}],"wp:term":[{"taxonomy":"wpdmcategory","embeddable":true,"href":"https:\/\/www.ifc-tor.org\/es\/wp-json\/wp\/v2\/wpdmcategory?post=3710"},{"taxonomy":"wpdmtag","embeddable":true,"href":"https:\/\/www.ifc-tor.org\/es\/wp-json\/wp\/v2\/wpdmtag?post=3710"}],"curies":[{"name":"wp","href":"https:\/\/api.w.org\/{rel}","templated":true}]}}

Lettre sur Propositum 2023 · Thème suggéré : « Comment vivre la Règle de saint François aujourd&#8217;hui ramène le Christ à la vie dans le monde »

<p>Lors de notre dernière réunion du Conseil, nous avons parlé du thème pour le prochain numéro de Propositum, qui sera publié en ligne fin mars/début avril. En associant les célébrations du 8ème Centenaire de la Règle de saint François et la première représentation de la Nativité à Greccio, Propositum aura pour thème : « Comment vivre la Règle de saint François aujourd&#8217;hui ramène le Christ à la vie dans le monde ». <strong>Veuillez envoyer vos articles / reflet d’expériences personnelles avant le 31 janvier 2023.</strong></p>

<p>Lors de notre dernière réunion du Conseil, nous avons parlé du thème pour le prochain numéro de Propositum, qui sera publié en ligne fin mars/début avril. En associant les célébrations du 8ème Centenaire de la Règle de saint François et la première représentation de la Nativité à Greccio, Propositum aura pour thème : « Comment [&hellip;]</p>
