{"id":4020,"date":"2023-07-03T09:00:09","date_gmt":"2023-07-03T09:00:09","guid":{"rendered":"https:\/\/www.ifc-tor.org\/downloads\/survey-of-membership-ifc-tor-2023\/"},"modified":"2023-07-03T09:00:09","modified_gmt":"2023-07-03T09:00:09","slug":"pesquisa-congregacoes-membros-cfi-tor-2023","status":"publish","type":"wpdmpro","link":"https:\/\/www.ifc-tor.org\/es\/wpdm-package\/pesquisa-congregacoes-membros-cfi-tor-2023\/","title":{"rendered":"Pesquisa Congrega\u00e7\u00f5es Membros da CFI-TOR"},"content":{"rendered":"<p>Atualmente a lista das Congrega\u00e7\u00f5es registradas na CFI -TOR inclui 224 Congrega\u00e7\u00f5es (Masculinas e Femininas). Nos \u00faltimos 5 anos o n\u00famero das Congrega\u00e7\u00f5es que pagaram a cota anual e que estiveram presentes nas assembleias gerais ou tiveram alguma comunica\u00e7\u00e3o com a CFI-TOR foi de 144 aproximadamente. Visto que as outras Congrega\u00e7\u00f5es n\u00e3o enviaram nenhuma comunica\u00e7\u00e3o, \u00e9 imposs\u00edvel saber: 1) se ainda existem; 2) quem forma o atual grupo diretivo; 3) se desejam continuar a ser inscritas na CFI-TOR.<\/p>\n<p><strong>A pesquisa deve ser enviada por e-mail ou pelo correio normal para a CFI-TOR. Por favor, envie a resposta at\u00e9 e n\u00e3o mais tarde do dia 30 de agosto de 2023.<\/strong><\/p>\n","protected":false},"excerpt":{"rendered":"<p>Atualmente a lista das Congrega\u00e7\u00f5es registradas na CFI -TOR inclui 224 Congrega\u00e7\u00f5es (Masculinas e Femininas). Nos \u00faltimos 5 anos o n\u00famero das Congrega\u00e7\u00f5es que pagaram a cota anual e que estiveram presentes nas assembleias gerais ou tiveram alguma comunica\u00e7\u00e3o com a CFI-TOR foi de 144 aproximadamente. Visto que as outras Congrega\u00e7\u00f5es n\u00e3o enviaram nenhuma comunica\u00e7\u00e3o, [&hellip;]<\/p>\n","protected":false},"author":1,"featured_media":0,"comment_status":"closed","ping_status":"closed","template":"","meta":{"__wpdm_changelog":[]},"wpdmcategory":[],"wpdmtag":[],"class_list":["post-4020","wpdmpro","type-wpdmpro","status-publish","hentry"],"_links":{"self":[{"href":"https:\/\/www.ifc-tor.org\/es\/wp-json\/wp\/v2\/wpdmpro\/4020","targetHints":{"allow":["GET"]}}],"collection":[{"href":"https:\/\/www.ifc-tor.org\/es\/wp-json\/wp\/v2\/wpdmpro"}],"about":[{"href":"https:\/\/www.ifc-tor.org\/es\/wp-json\/wp\/v2\/types\/wpdmpro"}],"author":[{"embeddable":true,"href":"https:\/\/www.ifc-tor.org\/es\/wp-json\/wp\/v2\/users\/1"}],"replies":[{"embeddable":true,"href":"https:\/\/www.ifc-tor.org\/es\/wp-json\/wp\/v2\/comments?post=4020"}],"wp:attachment":[{"href":"https:\/\/www.ifc-tor.org\/es\/wp-json\/wp\/v2\/media?parent=4020"}],"wp:term":[{"taxonomy":"wpdmcategory","embeddable":true,"href":"https:\/\/www.ifc-tor.org\/es\/wp-json\/wp\/v2\/wpdmcategory?post=4020"},{"taxonomy":"wpdmtag","embeddable":true,"href":"https:\/\/www.ifc-tor.org\/es\/wp-json\/wp\/v2\/wpdmtag?post=4020"}],"curies":[{"name":"wp","href":"https:\/\/api.w.org\/{rel}","templated":true}]}}

Pesquisa Congregações Membros da CFI-TOR

<p>Atualmente a lista das Congregações registradas na CFI -TOR inclui 224 Congregações (Masculinas e Femininas). Nos últimos 5 anos o número das Congregações que pagaram a cota anual e que estiveram presentes nas assembleias gerais ou tiveram alguma comunicação com a CFI-TOR foi de 144 aproximadamente. Visto que as outras Congregações não enviaram nenhuma comunicação, é impossível saber: 1) se ainda existem; 2) quem forma o atual grupo diretivo; 3) se desejam continuar a ser inscritas na CFI-TOR.</p>
<p><strong>A pesquisa deve ser enviada por e-mail ou pelo correio normal para a CFI-TOR. Por favor, envie a resposta até e não mais tarde do dia 30 de agosto de 2023.</strong></p>

<p>Atualmente a lista das Congregações registradas na CFI -TOR inclui 224 Congregações (Masculinas e Femininas). Nos últimos 5 anos o número das Congregações que pagaram a cota anual e que estiveram presentes nas assembleias gerais ou tiveram alguma comunicação com a CFI-TOR foi de 144 aproximadamente. Visto que as outras Congregações não enviaram nenhuma comunicação, [&hellip;]</p>
