{"id":4101,"date":"2022-10-07T09:00:13","date_gmt":"2022-10-07T09:00:13","guid":{"rendered":"https:\/\/www.ifc-tor.org\/downloads\/cff-message-peace-fasting-2022\/"},"modified":"2022-10-07T09:00:13","modified_gmt":"2022-10-07T09:00:13","slug":"cff-mensaje-paz-ayuno-2022","status":"publish","type":"wpdmpro","link":"https:\/\/www.ifc-tor.org\/es\/wpdm-package\/cff-mensaje-paz-ayuno-2022\/","title":{"rendered":"Conferencia de la Familia Franciscana &#8211; Mensaje de paz y ayuno para la jornada del 11 de Octubre de 2022"},"content":{"rendered":"<p>Estando reunidos en la ciudad de san Francisco con motivo de su fiesta, deseamos hacerles un sentido llamamiento para que contin\u00faen siendo sensibles al tema de la paz en este momento tan dif\u00edcil para la humanidad. Deseamos expresar toda la preocupaci\u00f3n que sentimos por la paz [&#8230;] \u00abCon la paz, nada est\u00e1 perdido. Todo puede perderse con la guerra\u00bb<\/p>\n<p><em>* Esta carta se publica en el sitio en los siguientes idiomas: INGL\u00c9S, ITALIANO y ESPA\u00d1OL<\/em><\/p>\n<p>La Festa di San Francesco raduna ad Assisi tanti fratelli e sorelle della Famiglia Francescana. Vengono ad Assisi anche i Ministri generali che di solito colgono questa occasione per organizzare le sessioni di lavoro della<em> Conferenza dei Ministri generali del Primo Ordine Francescano e del TOR<\/em>, ed anche della <em>Conferenza della Famiglia Francescana<\/em>. Il raduno della Conferenza della Famiglia Francescana si \u00e8 svolto nella mattinata del 03 ottobre 2022, presso la <em>Domus Laetitiae<\/em>. I Ministri hanno incontrato i membri della International Board of Directors della Franciscans International, hanno incontrato i membri del Comitato che si occupa della preparazione del Centenario francescano e hanno discusso il tema delle iniziative comuni per la GMG che si svolger\u00e0 a Lisbona prossimo anno.<br \/>\nAlla fine dell&#8217;incontro si \u00e8 parlato della pace nel mondo, e i Ministri generali hanno proposto a tutti i membri della Famiglia francescana la preghiera e il digiuno come iniziativa comune (vedi la lettera in allegato).<\/p>\n","protected":false},"excerpt":{"rendered":"<p>Estando reunidos en la ciudad de san Francisco con motivo de su fiesta, deseamos hacerles un sentido llamamiento para que contin\u00faen siendo sensibles al tema de la paz en este momento tan dif\u00edcil para la humanidad. Deseamos expresar toda la preocupaci\u00f3n que sentimos por la paz [&#8230;] \u00abCon la paz, nada est\u00e1 perdido. Todo puede [&hellip;]<\/p>\n","protected":false},"author":1,"featured_media":0,"comment_status":"closed","ping_status":"closed","template":"","meta":{"__wpdm_changelog":[]},"wpdmcategory":[],"wpdmtag":[],"class_list":["post-4101","wpdmpro","type-wpdmpro","status-publish","hentry"],"_links":{"self":[{"href":"https:\/\/www.ifc-tor.org\/es\/wp-json\/wp\/v2\/wpdmpro\/4101","targetHints":{"allow":["GET"]}}],"collection":[{"href":"https:\/\/www.ifc-tor.org\/es\/wp-json\/wp\/v2\/wpdmpro"}],"about":[{"href":"https:\/\/www.ifc-tor.org\/es\/wp-json\/wp\/v2\/types\/wpdmpro"}],"author":[{"embeddable":true,"href":"https:\/\/www.ifc-tor.org\/es\/wp-json\/wp\/v2\/users\/1"}],"replies":[{"embeddable":true,"href":"https:\/\/www.ifc-tor.org\/es\/wp-json\/wp\/v2\/comments?post=4101"}],"wp:attachment":[{"href":"https:\/\/www.ifc-tor.org\/es\/wp-json\/wp\/v2\/media?parent=4101"}],"wp:term":[{"taxonomy":"wpdmcategory","embeddable":true,"href":"https:\/\/www.ifc-tor.org\/es\/wp-json\/wp\/v2\/wpdmcategory?post=4101"},{"taxonomy":"wpdmtag","embeddable":true,"href":"https:\/\/www.ifc-tor.org\/es\/wp-json\/wp\/v2\/wpdmtag?post=4101"}],"curies":[{"name":"wp","href":"https:\/\/api.w.org\/{rel}","templated":true}]}}

<p>Estando reunidos en la ciudad de san Francisco con motivo de su fiesta, deseamos hacerles un sentido llamamiento para que continúen siendo sensibles al tema de la paz en este momento tan difícil para la humanidad. Deseamos expresar toda la preocupación que sentimos por la paz [&#8230;] «Con la paz, nada está perdido. Todo puede perderse con la guerra»</p>
<p><em>* Esta carta se publica en el sitio en los siguientes idiomas: INGLÉS, ITALIANO y ESPAÑOL</em></p>
<p>La Festa di San Francesco raduna ad Assisi tanti fratelli e sorelle della Famiglia Francescana. Vengono ad Assisi anche i Ministri generali che di solito colgono questa occasione per organizzare le sessioni di lavoro della<em> Conferenza dei Ministri generali del Primo Ordine Francescano e del TOR</em>, ed anche della <em>Conferenza della Famiglia Francescana</em>. Il raduno della Conferenza della Famiglia Francescana si è svolto nella mattinata del 03 ottobre 2022, presso la <em>Domus Laetitiae</em>. I Ministri hanno incontrato i membri della International Board of Directors della Franciscans International, hanno incontrato i membri del Comitato che si occupa della preparazione del Centenario francescano e hanno discusso il tema delle iniziative comuni per la GMG che si svolgerà a Lisbona prossimo anno.<br />
Alla fine dell&#8217;incontro si è parlato della pace nel mondo, e i Ministri generali hanno proposto a tutti i membri della Famiglia francescana la preghiera e il digiuno come iniziativa comune (vedi la lettera in allegato).</p>

<p>Estando reunidos en la ciudad de san Francisco con motivo de su fiesta, deseamos hacerles un sentido llamamiento para que continúen siendo sensibles al tema de la paz en este momento tan difícil para la humanidad. Deseamos expresar toda la preocupación que sentimos por la paz [&#8230;] «Con la paz, nada está perdido. Todo puede [&hellip;]</p>
