{"id":4140,"date":"2022-12-19T09:00:58","date_gmt":"2022-12-19T09:00:58","guid":{"rendered":"https:\/\/www.ifc-tor.org\/downloads\/christmas-letter-2022\/"},"modified":"2022-12-19T09:00:58","modified_gmt":"2022-12-19T09:00:58","slug":"carta-natal-2022","status":"publish","type":"wpdmpro","link":"https:\/\/www.ifc-tor.org\/es\/wpdm-package\/carta-natal-2022\/","title":{"rendered":"Carta de Natal de Irm\u00e3  Frances Marie Duncan e do Conselho da CFI-TOR"},"content":{"rendered":"<p>Nesta Festa da Imaculada Concei\u00e7\u00e3o e no 40\u00ba anivers\u00e1rio da ratifica\u00e7\u00e3o da Regra e Vida dos Irm\u00e3os e Irm\u00e3s da Terceira Ordem Regular de S\u00e3o Francisco pelo Papa S\u00e3o Jo\u00e3o Paulo II, desejo a voc\u00eas a paz e a alegria desta temporada sagrada.<\/p>\n","protected":false},"excerpt":{"rendered":"<p>Nesta Festa da Imaculada Concei\u00e7\u00e3o e no 40\u00ba anivers\u00e1rio da ratifica\u00e7\u00e3o da Regra e Vida dos Irm\u00e3os e Irm\u00e3s da Terceira Ordem Regular de S\u00e3o Francisco pelo Papa S\u00e3o Jo\u00e3o Paulo II, desejo a voc\u00eas a paz e a alegria desta temporada sagrada.<\/p>\n","protected":false},"author":1,"featured_media":0,"comment_status":"closed","ping_status":"closed","template":"","meta":{"__wpdm_changelog":[]},"wpdmcategory":[],"wpdmtag":[],"class_list":["post-4140","wpdmpro","type-wpdmpro","status-publish","hentry"],"_links":{"self":[{"href":"https:\/\/www.ifc-tor.org\/es\/wp-json\/wp\/v2\/wpdmpro\/4140","targetHints":{"allow":["GET"]}}],"collection":[{"href":"https:\/\/www.ifc-tor.org\/es\/wp-json\/wp\/v2\/wpdmpro"}],"about":[{"href":"https:\/\/www.ifc-tor.org\/es\/wp-json\/wp\/v2\/types\/wpdmpro"}],"author":[{"embeddable":true,"href":"https:\/\/www.ifc-tor.org\/es\/wp-json\/wp\/v2\/users\/1"}],"replies":[{"embeddable":true,"href":"https:\/\/www.ifc-tor.org\/es\/wp-json\/wp\/v2\/comments?post=4140"}],"wp:attachment":[{"href":"https:\/\/www.ifc-tor.org\/es\/wp-json\/wp\/v2\/media?parent=4140"}],"wp:term":[{"taxonomy":"wpdmcategory","embeddable":true,"href":"https:\/\/www.ifc-tor.org\/es\/wp-json\/wp\/v2\/wpdmcategory?post=4140"},{"taxonomy":"wpdmtag","embeddable":true,"href":"https:\/\/www.ifc-tor.org\/es\/wp-json\/wp\/v2\/wpdmtag?post=4140"}],"curies":[{"name":"wp","href":"https:\/\/api.w.org\/{rel}","templated":true}]}}

Carta de Natal de Irmã  Frances Marie Duncan e do Conselho da CFI-TOR

<p>Nesta Festa da Imaculada Conceição e no 40º aniversário da ratificação da Regra e Vida dos Irmãos e Irmãs da Terceira Ordem Regular de São Francisco pelo Papa São João Paulo II, desejo a vocês a paz e a alegria desta temporada sagrada.</p>
