{"id":4162,"date":"2023-03-28T09:00:32","date_gmt":"2023-03-28T09:00:32","guid":{"rendered":"https:\/\/www.ifc-tor.org\/downloads\/letter-directory-members\/"},"modified":"2023-03-28T09:00:32","modified_gmt":"2023-03-28T09:00:32","slug":"letter-directory-members-6","status":"publish","type":"wpdmpro","link":"https:\/\/www.ifc-tor.org\/es\/wpdm-package\/letter-directory-members-6\/","title":{"rendered":"Carta sobre Diret\u00f3rio de Membros"},"content":{"rendered":"<p>Voc\u00eas encontrar\u00e3o a lista atualizada das congrega\u00e7\u00f5es registradas do CFI-TOR. Para al\u00e9m da vers\u00e3o em pdf desta lista, existe tamb\u00e9m uma vers\u00e3o online na se\u00e7\u00e3o reservada aos membros (\u00c1REA RESERVADA). Nesta se\u00e7\u00e3o a lista \u00e9 atualizada periodicamente, por ocasi\u00e3o de novas elei\u00e7\u00f5es ou mudan\u00e7as de endere\u00e7os, contanto que tais mudan\u00e7as nos sejam comunicadas. Que o Senhor encha de ben\u00e7\u00e3os vosso minist\u00e9rio de servi\u00e7o, e que voc\u00eas possam experimentar uma paz profunda e duradoura neste restante per\u00edodo quaresmal, rumo a uma P\u00e1scoa de alegria.<\/p>\n","protected":false},"excerpt":{"rendered":"<p>Voc\u00eas encontrar\u00e3o a lista atualizada das congrega\u00e7\u00f5es registradas do CFI-TOR. Para al\u00e9m da vers\u00e3o em pdf desta lista, existe tamb\u00e9m uma vers\u00e3o online na se\u00e7\u00e3o reservada aos membros (\u00c1REA RESERVADA). Nesta se\u00e7\u00e3o a lista \u00e9 atualizada periodicamente, por ocasi\u00e3o de novas elei\u00e7\u00f5es ou mudan\u00e7as de endere\u00e7os, contanto que tais mudan\u00e7as nos sejam comunicadas. Que o [&hellip;]<\/p>\n","protected":false},"author":1,"featured_media":0,"comment_status":"closed","ping_status":"closed","template":"","meta":{"__wpdm_changelog":[]},"wpdmcategory":[],"wpdmtag":[],"class_list":["post-4162","wpdmpro","type-wpdmpro","status-publish","hentry"],"_links":{"self":[{"href":"https:\/\/www.ifc-tor.org\/es\/wp-json\/wp\/v2\/wpdmpro\/4162","targetHints":{"allow":["GET"]}}],"collection":[{"href":"https:\/\/www.ifc-tor.org\/es\/wp-json\/wp\/v2\/wpdmpro"}],"about":[{"href":"https:\/\/www.ifc-tor.org\/es\/wp-json\/wp\/v2\/types\/wpdmpro"}],"author":[{"embeddable":true,"href":"https:\/\/www.ifc-tor.org\/es\/wp-json\/wp\/v2\/users\/1"}],"replies":[{"embeddable":true,"href":"https:\/\/www.ifc-tor.org\/es\/wp-json\/wp\/v2\/comments?post=4162"}],"wp:attachment":[{"href":"https:\/\/www.ifc-tor.org\/es\/wp-json\/wp\/v2\/media?parent=4162"}],"wp:term":[{"taxonomy":"wpdmcategory","embeddable":true,"href":"https:\/\/www.ifc-tor.org\/es\/wp-json\/wp\/v2\/wpdmcategory?post=4162"},{"taxonomy":"wpdmtag","embeddable":true,"href":"https:\/\/www.ifc-tor.org\/es\/wp-json\/wp\/v2\/wpdmtag?post=4162"}],"curies":[{"name":"wp","href":"https:\/\/api.w.org\/{rel}","templated":true}]}}

Carta sobre Diretório de Membros

<p>Vocês encontrarão a lista atualizada das congregações registradas do CFI-TOR. Para além da versão em pdf desta lista, existe também uma versão online na seção reservada aos membros (ÁREA RESERVADA). Nesta seção a lista é atualizada periodicamente, por ocasião de novas eleições ou mudanças de endereços, contanto que tais mudanças nos sejam comunicadas. Que o Senhor encha de bençãos vosso ministério de serviço, e que vocês possam experimentar uma paz profunda e duradoura neste restante período quaresmal, rumo a uma Páscoa de alegria.</p>

<p>Vocês encontrarão a lista atualizada das congregações registradas do CFI-TOR. Para além da versão em pdf desta lista, existe também uma versão online na seção reservada aos membros (ÁREA RESERVADA). Nesta seção a lista é atualizada periodicamente, por ocasião de novas eleições ou mudanças de endereços, contanto que tais mudanças nos sejam comunicadas. Que o [&hellip;]</p>
