{"id":4189,"date":"2023-10-01T09:00:28","date_gmt":"2023-10-01T09:00:28","guid":{"rendered":"https:\/\/www.ifc-tor.org\/downloads\/feast-of-st-francis-october-4-2023\/"},"modified":"2023-10-01T09:00:28","modified_gmt":"2023-10-01T09:00:28","slug":"feast-of-st-francis-october-4-2023-6","status":"publish","type":"wpdmpro","link":"https:\/\/www.ifc-tor.org\/es\/wpdm-package\/feast-of-st-francis-october-4-2023-6\/","title":{"rendered":"Festa de S\u00e3o Francisco \u2014 4 de outubro de 2023"},"content":{"rendered":"<blockquote>\n<p style=\"text-align: justify;line-height: 1.4em!important\"><span style=\"color: #2f3366;font-weight: normal\">Queridas Irm\u00e3s e Irm\u00e3os, Paz e todo o bem!<br \/>\n\u00c0 medida que se aproxima a Festa de S\u00e3o Francisco, neste ano em que lembramos o 800\u00ba centen\u00e1rio da Regra da Primeira Ordem e a primeira celebra\u00e7\u00e3o do Natal em Greccio, meu desejo \u00e9 que tenham uma santa prepara\u00e7\u00e3o para a Festa e uma celebra\u00e7\u00e3o mais alegre.<\/span><\/p>\n<p style=\"text-align: justify;line-height: 1.4em!important\"><span style=\"color: #2f3366;font-weight: normal\">Tamb\u00e9m neste momento em que a Igreja se prepara para o importante encontro do S\u00ednodo em Roma, pe\u00e7o-lhes que suportem com suas ora\u00e7\u00f5es e sacrif\u00edcios os muitos delegados que participar\u00e3o.<\/span><\/p>\n<p style=\"text-align: justify;line-height: 1.4em!important\"><span style=\"color: #2f3366;font-weight: normal\">Aqueles que se re\u00fanem no S\u00ednodo necessitam do suporte de nossas ora\u00e7\u00f5es e de nossos sacrif\u00edcios para que possam deixar de lado ideias preconcebidas, abrir-se ao Esp\u00edrito Santo e serem iluminados para reconhecer a Vontade de Deus para a Igreja no futuro.<\/span><\/p>\n<\/blockquote>\n","protected":false},"excerpt":{"rendered":"<p>Queridas Irm\u00e3s e Irm\u00e3os, Paz e todo o bem! \u00c0 medida que se aproxima a Festa de S\u00e3o Francisco, neste ano em que lembramos o 800\u00ba centen\u00e1rio da Regra da Primeira Ordem e a primeira celebra\u00e7\u00e3o do Natal em Greccio, meu desejo \u00e9 que tenham uma santa prepara\u00e7\u00e3o para a Festa e uma celebra\u00e7\u00e3o mais [&hellip;]<\/p>\n","protected":false},"author":1,"featured_media":0,"comment_status":"closed","ping_status":"closed","template":"","meta":{"__wpdm_changelog":[]},"wpdmcategory":[],"wpdmtag":[],"class_list":["post-4189","wpdmpro","type-wpdmpro","status-publish","hentry"],"_links":{"self":[{"href":"https:\/\/www.ifc-tor.org\/es\/wp-json\/wp\/v2\/wpdmpro\/4189","targetHints":{"allow":["GET"]}}],"collection":[{"href":"https:\/\/www.ifc-tor.org\/es\/wp-json\/wp\/v2\/wpdmpro"}],"about":[{"href":"https:\/\/www.ifc-tor.org\/es\/wp-json\/wp\/v2\/types\/wpdmpro"}],"author":[{"embeddable":true,"href":"https:\/\/www.ifc-tor.org\/es\/wp-json\/wp\/v2\/users\/1"}],"replies":[{"embeddable":true,"href":"https:\/\/www.ifc-tor.org\/es\/wp-json\/wp\/v2\/comments?post=4189"}],"wp:attachment":[{"href":"https:\/\/www.ifc-tor.org\/es\/wp-json\/wp\/v2\/media?parent=4189"}],"wp:term":[{"taxonomy":"wpdmcategory","embeddable":true,"href":"https:\/\/www.ifc-tor.org\/es\/wp-json\/wp\/v2\/wpdmcategory?post=4189"},{"taxonomy":"wpdmtag","embeddable":true,"href":"https:\/\/www.ifc-tor.org\/es\/wp-json\/wp\/v2\/wpdmtag?post=4189"}],"curies":[{"name":"wp","href":"https:\/\/api.w.org\/{rel}","templated":true}]}}

Festa de São Francisco — 4 de outubro de 2023

<blockquote>
<p style="text-align: justify;line-height: 1.4em!important"><span style="color: #2f3366;font-weight: normal">Queridas Irmãs e Irmãos, Paz e todo o bem!<br />
À medida que se aproxima a Festa de São Francisco, neste ano em que lembramos o 800º centenário da Regra da Primeira Ordem e a primeira celebração do Natal em Greccio, meu desejo é que tenham uma santa preparação para a Festa e uma celebração mais alegre.</span></p>
<p style="text-align: justify;line-height: 1.4em!important"><span style="color: #2f3366;font-weight: normal">Também neste momento em que a Igreja se prepara para o importante encontro do Sínodo em Roma, peço-lhes que suportem com suas orações e sacrifícios os muitos delegados que participarão.</span></p>
<p style="text-align: justify;line-height: 1.4em!important"><span style="color: #2f3366;font-weight: normal">Aqueles que se reúnem no Sínodo necessitam do suporte de nossas orações e de nossos sacrifícios para que possam deixar de lado ideias preconcebidas, abrir-se ao Espírito Santo e serem iluminados para reconhecer a Vontade de Deus para a Igreja no futuro.</span></p>
</blockquote>

<p>Queridas Irmãs e Irmãos, Paz e todo o bem! À medida que se aproxima a Festa de São Francisco, neste ano em que lembramos o 800º centenário da Regra da Primeira Ordem e a primeira celebração do Natal em Greccio, meu desejo é que tenham uma santa preparação para a Festa e uma celebração mais [&hellip;]</p>
