{"id":4291,"date":"2023-11-30T09:00:47","date_gmt":"2023-11-30T09:00:47","guid":{"rendered":"https:\/\/www.ifc-tor.org\/downloads\/letter-pope-francis-franciscan-family-nov-2023\/"},"modified":"2023-11-30T09:00:47","modified_gmt":"2023-11-30T09:00:47","slug":"lettre-pape-francois-famille-franciscaine-nov-2023","status":"publish","type":"wpdmpro","link":"https:\/\/www.ifc-tor.org\/es\/wpdm-package\/lettre-pape-francois-famille-franciscaine-nov-2023\/","title":{"rendered":"Lettre du pape Fran\u00e7ois \u00b7 Aux Membres de la Famille Franciscaine \u2014 Le VIIIe centenaire de la Regula Bullata"},"content":{"rendered":"<blockquote><p><img decoding=\"async\" class=\"size-full wp-image-3844 alignleft\" src=\"https:\/\/www.ifc-tor.org\/wp-content\/uploads\/logo-franciscan-centenary.png\" alt=\"\" width=\"150\" height=\"171\" \/><\/p>\n<p style=\"text-align: justify;line-height: 1.4em!important\"><span style=\"color: #2f3366;font-weight: normal\">Chers Fr\u00e8res et Soeurs<br \/>\n<\/span><\/p>\n<p style=\"text-align: justify;line-height: 1.4em!important\"><span style=\"color: #2f3366;font-weight: normal\">C\u2019est avec joie au coeur que je d\u00e9sire Vous adresser mes meilleurs voeux en cette occasion si importante pour toute la Famille franciscaine, dont j\u2019ai ressenti depuis le d\u00e9but du Minist\u00e8re P\u00e9trinien la pr\u00e9sence orante et la proximit\u00e9 filiale. Le VIIIe centenaire de la confirmation de la R\u00e8gle des Fr\u00e8res Mineurs par le Pape Honorius III au Latran, qui a eu lieu le 29 novembre 1223, est une occasion propice mais surtout de faire revivre en vous le m\u00eame esprit qui a inspir\u00e9 Fran\u00e7ois d\u2019Assise \u00e0 se d\u00e9pouiller de tout, et \u00e0 faire na\u00eetre une forme de vie unique et fascinante parce qu\u2019elle est enracin\u00e9e dans l\u2019\u00c9vangile et v\u00e9cue sine glossa. <\/span><\/p>\n<p style=\"text-align: justify;line-height: 1.4em!important\"><span style=\"color: #2f3366;font-weight: normal\">Que ce Jubil\u00e9 soit pour chacun un temps de renaissance int\u00e9rieure, d\u2019un mandat missionnaire renouvel\u00e9 de l\u2019\u00c9glise qui appelle \u00e0 aller \u00e0 la rencontre du monde o\u00f9 tant de fr\u00e8res et soeurs attendent d\u2019\u00eatre consol\u00e9s, aim\u00e9s et soign\u00e9s.<br \/>\n<\/span><\/p>\n<p style=\"text-align: justify;line-height: 1.4em!important\"><span style=\"color: #2f3366;font-weight: normal\">C\u2019est pourquoi, m\u00fb par ces sentiments, je vous adresse des exhortations qui d\u00e9coulent pr\u00e9cis\u00e9ment des paroles du Poverello d\u2019Assise, qui propose \u00e0 ses fr\u00e8res de : \u00ab [&#8230;] observer la pauvret\u00e9, l\u2019humilit\u00e9 et le saint \u00c9vangile de Notre-Seigneur J\u00e9sus-Christ [&#8230;] \u00bb (Regula bullata 12.4).<\/span><\/p>\n<\/blockquote>\n","protected":false},"excerpt":{"rendered":"<p>Chers Fr\u00e8res et Soeurs C\u2019est avec joie au coeur que je d\u00e9sire Vous adresser mes meilleurs voeux en cette occasion si importante pour toute la Famille franciscaine, dont j\u2019ai ressenti depuis le d\u00e9but du Minist\u00e8re P\u00e9trinien la pr\u00e9sence orante et la proximit\u00e9 filiale. Le VIIIe centenaire de la confirmation de la R\u00e8gle des Fr\u00e8res Mineurs [&hellip;]<\/p>\n","protected":false},"author":1,"featured_media":0,"comment_status":"closed","ping_status":"closed","template":"","meta":{"__wpdm_changelog":[]},"wpdmcategory":[],"wpdmtag":[],"class_list":["post-4291","wpdmpro","type-wpdmpro","status-publish","hentry"],"_links":{"self":[{"href":"https:\/\/www.ifc-tor.org\/es\/wp-json\/wp\/v2\/wpdmpro\/4291","targetHints":{"allow":["GET"]}}],"collection":[{"href":"https:\/\/www.ifc-tor.org\/es\/wp-json\/wp\/v2\/wpdmpro"}],"about":[{"href":"https:\/\/www.ifc-tor.org\/es\/wp-json\/wp\/v2\/types\/wpdmpro"}],"author":[{"embeddable":true,"href":"https:\/\/www.ifc-tor.org\/es\/wp-json\/wp\/v2\/users\/1"}],"replies":[{"embeddable":true,"href":"https:\/\/www.ifc-tor.org\/es\/wp-json\/wp\/v2\/comments?post=4291"}],"wp:attachment":[{"href":"https:\/\/www.ifc-tor.org\/es\/wp-json\/wp\/v2\/media?parent=4291"}],"wp:term":[{"taxonomy":"wpdmcategory","embeddable":true,"href":"https:\/\/www.ifc-tor.org\/es\/wp-json\/wp\/v2\/wpdmcategory?post=4291"},{"taxonomy":"wpdmtag","embeddable":true,"href":"https:\/\/www.ifc-tor.org\/es\/wp-json\/wp\/v2\/wpdmtag?post=4291"}],"curies":[{"name":"wp","href":"https:\/\/api.w.org\/{rel}","templated":true}]}}

Lettre du pape François · Aux Membres de la Famille Franciscaine — Le VIIIe centenaire de la Regula Bullata

<blockquote><p><img decoding="async" class="size-full wp-image-3844 alignleft" src="https://www.ifc-tor.org/wp-content/uploads/logo-franciscan-centenary.png" alt="" width="150" height="171" /></p>
<p style="text-align: justify;line-height: 1.4em!important"><span style="color: #2f3366;font-weight: normal">Chers Frères et Soeurs<br />
</span></p>
<p style="text-align: justify;line-height: 1.4em!important"><span style="color: #2f3366;font-weight: normal">C’est avec joie au coeur que je désire Vous adresser mes meilleurs voeux en cette occasion si importante pour toute la Famille franciscaine, dont j’ai ressenti depuis le début du Ministère Pétrinien la présence orante et la proximité filiale. Le VIIIe centenaire de la confirmation de la Règle des Frères Mineurs par le Pape Honorius III au Latran, qui a eu lieu le 29 novembre 1223, est une occasion propice mais surtout de faire revivre en vous le même esprit qui a inspiré François d’Assise à se dépouiller de tout, et à faire naître une forme de vie unique et fascinante parce qu’elle est enracinée dans l’Évangile et vécue sine glossa. </span></p>
<p style="text-align: justify;line-height: 1.4em!important"><span style="color: #2f3366;font-weight: normal">Que ce Jubilé soit pour chacun un temps de renaissance intérieure, d’un mandat missionnaire renouvelé de l’Église qui appelle à aller à la rencontre du monde où tant de frères et soeurs attendent d’être consolés, aimés et soignés.<br />
</span></p>
<p style="text-align: justify;line-height: 1.4em!important"><span style="color: #2f3366;font-weight: normal">C’est pourquoi, mû par ces sentiments, je vous adresse des exhortations qui découlent précisément des paroles du Poverello d’Assise, qui propose à ses frères de : « [&#8230;] observer la pauvreté, l’humilité et le saint Évangile de Notre-Seigneur Jésus-Christ [&#8230;] » (Regula bullata 12.4).</span></p>
</blockquote>

<p>Chers Frères et Soeurs C’est avec joie au coeur que je désire Vous adresser mes meilleurs voeux en cette occasion si importante pour toute la Famille franciscaine, dont j’ai ressenti depuis le début du Ministère Pétrinien la présence orante et la proximité filiale. Le VIIIe centenaire de la confirmation de la Règle des Frères Mineurs [&hellip;]</p>
