{"id":4301,"date":"2023-12-18T09:00:32","date_gmt":"2023-12-18T09:00:32","guid":{"rendered":"https:\/\/www.ifc-tor.org\/downloads\/christmas-letter-2023\/"},"modified":"2023-12-18T09:00:32","modified_gmt":"2023-12-18T09:00:32","slug":"weihnachtsbrief-2023","status":"publish","type":"wpdmpro","link":"https:\/\/www.ifc-tor.org\/es\/wpdm-package\/weihnachtsbrief-2023\/","title":{"rendered":"Weihnachtsbrief \u00b7 Schwester Frances Marie Duncan und dem Rat der IFK-RDO"},"content":{"rendered":"<p>W\u00e4hrend wir diese besondere Adventszeit feiern, die zum Weihnachtsfest f\u00fchrt, erinnern wir uns daran, wie der heilige Franziskus an Weihnachten vor 800 Jahren in Greccio die Geburt des Heiligen Kindes feierte. Im Laufe der Jahrhunderte ehren wir seine Geburt mit wundersch\u00f6nen Weihnachtsszenen und Nachstellungen.<\/p>\n<p>Der Heilige Vater hat, wie bereits angek\u00fcndigt, vom 8. Dezember bis zum 2. Februar jedem, der eine Kirche der Franziskanerfamilie besucht und die im Dekret aufgef\u00fchrten Kriterien erf\u00fcllt, um den Ablass zu erhalten, einen vollst\u00e4ndigen Ablass gew\u00e4hrt.<\/p>\n","protected":false},"excerpt":{"rendered":"<p>W\u00e4hrend wir diese besondere Adventszeit feiern, die zum Weihnachtsfest f\u00fchrt, erinnern wir uns daran, wie der heilige Franziskus an Weihnachten vor 800 Jahren in Greccio die Geburt des Heiligen Kindes feierte. Im Laufe der Jahrhunderte ehren wir seine Geburt mit wundersch\u00f6nen Weihnachtsszenen und Nachstellungen. Der Heilige Vater hat, wie bereits angek\u00fcndigt, vom 8. Dezember bis [&hellip;]<\/p>\n","protected":false},"author":1,"featured_media":0,"comment_status":"closed","ping_status":"closed","template":"","meta":{"__wpdm_changelog":[]},"wpdmcategory":[],"wpdmtag":[],"class_list":["post-4301","wpdmpro","type-wpdmpro","status-publish","hentry"],"_links":{"self":[{"href":"https:\/\/www.ifc-tor.org\/es\/wp-json\/wp\/v2\/wpdmpro\/4301","targetHints":{"allow":["GET"]}}],"collection":[{"href":"https:\/\/www.ifc-tor.org\/es\/wp-json\/wp\/v2\/wpdmpro"}],"about":[{"href":"https:\/\/www.ifc-tor.org\/es\/wp-json\/wp\/v2\/types\/wpdmpro"}],"author":[{"embeddable":true,"href":"https:\/\/www.ifc-tor.org\/es\/wp-json\/wp\/v2\/users\/1"}],"replies":[{"embeddable":true,"href":"https:\/\/www.ifc-tor.org\/es\/wp-json\/wp\/v2\/comments?post=4301"}],"wp:attachment":[{"href":"https:\/\/www.ifc-tor.org\/es\/wp-json\/wp\/v2\/media?parent=4301"}],"wp:term":[{"taxonomy":"wpdmcategory","embeddable":true,"href":"https:\/\/www.ifc-tor.org\/es\/wp-json\/wp\/v2\/wpdmcategory?post=4301"},{"taxonomy":"wpdmtag","embeddable":true,"href":"https:\/\/www.ifc-tor.org\/es\/wp-json\/wp\/v2\/wpdmtag?post=4301"}],"curies":[{"name":"wp","href":"https:\/\/api.w.org\/{rel}","templated":true}]}}

<p>Während wir diese besondere Adventszeit feiern, die zum Weihnachtsfest führt, erinnern wir uns daran, wie der heilige Franziskus an Weihnachten vor 800 Jahren in Greccio die Geburt des Heiligen Kindes feierte. Im Laufe der Jahrhunderte ehren wir seine Geburt mit wunderschönen Weihnachtsszenen und Nachstellungen.</p>
<p>Der Heilige Vater hat, wie bereits angekündigt, vom 8. Dezember bis zum 2. Februar jedem, der eine Kirche der Franziskanerfamilie besucht und die im Dekret aufgeführten Kriterien erfüllt, um den Ablass zu erhalten, einen vollständigen Ablass gewährt.</p>

<p>Während wir diese besondere Adventszeit feiern, die zum Weihnachtsfest führt, erinnern wir uns daran, wie der heilige Franziskus an Weihnachten vor 800 Jahren in Greccio die Geburt des Heiligen Kindes feierte. Im Laufe der Jahrhunderte ehren wir seine Geburt mit wunderschönen Weihnachtsszenen und Nachstellungen. Der Heilige Vater hat, wie bereits angekündigt, vom 8. Dezember bis [&hellip;]</p>
