{"id":4322,"date":"2024-02-01T09:00:23","date_gmt":"2024-02-01T09:00:23","guid":{"rendered":"https:\/\/www.ifc-tor.org\/downloads\/750-st-bonaventure-2024\/"},"modified":"2024-02-01T09:00:23","modified_gmt":"2024-02-01T09:00:23","slug":"750-st-bonaventure-2024-5","status":"publish","type":"wpdmpro","link":"https:\/\/www.ifc-tor.org\/es\/wpdm-package\/750-st-bonaventure-2024-5\/","title":{"rendered":"Carta de los Ministros Generales de la Primera Orden y de la Tercera Orden Regular en el 750\u00b0 aniversario de la muerte de San Buenaventura"},"content":{"rendered":"<blockquote><p><img fetchpriority=\"high\" decoding=\"async\" class=\"size-full wp-image-4331 alignleft\" src=\"https:\/\/www.ifc-tor.org\/wp-content\/uploads\/ifc-tor-2024-St-Bonaventure-750-aniv.webp\" alt=\"\" width=\"300\" height=\"300\" \/>El aniversario setecientos cincuenta de la muerte del Doctor Ser\u00e1fico, acaecida el 15 de julio de 1274, nos ofrece la oportunidad no s\u00f3lo de recordar y celebrar el servicio que prest\u00f3 a la Orden y a toda la Iglesia, sino tambi\u00e9n de volver a proponerlo como un don todav\u00eda v\u00e1lido para nuestra \u00e9poca.<\/p>\n<p>As\u00ed nos lo dijo ya el Papa Pablo VI en su visita al gran Congreso Internacional de 1974, organizada para celebrar el 700.\u00ba aniversario, cuando recomend\u00f3 a san Buenaventura \u201ca todos los hijos e hijas de la Iglesia, para que, a trav\u00e9s de la meditaci\u00f3n atenta de su mensaje, lleguen a ser testigos eficaces en la Iglesia y en el mundo entero\u201d.<\/p><\/blockquote>\n","protected":false},"excerpt":{"rendered":"<p>El aniversario setecientos cincuenta de la muerte del Doctor Ser\u00e1fico, acaecida el 15 de julio de 1274, nos ofrece la oportunidad no s\u00f3lo de recordar y celebrar el servicio que prest\u00f3 a la Orden y a toda la Iglesia, sino tambi\u00e9n de volver a proponerlo como un don todav\u00eda v\u00e1lido para nuestra \u00e9poca. As\u00ed nos [&hellip;]<\/p>\n","protected":false},"author":1,"featured_media":0,"comment_status":"closed","ping_status":"closed","template":"","meta":{"__wpdm_changelog":[]},"wpdmcategory":[],"wpdmtag":[],"class_list":["post-4322","wpdmpro","type-wpdmpro","status-publish","hentry"],"_links":{"self":[{"href":"https:\/\/www.ifc-tor.org\/es\/wp-json\/wp\/v2\/wpdmpro\/4322","targetHints":{"allow":["GET"]}}],"collection":[{"href":"https:\/\/www.ifc-tor.org\/es\/wp-json\/wp\/v2\/wpdmpro"}],"about":[{"href":"https:\/\/www.ifc-tor.org\/es\/wp-json\/wp\/v2\/types\/wpdmpro"}],"author":[{"embeddable":true,"href":"https:\/\/www.ifc-tor.org\/es\/wp-json\/wp\/v2\/users\/1"}],"replies":[{"embeddable":true,"href":"https:\/\/www.ifc-tor.org\/es\/wp-json\/wp\/v2\/comments?post=4322"}],"wp:attachment":[{"href":"https:\/\/www.ifc-tor.org\/es\/wp-json\/wp\/v2\/media?parent=4322"}],"wp:term":[{"taxonomy":"wpdmcategory","embeddable":true,"href":"https:\/\/www.ifc-tor.org\/es\/wp-json\/wp\/v2\/wpdmcategory?post=4322"},{"taxonomy":"wpdmtag","embeddable":true,"href":"https:\/\/www.ifc-tor.org\/es\/wp-json\/wp\/v2\/wpdmtag?post=4322"}],"curies":[{"name":"wp","href":"https:\/\/api.w.org\/{rel}","templated":true}]}}

<blockquote><p><img fetchpriority="high" decoding="async" class="size-full wp-image-4331 alignleft" src="https://www.ifc-tor.org/wp-content/uploads/ifc-tor-2024-St-Bonaventure-750-aniv.webp" alt="" width="300" height="300" />El aniversario setecientos cincuenta de la muerte del Doctor Seráfico, acaecida el 15 de julio de 1274, nos ofrece la oportunidad no sólo de recordar y celebrar el servicio que prestó a la Orden y a toda la Iglesia, sino también de volver a proponerlo como un don todavía válido para nuestra época.</p>
<p>Así nos lo dijo ya el Papa Pablo VI en su visita al gran Congreso Internacional de 1974, organizada para celebrar el 700.º aniversario, cuando recomendó a san Buenaventura “a todos los hijos e hijas de la Iglesia, para que, a través de la meditación atenta de su mensaje, lleguen a ser testigos eficaces en la Iglesia y en el mundo entero”.</p></blockquote>

<p>El aniversario setecientos cincuenta de la muerte del Doctor Seráfico, acaecida el 15 de julio de 1274, nos ofrece la oportunidad no sólo de recordar y celebrar el servicio que prestó a la Orden y a toda la Iglesia, sino también de volver a proponerlo como un don todavía válido para nuestra época. Así nos [&hellip;]</p>
