{"id":6943,"date":"2025-04-15T09:00:45","date_gmt":"2025-04-15T08:00:45","guid":{"rendered":"https:\/\/www.ifc-tor.org\/download\/easter-letter-2025\/"},"modified":"2025-04-16T01:58:46","modified_gmt":"2025-04-16T00:58:46","slug":"carta-pascua-2025","status":"publish","type":"wpdmpro","link":"https:\/\/www.ifc-tor.org\/es\/wpdm-package\/carta-pascua-2025\/","title":{"rendered":"Carta de Pascua \u00b7 CFI-TOR"},"content":{"rendered":"<p>Queridos Hermanos y Hermanas, \u00a1Pax et Bonum!<br \/>\nAl contemplar nuestro mundo actual, a veces es f\u00e1cil olvidar que Dios est\u00e1 con nosotros y es a\u00fan m\u00e1s f\u00e1cil perder la esperanza. Sin embargo, este A\u00f1o Santo del Jubileo nos anima a ser \u00abPeregrinos de la Esperanza\u00bb y el A\u00f1o de la Conmemoraci\u00f3n de los 800<sup> <\/sup>a\u00f1os del C\u00e1ntico de la Creaci\u00f3n nos recuerda que estamos llamados a ser hoy los signos contraculturales de la Gratitud, la Esperanza y la Alegr\u00eda <\/p>\n","protected":false},"excerpt":{"rendered":"<p>Queridos Hermanos y Hermanas, \u00a1Pax et Bonum! Al contemplar nuestro mundo actual, a veces es f\u00e1cil olvidar que Dios est\u00e1 con nosotros y es a\u00fan m\u00e1s f\u00e1cil perder la esperanza. Sin embargo, este A\u00f1o Santo del Jubileo nos anima a ser \u00abPeregrinos de la Esperanza\u00bb y el A\u00f1o de la Conmemoraci\u00f3n de los 800 a\u00f1os [&hellip;]<\/p>\n","protected":false},"author":1,"featured_media":0,"comment_status":"closed","ping_status":"closed","template":"","meta":{"__wpdm_changelog":[]},"wpdmcategory":[],"wpdmtag":[],"class_list":["post-6943","wpdmpro","type-wpdmpro","status-publish","hentry"],"_links":{"self":[{"href":"https:\/\/www.ifc-tor.org\/es\/wp-json\/wp\/v2\/wpdmpro\/6943","targetHints":{"allow":["GET"]}}],"collection":[{"href":"https:\/\/www.ifc-tor.org\/es\/wp-json\/wp\/v2\/wpdmpro"}],"about":[{"href":"https:\/\/www.ifc-tor.org\/es\/wp-json\/wp\/v2\/types\/wpdmpro"}],"author":[{"embeddable":true,"href":"https:\/\/www.ifc-tor.org\/es\/wp-json\/wp\/v2\/users\/1"}],"replies":[{"embeddable":true,"href":"https:\/\/www.ifc-tor.org\/es\/wp-json\/wp\/v2\/comments?post=6943"}],"wp:attachment":[{"href":"https:\/\/www.ifc-tor.org\/es\/wp-json\/wp\/v2\/media?parent=6943"}],"wp:term":[{"taxonomy":"wpdmcategory","embeddable":true,"href":"https:\/\/www.ifc-tor.org\/es\/wp-json\/wp\/v2\/wpdmcategory?post=6943"},{"taxonomy":"wpdmtag","embeddable":true,"href":"https:\/\/www.ifc-tor.org\/es\/wp-json\/wp\/v2\/wpdmtag?post=6943"}],"curies":[{"name":"wp","href":"https:\/\/api.w.org\/{rel}","templated":true}]}}

<p>Queridos Hermanos y Hermanas, ¡Pax et Bonum!<br />
Al contemplar nuestro mundo actual, a veces es fácil olvidar que Dios está con nosotros y es aún más fácil perder la esperanza. Sin embargo, este Año Santo del Jubileo nos anima a ser «Peregrinos de la Esperanza» y el Año de la Conmemoración de los 800<sup> </sup>años del Cántico de la Creación nos recuerda que estamos llamados a ser hoy los signos contraculturales de la Gratitud, la Esperanza y la Alegría </p>

<p>Queridos Hermanos y Hermanas, ¡Pax et Bonum! Al contemplar nuestro mundo actual, a veces es fácil olvidar que Dios está con nosotros y es aún más fácil perder la esperanza. Sin embargo, este Año Santo del Jubileo nos anima a ser «Peregrinos de la Esperanza» y el Año de la Conmemoración de los 800 años [&hellip;]</p>
