{"id":1522,"date":"2022-01-01T12:00:13","date_gmt":"2022-01-01T12:00:13","guid":{"rendered":"https:\/\/www.ifc-tor.org\/downloads\/2021-council-4th-input-srdolores\/"},"modified":"2022-01-01T12:00:13","modified_gmt":"2022-01-01T12:00:13","slug":"2021-council-4th-input-srdolores-5","status":"publish","type":"wpdmpro","link":"https:\/\/www.ifc-tor.org\/fr\/wpdm-package\/2021-council-4th-input-srdolores-5\/","title":{"rendered":"4a contribuici\u00f3n consejo &#8211; Hna. Dolores"},"content":{"rendered":"<p>A Francisco le mueve la urgencia evang\u00e9lica de proclamar las palabras del Verbo del Padre y las palabras del Esp\u00edritu Santo \u00ab\u00a0que son esp\u00edritu y vida\u00a0\u00bb. No se trata de una espiritualidad incorp\u00f3rea, sino de un Esp\u00edritu que es vida que se hace carne y da vida verdadera, en plenitud.<\/p>\n<hr style=\"border-top: 1px dotted #2f3366\">\n","protected":false},"excerpt":{"rendered":"<p>A Francisco le mueve la urgencia evang\u00e9lica de proclamar las palabras del Verbo del Padre y las palabras del Esp\u00edritu Santo \u00ab\u00a0que son esp\u00edritu y vida\u00a0\u00bb. No se trata de una espiritualidad incorp\u00f3rea, sino de un Esp\u00edritu que es vida que se hace carne y da vida verdadera, en plenitud.<\/p>\n","protected":false},"author":1,"featured_media":0,"comment_status":"closed","ping_status":"closed","template":"","meta":{"__wpdm_changelog":[]},"wpdmcategory":[65],"wpdmtag":[],"class_list":["post-1522","wpdmpro","type-wpdmpro","status-publish","hentry","wpdmcategory-consejo-contribucion-2021"],"_links":{"self":[{"href":"https:\/\/www.ifc-tor.org\/fr\/wp-json\/wp\/v2\/wpdmpro\/1522","targetHints":{"allow":["GET"]}}],"collection":[{"href":"https:\/\/www.ifc-tor.org\/fr\/wp-json\/wp\/v2\/wpdmpro"}],"about":[{"href":"https:\/\/www.ifc-tor.org\/fr\/wp-json\/wp\/v2\/types\/wpdmpro"}],"author":[{"embeddable":true,"href":"https:\/\/www.ifc-tor.org\/fr\/wp-json\/wp\/v2\/users\/1"}],"replies":[{"embeddable":true,"href":"https:\/\/www.ifc-tor.org\/fr\/wp-json\/wp\/v2\/comments?post=1522"}],"wp:attachment":[{"href":"https:\/\/www.ifc-tor.org\/fr\/wp-json\/wp\/v2\/media?parent=1522"}],"wp:term":[{"taxonomy":"wpdmcategory","embeddable":true,"href":"https:\/\/www.ifc-tor.org\/fr\/wp-json\/wp\/v2\/wpdmcategory?post=1522"},{"taxonomy":"wpdmtag","embeddable":true,"href":"https:\/\/www.ifc-tor.org\/fr\/wp-json\/wp\/v2\/wpdmtag?post=1522"}],"curies":[{"name":"wp","href":"https:\/\/api.w.org\/{rel}","templated":true}]}}

4a contribuición consejo &#8211; Hna. Dolores

<p>A Francisco le mueve la urgencia evangélica de proclamar las palabras del Verbo del Padre y las palabras del Espíritu Santo « que son espíritu y vida ». No se trata de una espiritualidad incorpórea, sino de un Espíritu que es vida que se hace carne y da vida verdadera, en plenitud.</p>
<hr style="border-top: 1px dotted #2f3366">

<p>A Francisco le mueve la urgencia evangélica de proclamar las palabras del Verbo del Padre y las palabras del Espíritu Santo « que son espíritu y vida ». No se trata de una espiritualidad incorpórea, sino de un Espíritu que es vida que se hace carne y da vida verdadera, en plenitud.</p>
