{"id":1600,"date":"2022-03-18T09:00:32","date_gmt":"2022-03-18T09:00:32","guid":{"rendered":"https:\/\/www.ifc-tor.org\/downloads\/refugee-assistance\/"},"modified":"2022-03-18T09:00:32","modified_gmt":"2022-03-18T09:00:32","slug":"hilfe-fur-fluchtlinge","status":"publish","type":"wpdmpro","link":"https:\/\/www.ifc-tor.org\/fr\/wpdm-package\/hilfe-fur-fluchtlinge\/","title":{"rendered":"Hilfe f\u00fcr Fl\u00fcchtlinge"},"content":{"rendered":"<p>Franz von Assisi ermahnt uns, den Frieden so tief in unserem Herzen zu haben, dass er in unsere Worten und Taten \u00fcberflie\u00dft und alle zum Frieden bewegt werden. Papst Franziskus sagt das Gleiche auf andere Weise, indem er betet und alle aufruft, \u00ab\u00a0unsere Herzen zu ent-militarisieren\u00a0\u00bb. Diese Tage des Konflikts und des Krieges in der Ukraine rufen uns zu, dass der Frieden im Herzen eines jeden Menschen beginnt und weitergeht. Als Nachfolger dessen, der den Frieden des Evangeliums verk\u00fcndet hat, lasst uns, geleitet von seiner Inspiration, leuchtende Lichter der Hoffnung auf Frieden sein, auf welche Weise auch immer Gottes Heiliger Geist uns dazu f\u00fchrt, uns f\u00fcr den inneren und \u00e4u\u00dferen Frieden einzusetzen.<\/p>\n","protected":false},"excerpt":{"rendered":"<p>Franz von Assisi ermahnt uns, den Frieden so tief in unserem Herzen zu haben, dass er in unsere Worten und Taten \u00fcberflie\u00dft und alle zum Frieden bewegt werden. Papst Franziskus sagt das Gleiche auf andere Weise, indem er betet und alle aufruft, \u00ab\u00a0unsere Herzen zu ent-militarisieren\u00a0\u00bb. Diese Tage des Konflikts und des Krieges in der [&hellip;]<\/p>\n","protected":false},"author":1,"featured_media":0,"comment_status":"closed","ping_status":"closed","template":"","meta":{"__wpdm_changelog":[]},"wpdmcategory":[],"wpdmtag":[],"class_list":["post-1600","wpdmpro","type-wpdmpro","status-publish","hentry"],"_links":{"self":[{"href":"https:\/\/www.ifc-tor.org\/fr\/wp-json\/wp\/v2\/wpdmpro\/1600","targetHints":{"allow":["GET"]}}],"collection":[{"href":"https:\/\/www.ifc-tor.org\/fr\/wp-json\/wp\/v2\/wpdmpro"}],"about":[{"href":"https:\/\/www.ifc-tor.org\/fr\/wp-json\/wp\/v2\/types\/wpdmpro"}],"author":[{"embeddable":true,"href":"https:\/\/www.ifc-tor.org\/fr\/wp-json\/wp\/v2\/users\/1"}],"replies":[{"embeddable":true,"href":"https:\/\/www.ifc-tor.org\/fr\/wp-json\/wp\/v2\/comments?post=1600"}],"wp:attachment":[{"href":"https:\/\/www.ifc-tor.org\/fr\/wp-json\/wp\/v2\/media?parent=1600"}],"wp:term":[{"taxonomy":"wpdmcategory","embeddable":true,"href":"https:\/\/www.ifc-tor.org\/fr\/wp-json\/wp\/v2\/wpdmcategory?post=1600"},{"taxonomy":"wpdmtag","embeddable":true,"href":"https:\/\/www.ifc-tor.org\/fr\/wp-json\/wp\/v2\/wpdmtag?post=1600"}],"curies":[{"name":"wp","href":"https:\/\/api.w.org\/{rel}","templated":true}]}}

Hilfe für Flüchtlinge

<p>Franz von Assisi ermahnt uns, den Frieden so tief in unserem Herzen zu haben, dass er in unsere Worten und Taten überfließt und alle zum Frieden bewegt werden. Papst Franziskus sagt das Gleiche auf andere Weise, indem er betet und alle aufruft, « unsere Herzen zu ent-militarisieren ». Diese Tage des Konflikts und des Krieges in der Ukraine rufen uns zu, dass der Frieden im Herzen eines jeden Menschen beginnt und weitergeht. Als Nachfolger dessen, der den Frieden des Evangeliums verkündet hat, lasst uns, geleitet von seiner Inspiration, leuchtende Lichter der Hoffnung auf Frieden sein, auf welche Weise auch immer Gottes Heiliger Geist uns dazu führt, uns für den inneren und äußeren Frieden einzusetzen.</p>

<p>Franz von Assisi ermahnt uns, den Frieden so tief in unserem Herzen zu haben, dass er in unsere Worten und Taten überfließt und alle zum Frieden bewegt werden. Papst Franziskus sagt das Gleiche auf andere Weise, indem er betet und alle aufruft, « unsere Herzen zu ent-militarisieren ». Diese Tage des Konflikts und des Krieges in der [&hellip;]</p>
