{"id":4170,"date":"2023-06-09T09:00:30","date_gmt":"2023-06-09T09:00:30","guid":{"rendered":"https:\/\/www.ifc-tor.org\/downloads\/letter-position-exec-director\/"},"modified":"2023-06-09T09:00:30","modified_gmt":"2023-06-09T09:00:30","slug":"carta-posicao-diretor-executivo","status":"publish","type":"wpdmpro","link":"https:\/\/www.ifc-tor.org\/fr\/wpdm-package\/carta-posicao-diretor-executivo\/","title":{"rendered":"Carta para comunicar algumas atualiza\u00e7\u00f5es inerentes \u00e0 posi\u00e7\u00e3o de diretor executivo"},"content":{"rendered":"<p>Possa o Esp\u00edrito Santo, que desceu novamente sobre n\u00f3s nesta recente festa de Pentecostes, encher seus cora\u00e7\u00f5es e suas almas com todos os dons de que necessitam. Estamos escrevendo para comunicar algumas atualiza\u00e7\u00f5es inerentes \u00e0 posi\u00e7\u00e3o de diretor executivo. Nossa busca levou a diversos candidatos, na maioria provenientes dos Estados Unidos e de l\u00edngua maternal inglesa. Todos eles com uma variedade de compet\u00eancias; alguns teriam se qualificado como funcion\u00e1rios executivos para muitas organiza\u00e7\u00f5es com um bom n\u00famero de n\u00edveis organizativos. Nossa primeira tarefa ser\u00e1 a de avaliar do que exatamente precisam os membros e suas institui\u00e7\u00f5es. Sucessivamente, ela nos ajudar\u00e1 a desenvolver os programas para ajudar a satisfazer tais exig\u00eancias. Para tal fim, voc\u00eas receber\u00e3o em breve um question\u00e1rio sobre as exig\u00eancias e os talentos a serem compartilhados. A partir destas informa\u00e7\u00f5es, ser\u00e3o constitu\u00eddos alguns comit\u00eas para iniciar a produzir o que \u00e9 necess\u00e1rio para os membros.<\/p>\n","protected":false},"excerpt":{"rendered":"<p>Possa o Esp\u00edrito Santo, que desceu novamente sobre n\u00f3s nesta recente festa de Pentecostes, encher seus cora\u00e7\u00f5es e suas almas com todos os dons de que necessitam. Estamos escrevendo para comunicar algumas atualiza\u00e7\u00f5es inerentes \u00e0 posi\u00e7\u00e3o de diretor executivo. Nossa busca levou a diversos candidatos, na maioria provenientes dos Estados Unidos e de l\u00edngua maternal [&hellip;]<\/p>\n","protected":false},"author":1,"featured_media":0,"comment_status":"closed","ping_status":"closed","template":"","meta":{"__wpdm_changelog":[]},"wpdmcategory":[],"wpdmtag":[],"class_list":["post-4170","wpdmpro","type-wpdmpro","status-publish","hentry"],"_links":{"self":[{"href":"https:\/\/www.ifc-tor.org\/fr\/wp-json\/wp\/v2\/wpdmpro\/4170","targetHints":{"allow":["GET"]}}],"collection":[{"href":"https:\/\/www.ifc-tor.org\/fr\/wp-json\/wp\/v2\/wpdmpro"}],"about":[{"href":"https:\/\/www.ifc-tor.org\/fr\/wp-json\/wp\/v2\/types\/wpdmpro"}],"author":[{"embeddable":true,"href":"https:\/\/www.ifc-tor.org\/fr\/wp-json\/wp\/v2\/users\/1"}],"replies":[{"embeddable":true,"href":"https:\/\/www.ifc-tor.org\/fr\/wp-json\/wp\/v2\/comments?post=4170"}],"wp:attachment":[{"href":"https:\/\/www.ifc-tor.org\/fr\/wp-json\/wp\/v2\/media?parent=4170"}],"wp:term":[{"taxonomy":"wpdmcategory","embeddable":true,"href":"https:\/\/www.ifc-tor.org\/fr\/wp-json\/wp\/v2\/wpdmcategory?post=4170"},{"taxonomy":"wpdmtag","embeddable":true,"href":"https:\/\/www.ifc-tor.org\/fr\/wp-json\/wp\/v2\/wpdmtag?post=4170"}],"curies":[{"name":"wp","href":"https:\/\/api.w.org\/{rel}","templated":true}]}}

Carta para comunicar algumas atualizações inerentes à posição de diretor executivo

<p>Possa o Espírito Santo, que desceu novamente sobre nós nesta recente festa de Pentecostes, encher seus corações e suas almas com todos os dons de que necessitam. Estamos escrevendo para comunicar algumas atualizações inerentes à posição de diretor executivo. Nossa busca levou a diversos candidatos, na maioria provenientes dos Estados Unidos e de língua maternal inglesa. Todos eles com uma variedade de competências; alguns teriam se qualificado como funcionários executivos para muitas organizações com um bom número de níveis organizativos. Nossa primeira tarefa será a de avaliar do que exatamente precisam os membros e suas instituições. Sucessivamente, ela nos ajudará a desenvolver os programas para ajudar a satisfazer tais exigências. Para tal fim, vocês receberão em breve um questionário sobre as exigências e os talentos a serem compartilhados. A partir destas informações, serão constituídos alguns comitês para iniciar a produzir o que é necessário para os membros.</p>

<p>Possa o Espírito Santo, que desceu novamente sobre nós nesta recente festa de Pentecostes, encher seus corações e suas almas com todos os dons de que necessitam. Estamos escrevendo para comunicar algumas atualizações inerentes à posição de diretor executivo. Nossa busca levou a diversos candidatos, na maioria provenientes dos Estados Unidos e de língua maternal [&hellip;]</p>
