{"id":4177,"date":"2023-09-08T09:00:01","date_gmt":"2023-09-08T09:00:01","guid":{"rendered":"https:\/\/www.ifc-tor.org\/downloads\/letter-ifc-tor-office-transition-executive-director\/"},"modified":"2023-09-08T09:00:01","modified_gmt":"2023-09-08T09:00:01","slug":"lettera-transizione-ufficio-ifc-tor-posizione-direttore-esecutivo","status":"publish","type":"wpdmpro","link":"https:\/\/www.ifc-tor.org\/fr\/wpdm-package\/lettera-transizione-ufficio-ifc-tor-posizione-direttore-esecutivo\/","title":{"rendered":"Lettera ai Membri sulla transizione dell&rsquo;ufficio CFI-TOR &#8211; posizione del direttore esecutivo"},"content":{"rendered":"<p>Tra settembre e ottobre, avverr\u00e0 una transizione nell&rsquo;ufficio della CFI-TOR a Roma. La nostra fedele amica e segretaria, Suor Margherita Merlino, andr\u00e0 in pensione dopo molti anni di servizio alla Conferenza.<\/p>\n<p>Suor Margherita sar\u00e0 in servizio tutto il mese di settembre e sar\u00e0 reperibile nel mese di ottobre per intervenire\/assistere la transizione dell\u2019incarico al nuovo direttore esecutivo. Diamo il benvenuto alla Sign.ra Emanuela Miceli, nostro nuovo direttore esecutivo.<\/p>\n<p>Emanuela inizier\u00e0 il suo lavoro presso l&rsquo;ufficio della CFI-TOR affiancando Sr. Margherita a partire dall&rsquo;11 settembre. Emanuela \u00e8 stata molto attiva nella guida di organizzazioni no-profit in Italia e parla correntemente italiano (lingua madre) e inglese.<\/p>\n","protected":false},"excerpt":{"rendered":"<p>Tra settembre e ottobre, avverr\u00e0 una transizione nell&rsquo;ufficio della CFI-TOR a Roma. La nostra fedele amica e segretaria, Suor Margherita Merlino, andr\u00e0 in pensione dopo molti anni di servizio alla Conferenza. Suor Margherita sar\u00e0 in servizio tutto il mese di settembre e sar\u00e0 reperibile nel mese di ottobre per intervenire\/assistere la transizione dell\u2019incarico al nuovo [&hellip;]<\/p>\n","protected":false},"author":1,"featured_media":0,"comment_status":"closed","ping_status":"closed","template":"","meta":{"__wpdm_changelog":[]},"wpdmcategory":[],"wpdmtag":[],"class_list":["post-4177","wpdmpro","type-wpdmpro","status-publish","hentry"],"_links":{"self":[{"href":"https:\/\/www.ifc-tor.org\/fr\/wp-json\/wp\/v2\/wpdmpro\/4177","targetHints":{"allow":["GET"]}}],"collection":[{"href":"https:\/\/www.ifc-tor.org\/fr\/wp-json\/wp\/v2\/wpdmpro"}],"about":[{"href":"https:\/\/www.ifc-tor.org\/fr\/wp-json\/wp\/v2\/types\/wpdmpro"}],"author":[{"embeddable":true,"href":"https:\/\/www.ifc-tor.org\/fr\/wp-json\/wp\/v2\/users\/1"}],"replies":[{"embeddable":true,"href":"https:\/\/www.ifc-tor.org\/fr\/wp-json\/wp\/v2\/comments?post=4177"}],"wp:attachment":[{"href":"https:\/\/www.ifc-tor.org\/fr\/wp-json\/wp\/v2\/media?parent=4177"}],"wp:term":[{"taxonomy":"wpdmcategory","embeddable":true,"href":"https:\/\/www.ifc-tor.org\/fr\/wp-json\/wp\/v2\/wpdmcategory?post=4177"},{"taxonomy":"wpdmtag","embeddable":true,"href":"https:\/\/www.ifc-tor.org\/fr\/wp-json\/wp\/v2\/wpdmtag?post=4177"}],"curies":[{"name":"wp","href":"https:\/\/api.w.org\/{rel}","templated":true}]}}

<p>Tra settembre e ottobre, avverrà una transizione nell&rsquo;ufficio della CFI-TOR a Roma. La nostra fedele amica e segretaria, Suor Margherita Merlino, andrà in pensione dopo molti anni di servizio alla Conferenza.</p>
<p>Suor Margherita sarà in servizio tutto il mese di settembre e sarà reperibile nel mese di ottobre per intervenire/assistere la transizione dell’incarico al nuovo direttore esecutivo. Diamo il benvenuto alla Sign.ra Emanuela Miceli, nostro nuovo direttore esecutivo.</p>
<p>Emanuela inizierà il suo lavoro presso l&rsquo;ufficio della CFI-TOR affiancando Sr. Margherita a partire dall&rsquo;11 settembre. Emanuela è stata molto attiva nella guida di organizzazioni no-profit in Italia e parla correntemente italiano (lingua madre) e inglese.</p>

<p>Tra settembre e ottobre, avverrà una transizione nell&rsquo;ufficio della CFI-TOR a Roma. La nostra fedele amica e segretaria, Suor Margherita Merlino, andrà in pensione dopo molti anni di servizio alla Conferenza. Suor Margherita sarà in servizio tutto il mese di settembre e sarà reperibile nel mese di ottobre per intervenire/assistere la transizione dell’incarico al nuovo [&hellip;]</p>
