{"id":4300,"date":"2023-12-18T09:00:32","date_gmt":"2023-12-18T09:00:32","guid":{"rendered":"https:\/\/www.ifc-tor.org\/downloads\/christmas-letter-2023\/"},"modified":"2023-12-18T09:00:32","modified_gmt":"2023-12-18T09:00:32","slug":"lettre-noel-2023","status":"publish","type":"wpdmpro","link":"https:\/\/www.ifc-tor.org\/fr\/wpdm-package\/lettre-noel-2023\/","title":{"rendered":"Lettre de No\u00ebl \u00b7 S\u0153ur Frances Marie Duncan et du Conseil de la CFI-TOR"},"content":{"rendered":"<p>Alors que nous c\u00e9l\u00e9brons cette p\u00e9riode particuli\u00e8re de l&rsquo;Avent menant \u00e0 la c\u00e9l\u00e9bration de No\u00ebl, nous nous souvenons de la fa\u00e7on dont saint Fran\u00e7ois a c\u00e9l\u00e9br\u00e9 la naissance du Saint Enfant \u00e0 Greccio il y a 800 ans ce No\u00ebl. Depuis lors, \u00e0 travers les \u00e2ges, nous honorons sa naissance avec de magnifiques sc\u00e8nes et reconstitutions de No\u00ebl.<\/p>\n<p>Le Saint-P\u00e8re, comme cela a \u00e9t\u00e9 annonc\u00e9 pr\u00e9c\u00e9demment, a accord\u00e9 une indulgence pl\u00e9ni\u00e8re du 8 d\u00e9cembre au 2 f\u00e9vrier \u00e0 toute personne qui visite une \u00e9glise de la Famille franciscaine et qui suit les crit\u00e8res \u00e9num\u00e9r\u00e9s dans le d\u00e9cret pour obtenir l&rsquo;indulgence.<\/p>\n","protected":false},"excerpt":{"rendered":"<p>Alors que nous c\u00e9l\u00e9brons cette p\u00e9riode particuli\u00e8re de l&rsquo;Avent menant \u00e0 la c\u00e9l\u00e9bration de No\u00ebl, nous nous souvenons de la fa\u00e7on dont saint Fran\u00e7ois a c\u00e9l\u00e9br\u00e9 la naissance du Saint Enfant \u00e0 Greccio il y a 800 ans ce No\u00ebl. Depuis lors, \u00e0 travers les \u00e2ges, nous honorons sa naissance avec de magnifiques sc\u00e8nes et [&hellip;]<\/p>\n","protected":false},"author":1,"featured_media":0,"comment_status":"closed","ping_status":"closed","template":"","meta":{"__wpdm_changelog":[]},"wpdmcategory":[],"wpdmtag":[],"class_list":["post-4300","wpdmpro","type-wpdmpro","status-publish","hentry"],"_links":{"self":[{"href":"https:\/\/www.ifc-tor.org\/fr\/wp-json\/wp\/v2\/wpdmpro\/4300","targetHints":{"allow":["GET"]}}],"collection":[{"href":"https:\/\/www.ifc-tor.org\/fr\/wp-json\/wp\/v2\/wpdmpro"}],"about":[{"href":"https:\/\/www.ifc-tor.org\/fr\/wp-json\/wp\/v2\/types\/wpdmpro"}],"author":[{"embeddable":true,"href":"https:\/\/www.ifc-tor.org\/fr\/wp-json\/wp\/v2\/users\/1"}],"replies":[{"embeddable":true,"href":"https:\/\/www.ifc-tor.org\/fr\/wp-json\/wp\/v2\/comments?post=4300"}],"wp:attachment":[{"href":"https:\/\/www.ifc-tor.org\/fr\/wp-json\/wp\/v2\/media?parent=4300"}],"wp:term":[{"taxonomy":"wpdmcategory","embeddable":true,"href":"https:\/\/www.ifc-tor.org\/fr\/wp-json\/wp\/v2\/wpdmcategory?post=4300"},{"taxonomy":"wpdmtag","embeddable":true,"href":"https:\/\/www.ifc-tor.org\/fr\/wp-json\/wp\/v2\/wpdmtag?post=4300"}],"curies":[{"name":"wp","href":"https:\/\/api.w.org\/{rel}","templated":true}]}}

Lettre de Noël · Sœur Frances Marie Duncan et du Conseil de la CFI-TOR

<p>Alors que nous célébrons cette période particulière de l&rsquo;Avent menant à la célébration de Noël, nous nous souvenons de la façon dont saint François a célébré la naissance du Saint Enfant à Greccio il y a 800 ans ce Noël. Depuis lors, à travers les âges, nous honorons sa naissance avec de magnifiques scènes et reconstitutions de Noël.</p>
<p>Le Saint-Père, comme cela a été annoncé précédemment, a accordé une indulgence plénière du 8 décembre au 2 février à toute personne qui visite une église de la Famille franciscaine et qui suit les critères énumérés dans le décret pour obtenir l&rsquo;indulgence.</p>

<p>Alors que nous célébrons cette période particulière de l&rsquo;Avent menant à la célébration de Noël, nous nous souvenons de la façon dont saint François a célébré la naissance du Saint Enfant à Greccio il y a 800 ans ce Noël. Depuis lors, à travers les âges, nous honorons sa naissance avec de magnifiques scènes et [&hellip;]</p>
