{"id":6940,"date":"2025-04-15T09:00:45","date_gmt":"2025-04-15T08:00:45","guid":{"rendered":"https:\/\/www.ifc-tor.org\/download\/easter-letter-2025\/"},"modified":"2025-04-16T01:56:58","modified_gmt":"2025-04-16T00:56:58","slug":"lettre-paques-2025","status":"publish","type":"wpdmpro","link":"https:\/\/www.ifc-tor.org\/fr\/wpdm-package\/lettre-paques-2025\/","title":{"rendered":"Lettre de P\u00e2ques \u00b7 CFI-TOR"},"content":{"rendered":"<p>Chers Fr\u00e8res et S\u0153urs, Pax et Bonum !<br \/>\nEn regardant le monde d&rsquo;aujourd&rsquo;hui, il est parfois facile d&rsquo;oublier que Dieu est avec nous et il est encore plus facile de perdre espoir. Pourtant, cette Ann\u00e9e sainte du Jubil\u00e9 nous encourage \u00e0 \u00eatre des \u00ab p\u00e8lerins de l&rsquo;espoir \u00bb et l&rsquo;Ann\u00e9e de la 800<sup>e<\/sup> comm\u00e9moration du Cantique de la cr\u00e9ation nous rappelle que nous sommes appel\u00e9s \u00e0 \u00eatre les signes contre-culturels de la gratitude, de l&rsquo;espoir et de la joie aujourd&rsquo;hui. <\/p>\n","protected":false},"excerpt":{"rendered":"<p>Chers Fr\u00e8res et S\u0153urs, Pax et Bonum ! En regardant le monde d&rsquo;aujourd&rsquo;hui, il est parfois facile d&rsquo;oublier que Dieu est avec nous et il est encore plus facile de perdre espoir. Pourtant, cette Ann\u00e9e sainte du Jubil\u00e9 nous encourage \u00e0 \u00eatre des \u00ab p\u00e8lerins de l&rsquo;espoir \u00bb et l&rsquo;Ann\u00e9e de la 800e comm\u00e9moration du [&hellip;]<\/p>\n","protected":false},"author":1,"featured_media":0,"comment_status":"closed","ping_status":"closed","template":"","meta":{"__wpdm_changelog":[]},"wpdmcategory":[],"wpdmtag":[],"class_list":["post-6940","wpdmpro","type-wpdmpro","status-publish","hentry"],"_links":{"self":[{"href":"https:\/\/www.ifc-tor.org\/fr\/wp-json\/wp\/v2\/wpdmpro\/6940","targetHints":{"allow":["GET"]}}],"collection":[{"href":"https:\/\/www.ifc-tor.org\/fr\/wp-json\/wp\/v2\/wpdmpro"}],"about":[{"href":"https:\/\/www.ifc-tor.org\/fr\/wp-json\/wp\/v2\/types\/wpdmpro"}],"author":[{"embeddable":true,"href":"https:\/\/www.ifc-tor.org\/fr\/wp-json\/wp\/v2\/users\/1"}],"replies":[{"embeddable":true,"href":"https:\/\/www.ifc-tor.org\/fr\/wp-json\/wp\/v2\/comments?post=6940"}],"wp:attachment":[{"href":"https:\/\/www.ifc-tor.org\/fr\/wp-json\/wp\/v2\/media?parent=6940"}],"wp:term":[{"taxonomy":"wpdmcategory","embeddable":true,"href":"https:\/\/www.ifc-tor.org\/fr\/wp-json\/wp\/v2\/wpdmcategory?post=6940"},{"taxonomy":"wpdmtag","embeddable":true,"href":"https:\/\/www.ifc-tor.org\/fr\/wp-json\/wp\/v2\/wpdmtag?post=6940"}],"curies":[{"name":"wp","href":"https:\/\/api.w.org\/{rel}","templated":true}]}}

Lettre de Pâques · CFI-TOR

<p>Chers Frères et Sœurs, Pax et Bonum !<br />
En regardant le monde d&rsquo;aujourd&rsquo;hui, il est parfois facile d&rsquo;oublier que Dieu est avec nous et il est encore plus facile de perdre espoir. Pourtant, cette Année sainte du Jubilé nous encourage à être des « pèlerins de l&rsquo;espoir » et l&rsquo;Année de la 800<sup>e</sup> commémoration du Cantique de la création nous rappelle que nous sommes appelés à être les signes contre-culturels de la gratitude, de l&rsquo;espoir et de la joie aujourd&rsquo;hui. </p>

<p>Chers Frères et Sœurs, Pax et Bonum ! En regardant le monde d&rsquo;aujourd&rsquo;hui, il est parfois facile d&rsquo;oublier que Dieu est avec nous et il est encore plus facile de perdre espoir. Pourtant, cette Année sainte du Jubilé nous encourage à être des « pèlerins de l&rsquo;espoir » et l&rsquo;Année de la 800e commémoration du [&hellip;]</p>
