{"id":1509,"date":"2022-01-01T10:00:28","date_gmt":"2022-01-01T10:00:28","guid":{"rendered":"https:\/\/www.ifc-tor.org\/downloads\/2021-council-2nd-input-srbenigna\/"},"modified":"2022-01-01T10:00:28","modified_gmt":"2022-01-01T10:00:28","slug":"2021-council-2nd-input-srbenigna-2","status":"publish","type":"wpdmpro","link":"https:\/\/www.ifc-tor.org\/it\/wpdm-package\/2021-council-2nd-input-srbenigna-2\/","title":{"rendered":"2e contribution du Conseil &#8211; S\u0153ur Benigna"},"content":{"rendered":"<p>Dieu a appel\u00e9 saint Fran\u00e7ois et l\u2019a incit\u00e9 \u00e0 transmettre le message \u00e9vang\u00e9lique \u00e0 ses contemporains, comme Il le fait avec nous aujourd\u2019hui. L\u00e0 o\u00f9 le mal, les vices et les p\u00e9ch\u00e9s sont \u00e0 l\u2019ordre du jour, Dieu nous appelle \u00e0 laisser le mal derri\u00e8re nous et \u00e0 promouvoir un monde o\u00f9 r\u00e8gne l\u2019innocence du coeur, cherchant le bien en tous, o\u00f9 la paix et l\u2019amour sont un signe de l\u2019amour de Dieu.<\/p>\n<hr style=\"border-top: 1px dotted #2f3366\" \/>\n","protected":false},"excerpt":{"rendered":"<p>Dieu a appel\u00e9 saint Fran\u00e7ois et l\u2019a incit\u00e9 \u00e0 transmettre le message \u00e9vang\u00e9lique \u00e0 ses contemporains, comme Il le fait avec nous aujourd\u2019hui. L\u00e0 o\u00f9 le mal, les vices et les p\u00e9ch\u00e9s sont \u00e0 l\u2019ordre du jour, Dieu nous appelle \u00e0 laisser le mal derri\u00e8re nous et \u00e0 promouvoir un monde o\u00f9 r\u00e8gne l\u2019innocence du [&hellip;]<\/p>\n","protected":false},"author":1,"featured_media":0,"comment_status":"closed","ping_status":"closed","template":"","meta":{"__wpdm_changelog":[]},"wpdmcategory":[62],"wpdmtag":[],"class_list":["post-1509","wpdmpro","type-wpdmpro","status-publish","hentry","wpdmcategory-conseil-contribution-2021"],"_links":{"self":[{"href":"https:\/\/www.ifc-tor.org\/it\/wp-json\/wp\/v2\/wpdmpro\/1509","targetHints":{"allow":["GET"]}}],"collection":[{"href":"https:\/\/www.ifc-tor.org\/it\/wp-json\/wp\/v2\/wpdmpro"}],"about":[{"href":"https:\/\/www.ifc-tor.org\/it\/wp-json\/wp\/v2\/types\/wpdmpro"}],"author":[{"embeddable":true,"href":"https:\/\/www.ifc-tor.org\/it\/wp-json\/wp\/v2\/users\/1"}],"replies":[{"embeddable":true,"href":"https:\/\/www.ifc-tor.org\/it\/wp-json\/wp\/v2\/comments?post=1509"}],"wp:attachment":[{"href":"https:\/\/www.ifc-tor.org\/it\/wp-json\/wp\/v2\/media?parent=1509"}],"wp:term":[{"taxonomy":"wpdmcategory","embeddable":true,"href":"https:\/\/www.ifc-tor.org\/it\/wp-json\/wp\/v2\/wpdmcategory?post=1509"},{"taxonomy":"wpdmtag","embeddable":true,"href":"https:\/\/www.ifc-tor.org\/it\/wp-json\/wp\/v2\/wpdmtag?post=1509"}],"curies":[{"name":"wp","href":"https:\/\/api.w.org\/{rel}","templated":true}]}}

2e contribution du Conseil &#8211; Sœur Benigna

<p>Dieu a appelé saint François et l’a incité à transmettre le message évangélique à ses contemporains, comme Il le fait avec nous aujourd’hui. Là où le mal, les vices et les péchés sont à l’ordre du jour, Dieu nous appelle à laisser le mal derrière nous et à promouvoir un monde où règne l’innocence du coeur, cherchant le bien en tous, où la paix et l’amour sont un signe de l’amour de Dieu.</p>
<hr style="border-top: 1px dotted #2f3366" />

<p>Dieu a appelé saint François et l’a incité à transmettre le message évangélique à ses contemporains, comme Il le fait avec nous aujourd’hui. Là où le mal, les vices et les péchés sont à l’ordre du jour, Dieu nous appelle à laisser le mal derrière nous et à promouvoir un monde où règne l’innocence du [&hellip;]</p>
