{"id":1533,"date":"2022-01-01T14:00:18","date_gmt":"2022-01-01T14:00:18","guid":{"rendered":"https:\/\/www.ifc-tor.org\/downloads\/2021-council-6th-input-srdeborah\/"},"modified":"2022-01-01T14:00:18","modified_gmt":"2022-01-01T14:00:18","slug":"2021-council-6th-input-srdeborah-6","status":"publish","type":"wpdmpro","link":"https:\/\/www.ifc-tor.org\/it\/wpdm-package\/2021-council-6th-input-srdeborah-6\/","title":{"rendered":"6a contribui\u00e7\u00e3o Conselho &#8211; Irm\u00e3 Deborah"},"content":{"rendered":"<p>Todos podemos imaginar o jovem Francisco ajoelhado nas ru\u00ednas de S\u00e3o Dami\u00e3o, rezando diante do crucifixo, \u201cilumina as trevas de minha mente&#8230;\u201d. Conhecemos as lutas por que passou quando Deus lhe revelou: Ele queria que eu fosse um novo louco do mundo. Deus n\u00e3o quis nos conduzir por outro caminho que n\u00e3o este do conhecimento&#8230; <sup>Compila\u00e7\u00e3o de Assis, 18<\/sup><\/p>\n","protected":false},"excerpt":{"rendered":"<p>Todos podemos imaginar o jovem Francisco ajoelhado nas ru\u00ednas de S\u00e3o Dami\u00e3o, rezando diante do crucifixo, \u201cilumina as trevas de minha mente&#8230;\u201d. Conhecemos as lutas por que passou quando Deus lhe revelou: Ele queria que eu fosse um novo louco do mundo. Deus n\u00e3o quis nos conduzir por outro caminho que n\u00e3o este do conhecimento&#8230; [&hellip;]<\/p>\n","protected":false},"author":1,"featured_media":0,"comment_status":"closed","ping_status":"closed","template":"","meta":{"__wpdm_changelog":[]},"wpdmcategory":[66],"wpdmtag":[],"class_list":["post-1533","wpdmpro","type-wpdmpro","status-publish","hentry","wpdmcategory-contribuicao-conselho-2021"],"_links":{"self":[{"href":"https:\/\/www.ifc-tor.org\/it\/wp-json\/wp\/v2\/wpdmpro\/1533","targetHints":{"allow":["GET"]}}],"collection":[{"href":"https:\/\/www.ifc-tor.org\/it\/wp-json\/wp\/v2\/wpdmpro"}],"about":[{"href":"https:\/\/www.ifc-tor.org\/it\/wp-json\/wp\/v2\/types\/wpdmpro"}],"author":[{"embeddable":true,"href":"https:\/\/www.ifc-tor.org\/it\/wp-json\/wp\/v2\/users\/1"}],"replies":[{"embeddable":true,"href":"https:\/\/www.ifc-tor.org\/it\/wp-json\/wp\/v2\/comments?post=1533"}],"wp:attachment":[{"href":"https:\/\/www.ifc-tor.org\/it\/wp-json\/wp\/v2\/media?parent=1533"}],"wp:term":[{"taxonomy":"wpdmcategory","embeddable":true,"href":"https:\/\/www.ifc-tor.org\/it\/wp-json\/wp\/v2\/wpdmcategory?post=1533"},{"taxonomy":"wpdmtag","embeddable":true,"href":"https:\/\/www.ifc-tor.org\/it\/wp-json\/wp\/v2\/wpdmtag?post=1533"}],"curies":[{"name":"wp","href":"https:\/\/api.w.org\/{rel}","templated":true}]}}

6a contribuição Conselho &#8211; Irmã Deborah

<p>Todos podemos imaginar o jovem Francisco ajoelhado nas ruínas de São Damião, rezando diante do crucifixo, “ilumina as trevas de minha mente&#8230;”. Conhecemos as lutas por que passou quando Deus lhe revelou: Ele queria que eu fosse um novo louco do mundo. Deus não quis nos conduzir por outro caminho que não este do conhecimento&#8230; <sup>Compilação de Assis, 18</sup></p>

<p>Todos podemos imaginar o jovem Francisco ajoelhado nas ruínas de São Damião, rezando diante do crucifixo, “ilumina as trevas de minha mente&#8230;”. Conhecemos as lutas por que passou quando Deus lhe revelou: Ele queria que eu fosse um novo louco do mundo. Deus não quis nos conduzir por outro caminho que não este do conhecimento&#8230; [&hellip;]</p>
