{"id":4175,"date":"2023-09-08T09:00:01","date_gmt":"2023-09-08T09:00:01","guid":{"rendered":"https:\/\/www.ifc-tor.org\/downloads\/letter-ifc-tor-office-transition-executive-director\/"},"modified":"2023-09-08T09:00:01","modified_gmt":"2023-09-08T09:00:01","slug":"lettre-transition-bureau-cfi-tor-directeur-executif","status":"publish","type":"wpdmpro","link":"https:\/\/www.ifc-tor.org\/it\/wpdm-package\/lettre-transition-bureau-cfi-tor-directeur-executif\/","title":{"rendered":"Lettre aux membres sur la transition du bureau de la SFI-TOR &#8211; poste de directeur ex\u00e9cutif"},"content":{"rendered":"<p>De septembre \u00e0 octobre, une autre transition aura lieu au bureau de la CFI-TOR \u00e0 Rome. Notre fid\u00e8le amie et secr\u00e9taire, Soeur Margherita Merlino, prendra sa retraite apr\u00e8s de nombreuses ann\u00e9es au service de notre Conf\u00e9rence.<\/p>\n<p>Soeur Margherita continuera \u00e0 travailler tout au long du mois de septembre et sera disponible au mois d\u2019octobre pour la passation du service \u00e0 notre nouvelle directrice ex\u00e9cutive. Nous souhaitons la bienvenue \u00e0 Emanuela Miceli, notre nouvelle directrice ex\u00e9cutive.<\/p>\n<p>Emanuela prendra fonction au bureau de la CFI-TOR le 11 septembre et travaillera aux c\u00f4t\u00e9s de Soeur Margherita pendant le mois de septembre. Emanuela a \u00e9t\u00e9 tr\u00e8s active dans la direction d\u2019organisations \u00e0 but non lucratif en Italie et parle couramment l\u2019italien (sa langue maternelle) et l\u2019anglais, et conna\u00eet bien l\u2019espagnol.<\/p>\n","protected":false},"excerpt":{"rendered":"<p>De septembre \u00e0 octobre, une autre transition aura lieu au bureau de la CFI-TOR \u00e0 Rome. Notre fid\u00e8le amie et secr\u00e9taire, Soeur Margherita Merlino, prendra sa retraite apr\u00e8s de nombreuses ann\u00e9es au service de notre Conf\u00e9rence. Soeur Margherita continuera \u00e0 travailler tout au long du mois de septembre et sera disponible au mois d\u2019octobre pour [&hellip;]<\/p>\n","protected":false},"author":1,"featured_media":0,"comment_status":"closed","ping_status":"closed","template":"","meta":{"__wpdm_changelog":[]},"wpdmcategory":[],"wpdmtag":[],"class_list":["post-4175","wpdmpro","type-wpdmpro","status-publish","hentry"],"_links":{"self":[{"href":"https:\/\/www.ifc-tor.org\/it\/wp-json\/wp\/v2\/wpdmpro\/4175","targetHints":{"allow":["GET"]}}],"collection":[{"href":"https:\/\/www.ifc-tor.org\/it\/wp-json\/wp\/v2\/wpdmpro"}],"about":[{"href":"https:\/\/www.ifc-tor.org\/it\/wp-json\/wp\/v2\/types\/wpdmpro"}],"author":[{"embeddable":true,"href":"https:\/\/www.ifc-tor.org\/it\/wp-json\/wp\/v2\/users\/1"}],"replies":[{"embeddable":true,"href":"https:\/\/www.ifc-tor.org\/it\/wp-json\/wp\/v2\/comments?post=4175"}],"wp:attachment":[{"href":"https:\/\/www.ifc-tor.org\/it\/wp-json\/wp\/v2\/media?parent=4175"}],"wp:term":[{"taxonomy":"wpdmcategory","embeddable":true,"href":"https:\/\/www.ifc-tor.org\/it\/wp-json\/wp\/v2\/wpdmcategory?post=4175"},{"taxonomy":"wpdmtag","embeddable":true,"href":"https:\/\/www.ifc-tor.org\/it\/wp-json\/wp\/v2\/wpdmtag?post=4175"}],"curies":[{"name":"wp","href":"https:\/\/api.w.org\/{rel}","templated":true}]}}

Lettre aux membres sur la transition du bureau de la SFI-TOR &#8211; poste de directeur exécutif

<p>De septembre à octobre, une autre transition aura lieu au bureau de la CFI-TOR à Rome. Notre fidèle amie et secrétaire, Soeur Margherita Merlino, prendra sa retraite après de nombreuses années au service de notre Conférence.</p>
<p>Soeur Margherita continuera à travailler tout au long du mois de septembre et sera disponible au mois d’octobre pour la passation du service à notre nouvelle directrice exécutive. Nous souhaitons la bienvenue à Emanuela Miceli, notre nouvelle directrice exécutive.</p>
<p>Emanuela prendra fonction au bureau de la CFI-TOR le 11 septembre et travaillera aux côtés de Soeur Margherita pendant le mois de septembre. Emanuela a été très active dans la direction d’organisations à but non lucratif en Italie et parle couramment l’italien (sa langue maternelle) et l’anglais, et connaît bien l’espagnol.</p>

<p>De septembre à octobre, une autre transition aura lieu au bureau de la CFI-TOR à Rome. Notre fidèle amie et secrétaire, Soeur Margherita Merlino, prendra sa retraite après de nombreuses années au service de notre Conférence. Soeur Margherita continuera à travailler tout au long du mois de septembre et sera disponible au mois d’octobre pour [&hellip;]</p>
