{"id":4188,"date":"2023-10-01T09:00:28","date_gmt":"2023-10-01T09:00:28","guid":{"rendered":"https:\/\/www.ifc-tor.org\/downloads\/feast-of-st-francis-october-4-2023\/"},"modified":"2023-10-01T09:00:28","modified_gmt":"2023-10-01T09:00:28","slug":"feast-of-st-francis-october-4-2023-5","status":"publish","type":"wpdmpro","link":"https:\/\/www.ifc-tor.org\/it\/wpdm-package\/feast-of-st-francis-october-4-2023-5\/","title":{"rendered":"Fiesta de San Francisco \u2014 4 de octubre de 2023"},"content":{"rendered":"<blockquote>\n<p style=\"text-align: justify;line-height: 1.4em!important\"><span style=\"color: #2f3366;font-weight: normal\">Queridas Hermanas, queridos Hermanos: \u00a1Paz y bien!<br \/>\nSe acerca para nosotros la Fiesta de San Francisco, en la que recordamos este a\u00f1o el VIII Centenario de la Regla de la Primera Orden y la primera celebraci\u00f3n de la Navidad en Greccio. Les deseo a todas\/os y a cada una\/o de ustedes una preparaci\u00f3n para la Fiesta llena de bendiciones y una celebraci\u00f3n llena de alegr\u00eda.<\/span><\/p>\n<p style=\"text-align: justify;line-height: 1.4em!important\"><span style=\"color: #2f3366;font-weight: normal\">En este momento en que la Iglesia se prepara para celebrar el S\u00ednodo en Roma, les pido a todas y a todos ustedes el apoyo de sus oraciones y sacrificios por los numerosos delegados y delegadas que asistir\u00e1n al S\u00ednodo.<\/span><\/p>\n<p style=\"text-align: justify;line-height: 1.4em!important\"><span style=\"color: #2f3366;font-weight: normal\">Quienes se re\u00fanan en el S\u00ednodo necesitan nuestras oraciones y sacrificios para que puedan apartarse de las ideas preconcebidas y abrirse al Esp\u00edritu y dejarse iluminar para reconocer la Voluntad de Dios para la Iglesia en el futuro.<\/span><\/p>\n<\/blockquote>\n","protected":false},"excerpt":{"rendered":"<p>Queridas Hermanas, queridos Hermanos: \u00a1Paz y bien! Se acerca para nosotros la Fiesta de San Francisco, en la que recordamos este a\u00f1o el VIII Centenario de la Regla de la Primera Orden y la primera celebraci\u00f3n de la Navidad en Greccio. Les deseo a todas\/os y a cada una\/o de ustedes una preparaci\u00f3n para la [&hellip;]<\/p>\n","protected":false},"author":1,"featured_media":0,"comment_status":"closed","ping_status":"closed","template":"","meta":{"__wpdm_changelog":[]},"wpdmcategory":[],"wpdmtag":[],"class_list":["post-4188","wpdmpro","type-wpdmpro","status-publish","hentry"],"_links":{"self":[{"href":"https:\/\/www.ifc-tor.org\/it\/wp-json\/wp\/v2\/wpdmpro\/4188","targetHints":{"allow":["GET"]}}],"collection":[{"href":"https:\/\/www.ifc-tor.org\/it\/wp-json\/wp\/v2\/wpdmpro"}],"about":[{"href":"https:\/\/www.ifc-tor.org\/it\/wp-json\/wp\/v2\/types\/wpdmpro"}],"author":[{"embeddable":true,"href":"https:\/\/www.ifc-tor.org\/it\/wp-json\/wp\/v2\/users\/1"}],"replies":[{"embeddable":true,"href":"https:\/\/www.ifc-tor.org\/it\/wp-json\/wp\/v2\/comments?post=4188"}],"wp:attachment":[{"href":"https:\/\/www.ifc-tor.org\/it\/wp-json\/wp\/v2\/media?parent=4188"}],"wp:term":[{"taxonomy":"wpdmcategory","embeddable":true,"href":"https:\/\/www.ifc-tor.org\/it\/wp-json\/wp\/v2\/wpdmcategory?post=4188"},{"taxonomy":"wpdmtag","embeddable":true,"href":"https:\/\/www.ifc-tor.org\/it\/wp-json\/wp\/v2\/wpdmtag?post=4188"}],"curies":[{"name":"wp","href":"https:\/\/api.w.org\/{rel}","templated":true}]}}

<blockquote>
<p style="text-align: justify;line-height: 1.4em!important"><span style="color: #2f3366;font-weight: normal">Queridas Hermanas, queridos Hermanos: ¡Paz y bien!<br />
Se acerca para nosotros la Fiesta de San Francisco, en la que recordamos este año el VIII Centenario de la Regla de la Primera Orden y la primera celebración de la Navidad en Greccio. Les deseo a todas/os y a cada una/o de ustedes una preparación para la Fiesta llena de bendiciones y una celebración llena de alegría.</span></p>
<p style="text-align: justify;line-height: 1.4em!important"><span style="color: #2f3366;font-weight: normal">En este momento en que la Iglesia se prepara para celebrar el Sínodo en Roma, les pido a todas y a todos ustedes el apoyo de sus oraciones y sacrificios por los numerosos delegados y delegadas que asistirán al Sínodo.</span></p>
<p style="text-align: justify;line-height: 1.4em!important"><span style="color: #2f3366;font-weight: normal">Quienes se reúnan en el Sínodo necesitan nuestras oraciones y sacrificios para que puedan apartarse de las ideas preconcebidas y abrirse al Espíritu y dejarse iluminar para reconocer la Voluntad de Dios para la Iglesia en el futuro.</span></p>
</blockquote>

<p>Queridas Hermanas, queridos Hermanos: ¡Paz y bien! Se acerca para nosotros la Fiesta de San Francisco, en la que recordamos este año el VIII Centenario de la Regla de la Primera Orden y la primera celebración de la Navidad en Greccio. Les deseo a todas/os y a cada una/o de ustedes una preparación para la [&hellip;]</p>
