{"id":6942,"date":"2025-04-15T09:00:45","date_gmt":"2025-04-15T08:00:45","guid":{"rendered":"https:\/\/www.ifc-tor.org\/download\/easter-letter-2025\/"},"modified":"2025-04-16T01:56:22","modified_gmt":"2025-04-16T00:56:22","slug":"lettera-pasqua-2025","status":"publish","type":"wpdmpro","link":"https:\/\/www.ifc-tor.org\/it\/wpdm-package\/lettera-pasqua-2025\/","title":{"rendered":"Lettera di Pasqua \u00b7 CFI-TOR"},"content":{"rendered":"<p>Cari Fratelli e Sorelle, Pax et Bonum!<br \/>\nGuardando il nostro mondo di oggi, a volte \u00e8 facile dimenticare che Dio \u00e8 con noi ed \u00e8 ancora pi\u00f9 facile perdere la speranza. Tuttavia, questo Anno Santo del Giubileo ci incoraggia a essere \u201cpellegrini della speranza\u201d e l&#8217;Anno della commemorazione degli 800<sup> <\/sup>anni del Cantico delle Creature ci ricorda che oggi siamo chiamati a essere segni controculturali di gratitudine, speranza e gioia. <\/p>\n","protected":false},"excerpt":{"rendered":"<p>Cari Fratelli e Sorelle, Pax et Bonum! Guardando il nostro mondo di oggi, a volte \u00e8 facile dimenticare che Dio \u00e8 con noi ed \u00e8 ancora pi\u00f9 facile perdere la speranza. Tuttavia, questo Anno Santo del Giubileo ci incoraggia a essere \u201cpellegrini della speranza\u201d e l&#8217;Anno della commemorazione degli 800 anni del Cantico delle Creature [&hellip;]<\/p>\n","protected":false},"author":1,"featured_media":0,"comment_status":"closed","ping_status":"closed","template":"","meta":{"__wpdm_changelog":[]},"wpdmcategory":[],"wpdmtag":[],"class_list":["post-6942","wpdmpro","type-wpdmpro","status-publish","hentry"],"_links":{"self":[{"href":"https:\/\/www.ifc-tor.org\/it\/wp-json\/wp\/v2\/wpdmpro\/6942","targetHints":{"allow":["GET"]}}],"collection":[{"href":"https:\/\/www.ifc-tor.org\/it\/wp-json\/wp\/v2\/wpdmpro"}],"about":[{"href":"https:\/\/www.ifc-tor.org\/it\/wp-json\/wp\/v2\/types\/wpdmpro"}],"author":[{"embeddable":true,"href":"https:\/\/www.ifc-tor.org\/it\/wp-json\/wp\/v2\/users\/1"}],"replies":[{"embeddable":true,"href":"https:\/\/www.ifc-tor.org\/it\/wp-json\/wp\/v2\/comments?post=6942"}],"wp:attachment":[{"href":"https:\/\/www.ifc-tor.org\/it\/wp-json\/wp\/v2\/media?parent=6942"}],"wp:term":[{"taxonomy":"wpdmcategory","embeddable":true,"href":"https:\/\/www.ifc-tor.org\/it\/wp-json\/wp\/v2\/wpdmcategory?post=6942"},{"taxonomy":"wpdmtag","embeddable":true,"href":"https:\/\/www.ifc-tor.org\/it\/wp-json\/wp\/v2\/wpdmtag?post=6942"}],"curies":[{"name":"wp","href":"https:\/\/api.w.org\/{rel}","templated":true}]}}

<p>Cari Fratelli e Sorelle, Pax et Bonum!<br />
Guardando il nostro mondo di oggi, a volte è facile dimenticare che Dio è con noi ed è ancora più facile perdere la speranza. Tuttavia, questo Anno Santo del Giubileo ci incoraggia a essere “pellegrini della speranza” e l&#8217;Anno della commemorazione degli 800<sup> </sup>anni del Cantico delle Creature ci ricorda che oggi siamo chiamati a essere segni controculturali di gratitudine, speranza e gioia. </p>

<p>Cari Fratelli e Sorelle, Pax et Bonum! Guardando il nostro mondo di oggi, a volte è facile dimenticare che Dio è con noi ed è ancora più facile perdere la speranza. Tuttavia, questo Anno Santo del Giubileo ci incoraggia a essere “pellegrini della speranza” e l&#8217;Anno della commemorazione degli 800 anni del Cantico delle Creature [&hellip;]</p>
