{"id":3711,"date":"2022-12-01T09:00:29","date_gmt":"2022-12-01T09:00:29","guid":{"rendered":"https:\/\/www.ifc-tor.org\/downloads\/letter-propositum-2023-theme\/"},"modified":"2022-12-01T09:00:29","modified_gmt":"2022-12-01T09:00:29","slug":"brief-propositum-2023-thema","status":"publish","type":"wpdmpro","link":"https:\/\/www.ifc-tor.org\/pt-br\/wpdm-package\/brief-propositum-2023-thema\/","title":{"rendered":"Brief zum Propositum 2023 \u00b7 Vorgeschlagenes Thema: &#8220;Wie das Leben nach der Regel des heiligen Franziskus heute Christus in unserer Welt lebendig macht&#8221;"},"content":{"rendered":"<p>A Auf unserer letzten Ratssitzung haben wir das Thema f\u00fcr die n\u00e4chste Ausgabe von Propositum besprochen, die gegen Ende M\u00e4rz\/Anfang April online erscheinen wird. Unter Einbeziehung der Feierlichkeiten zum 800. Jahrestag der Regel des Heiligen Franziskus und der ersten Weihnachtsfeier in Greccio wird das Thema des Propositums lauten: &#8220;Wie das Leben nach der Regel des heiligen Franziskus heute Christus in unserer Welt lebendig macht&#8221;.<\/p>\n","protected":false},"excerpt":{"rendered":"<p>A Auf unserer letzten Ratssitzung haben wir das Thema f\u00fcr die n\u00e4chste Ausgabe von Propositum besprochen, die gegen Ende M\u00e4rz\/Anfang April online erscheinen wird. Unter Einbeziehung der Feierlichkeiten zum 800. Jahrestag der Regel des Heiligen Franziskus und der ersten Weihnachtsfeier in Greccio wird das Thema des Propositums lauten: &#8220;Wie das Leben nach der Regel des [&hellip;]<\/p>\n","protected":false},"author":1,"featured_media":0,"comment_status":"closed","ping_status":"closed","template":"","meta":{"__wpdm_changelog":[]},"wpdmcategory":[],"wpdmtag":[],"class_list":["post-3711","wpdmpro","type-wpdmpro","status-publish","hentry"],"_links":{"self":[{"href":"https:\/\/www.ifc-tor.org\/pt-br\/wp-json\/wp\/v2\/wpdmpro\/3711","targetHints":{"allow":["GET"]}}],"collection":[{"href":"https:\/\/www.ifc-tor.org\/pt-br\/wp-json\/wp\/v2\/wpdmpro"}],"about":[{"href":"https:\/\/www.ifc-tor.org\/pt-br\/wp-json\/wp\/v2\/types\/wpdmpro"}],"author":[{"embeddable":true,"href":"https:\/\/www.ifc-tor.org\/pt-br\/wp-json\/wp\/v2\/users\/1"}],"replies":[{"embeddable":true,"href":"https:\/\/www.ifc-tor.org\/pt-br\/wp-json\/wp\/v2\/comments?post=3711"}],"wp:attachment":[{"href":"https:\/\/www.ifc-tor.org\/pt-br\/wp-json\/wp\/v2\/media?parent=3711"}],"wp:term":[{"taxonomy":"wpdmcategory","embeddable":true,"href":"https:\/\/www.ifc-tor.org\/pt-br\/wp-json\/wp\/v2\/wpdmcategory?post=3711"},{"taxonomy":"wpdmtag","embeddable":true,"href":"https:\/\/www.ifc-tor.org\/pt-br\/wp-json\/wp\/v2\/wpdmtag?post=3711"}],"curies":[{"name":"wp","href":"https:\/\/api.w.org\/{rel}","templated":true}]}}

<p>A Auf unserer letzten Ratssitzung haben wir das Thema für die nächste Ausgabe von Propositum besprochen, die gegen Ende März/Anfang April online erscheinen wird. Unter Einbeziehung der Feierlichkeiten zum 800. Jahrestag der Regel des Heiligen Franziskus und der ersten Weihnachtsfeier in Greccio wird das Thema des Propositums lauten: &#8220;Wie das Leben nach der Regel des heiligen Franziskus heute Christus in unserer Welt lebendig macht&#8221;.</p>

<p>A Auf unserer letzten Ratssitzung haben wir das Thema für die nächste Ausgabe von Propositum besprochen, die gegen Ende März/Anfang April online erscheinen wird. Unter Einbeziehung der Feierlichkeiten zum 800. Jahrestag der Regel des Heiligen Franziskus und der ersten Weihnachtsfeier in Greccio wird das Thema des Propositums lauten: &#8220;Wie das Leben nach der Regel des [&hellip;]</p>
