{"id":4053,"date":"2022-05-31T09:00:56","date_gmt":"2022-05-31T09:00:56","guid":{"rendered":"https:\/\/www.ifc-tor.org\/downloads\/letter-president-may-25-2022\/"},"modified":"2022-05-31T09:00:56","modified_gmt":"2022-05-31T09:00:56","slug":"carta-presidente-25-maio-2022","status":"publish","type":"wpdmpro","link":"https:\/\/www.ifc-tor.org\/pt-br\/wpdm-package\/carta-presidente-25-maio-2022\/","title":{"rendered":"Carta Presidente eleito \u00b7 Maio de 2022"},"content":{"rendered":"<p>A nova presidente e conselho realizar\u00e3o uma reuni\u00e3o nas pr\u00f3ximas semanas para discutir planos de como implementar a Vis\u00e3o e A\u00e7\u00f5es Concretas para o futuro da CFI-OTR (2022-2026), que surgiram das discuss\u00f5es ao longo da semana. Tamb\u00e9m selecionaremos o\/a vice-presidente do conselho nesta ocasi\u00e3o. Ap\u00f3s a reuni\u00e3o do conselho, compartilharemos com voc\u00eas nossos planos e a maneira como voc\u00eas podem fazer parte deles nos pr\u00f3ximos 4 anos.<\/p>\n","protected":false},"excerpt":{"rendered":"<p>A nova presidente e conselho realizar\u00e3o uma reuni\u00e3o nas pr\u00f3ximas semanas para discutir planos de como implementar a Vis\u00e3o e A\u00e7\u00f5es Concretas para o futuro da CFI-OTR (2022-2026), que surgiram das discuss\u00f5es ao longo da semana. Tamb\u00e9m selecionaremos o\/a vice-presidente do conselho nesta ocasi\u00e3o. Ap\u00f3s a reuni\u00e3o do conselho, compartilharemos com voc\u00eas nossos planos e [&hellip;]<\/p>\n","protected":false},"author":1,"featured_media":0,"comment_status":"closed","ping_status":"closed","template":"","meta":{"__wpdm_changelog":[]},"wpdmcategory":[],"wpdmtag":[],"class_list":["post-4053","wpdmpro","type-wpdmpro","status-publish","hentry"],"_links":{"self":[{"href":"https:\/\/www.ifc-tor.org\/pt-br\/wp-json\/wp\/v2\/wpdmpro\/4053","targetHints":{"allow":["GET"]}}],"collection":[{"href":"https:\/\/www.ifc-tor.org\/pt-br\/wp-json\/wp\/v2\/wpdmpro"}],"about":[{"href":"https:\/\/www.ifc-tor.org\/pt-br\/wp-json\/wp\/v2\/types\/wpdmpro"}],"author":[{"embeddable":true,"href":"https:\/\/www.ifc-tor.org\/pt-br\/wp-json\/wp\/v2\/users\/1"}],"replies":[{"embeddable":true,"href":"https:\/\/www.ifc-tor.org\/pt-br\/wp-json\/wp\/v2\/comments?post=4053"}],"wp:attachment":[{"href":"https:\/\/www.ifc-tor.org\/pt-br\/wp-json\/wp\/v2\/media?parent=4053"}],"wp:term":[{"taxonomy":"wpdmcategory","embeddable":true,"href":"https:\/\/www.ifc-tor.org\/pt-br\/wp-json\/wp\/v2\/wpdmcategory?post=4053"},{"taxonomy":"wpdmtag","embeddable":true,"href":"https:\/\/www.ifc-tor.org\/pt-br\/wp-json\/wp\/v2\/wpdmtag?post=4053"}],"curies":[{"name":"wp","href":"https:\/\/api.w.org\/{rel}","templated":true}]}}

<p>A nova presidente e conselho realizarão uma reunião nas próximas semanas para discutir planos de como implementar a Visão e Ações Concretas para o futuro da CFI-OTR (2022-2026), que surgiram das discussões ao longo da semana. Também selecionaremos o/a vice-presidente do conselho nesta ocasião. Após a reunião do conselho, compartilharemos com vocês nossos planos e a maneira como vocês podem fazer parte deles nos próximos 4 anos.</p>

<p>A nova presidente e conselho realizarão uma reunião nas próximas semanas para discutir planos de como implementar a Visão e Ações Concretas para o futuro da CFI-OTR (2022-2026), que surgiram das discussões ao longo da semana. Também selecionaremos o/a vice-presidente do conselho nesta ocasião. Após a reunião do conselho, compartilharemos com vocês nossos planos e [&hellip;]</p>
