{"id":4117,"date":"2022-10-25T09:00:45","date_gmt":"2022-10-25T09:00:45","guid":{"rendered":"https:\/\/www.ifc-tor.org\/downloads\/ukrainian-aid-report-5\/"},"modified":"2022-10-25T09:00:45","modified_gmt":"2022-10-25T09:00:45","slug":"ukrainian-aid-report-5-2","status":"publish","type":"wpdmpro","link":"https:\/\/www.ifc-tor.org\/pt-br\/wpdm-package\/ukrainian-aid-report-5-2\/","title":{"rendered":"Rapport 5 \u00b7 Aide ukrainienne \u2014 SOEURS FRANCISCAINES DE LA P\u00c9NITENCE ET DE LA CHARIT\u00c9 CHR\u00c9TIENNE"},"content":{"rendered":"<p>Rapport de la Province polonaise de la Congr\u00e9gation des Soeurs Franciscaines de la P\u00e9nitence et de la Charit\u00e9 Chr\u00e9tienne relatif \u00e0 l\u2019utilisation des fonds donn\u00e9s par la CFI-TOR pour fournir l\u2019aide aux personnes touch\u00e9es par la guerre en Ukraine.<br \/>\nMerci au nom de la Province polonaise de la Congr\u00e9gation des Soeurs franciscaines de la P\u00e9nitence et de la Charit\u00e9 chr\u00e9tienne, mais aussi merci tout particuli\u00e8rement au nom de ceux qui ont b\u00e9n\u00e9fici\u00e9 de diverses mani\u00e8res de l\u2019aide financi\u00e8re donn\u00e9e par la CFI-TOR.<\/p>\n","protected":false},"excerpt":{"rendered":"<p>Rapport de la Province polonaise de la Congr\u00e9gation des Soeurs Franciscaines de la P\u00e9nitence et de la Charit\u00e9 Chr\u00e9tienne relatif \u00e0 l\u2019utilisation des fonds donn\u00e9s par la CFI-TOR pour fournir l\u2019aide aux personnes touch\u00e9es par la guerre en Ukraine. Merci au nom de la Province polonaise de la Congr\u00e9gation des Soeurs franciscaines de la P\u00e9nitence [&hellip;]<\/p>\n","protected":false},"author":1,"featured_media":0,"comment_status":"closed","ping_status":"closed","template":"","meta":{"__wpdm_changelog":[]},"wpdmcategory":[80],"wpdmtag":[],"class_list":["post-4117","wpdmpro","type-wpdmpro","status-publish","hentry","wpdmcategory-ukrainienne-aide"],"_links":{"self":[{"href":"https:\/\/www.ifc-tor.org\/pt-br\/wp-json\/wp\/v2\/wpdmpro\/4117","targetHints":{"allow":["GET"]}}],"collection":[{"href":"https:\/\/www.ifc-tor.org\/pt-br\/wp-json\/wp\/v2\/wpdmpro"}],"about":[{"href":"https:\/\/www.ifc-tor.org\/pt-br\/wp-json\/wp\/v2\/types\/wpdmpro"}],"author":[{"embeddable":true,"href":"https:\/\/www.ifc-tor.org\/pt-br\/wp-json\/wp\/v2\/users\/1"}],"replies":[{"embeddable":true,"href":"https:\/\/www.ifc-tor.org\/pt-br\/wp-json\/wp\/v2\/comments?post=4117"}],"wp:attachment":[{"href":"https:\/\/www.ifc-tor.org\/pt-br\/wp-json\/wp\/v2\/media?parent=4117"}],"wp:term":[{"taxonomy":"wpdmcategory","embeddable":true,"href":"https:\/\/www.ifc-tor.org\/pt-br\/wp-json\/wp\/v2\/wpdmcategory?post=4117"},{"taxonomy":"wpdmtag","embeddable":true,"href":"https:\/\/www.ifc-tor.org\/pt-br\/wp-json\/wp\/v2\/wpdmtag?post=4117"}],"curies":[{"name":"wp","href":"https:\/\/api.w.org\/{rel}","templated":true}]}}

Rapport 5 · Aide ukrainienne — SOEURS FRANCISCAINES DE LA PÉNITENCE ET DE LA CHARITÉ CHRÉTIENNE

<p>Rapport de la Province polonaise de la Congrégation des Soeurs Franciscaines de la Pénitence et de la Charité Chrétienne relatif à l’utilisation des fonds donnés par la CFI-TOR pour fournir l’aide aux personnes touchées par la guerre en Ukraine.<br />
Merci au nom de la Province polonaise de la Congrégation des Soeurs franciscaines de la Pénitence et de la Charité chrétienne, mais aussi merci tout particulièrement au nom de ceux qui ont bénéficié de diverses manières de l’aide financière donnée par la CFI-TOR.</p>

<p>Rapport de la Province polonaise de la Congrégation des Soeurs Franciscaines de la Pénitence et de la Charité Chrétienne relatif à l’utilisation des fonds donnés par la CFI-TOR pour fournir l’aide aux personnes touchées par la guerre en Ukraine. Merci au nom de la Province polonaise de la Congrégation des Soeurs franciscaines de la Pénitence [&hellip;]</p>
