{"id":4192,"date":"2023-09-08T09:00:44","date_gmt":"2023-09-08T09:00:44","guid":{"rendered":"https:\/\/www.ifc-tor.org\/downloads\/booklet-creating-your-nativity-scene-greccio\/"},"modified":"2023-09-08T09:00:44","modified_gmt":"2023-09-08T09:00:44","slug":"criando-seu-presepio-greccio","status":"publish","type":"wpdmpro","link":"https:\/\/www.ifc-tor.org\/pt-br\/wpdm-package\/criando-seu-presepio-greccio\/","title":{"rendered":"Caderno &#8211; Criando seu Pres\u00e9pio com o Papa Francisco  Greccio e as Ant\u00edfonas do \u00d3"},"content":{"rendered":"<div style=\"float: left\">\n<p><img fetchpriority=\"high\" decoding=\"async\" class=\"size-full wp-image-4252 alignleft\" src=\"https:\/\/www.ifc-tor.org\/wp-content\/uploads\/Greccio-Booklet-Christmas-post.webp\" alt=\"\" width=\"237\" height=\"348\" \/>A Francisco de Assis foi atribu\u00eddo com a populariza\u00e7\u00e3o de Bel\u00e9m como uma recria\u00e7\u00e3o do pres\u00e9pio vivo em Greccio, na It\u00e1lia, h\u00e1 800 anos.<\/p>\n<p>Durante s\u00e9culos, os frades de Greccio, na It\u00e1lia, vestiram-se com seus h\u00e1bitos para protegerem-se do frio de dezembro e apressadamente para entrar na capela em forma de gruta para a ora\u00e7\u00e3o das v\u00e9speras.<\/p>\n<p>\u00c0 luz tr\u00eamulas das velas, animados pelo irm\u00e3o Vento, a uma s\u00f3 voz elevavam em tom e confian\u00e7a como se escalasse a pr\u00f3pria montanha.<\/p>\n<p>Cantadas desde o dia 17 at\u00e9 o dia 23 de dezembro, as ant\u00edfonas do \u00d3 invocam t\u00edtulos de Jesus, o Messias, que, desde os tempos do Antigo Testamento, tem ressoado desde a costa do mar at\u00e9 o cimo das montanhas e desde as sinagogas at\u00e9 as capelas.<\/p>\n<p>Enraizado nestas ant\u00edfonas est\u00e1 um desejo pela vinda de Cristo na Gl\u00f3ria, inspirado novamente pela recorda\u00e7\u00e3o de sua primeira vinda no Natal.<\/p>\n<p><strong>(Frei Michael Lasky, OFMConv. &amp; Ilustra\u00e7\u00f5es de Frei Joseph Dorniak, OFMConv.)<\/strong><\/p>\n<\/div>\n","protected":false},"excerpt":{"rendered":"<p>A Francisco de Assis foi atribu\u00eddo com a populariza\u00e7\u00e3o de Bel\u00e9m como uma recria\u00e7\u00e3o do pres\u00e9pio vivo em Greccio, na It\u00e1lia, h\u00e1 800 anos. Durante s\u00e9culos, os frades de Greccio, na It\u00e1lia, vestiram-se com seus h\u00e1bitos para protegerem-se do frio de dezembro e apressadamente para entrar na capela em forma de gruta para a ora\u00e7\u00e3o [&hellip;]<\/p>\n","protected":false},"author":1,"featured_media":0,"comment_status":"closed","ping_status":"closed","template":"","meta":{"__wpdm_changelog":[]},"wpdmcategory":[],"wpdmtag":[],"class_list":["post-4192","wpdmpro","type-wpdmpro","status-publish","hentry"],"_links":{"self":[{"href":"https:\/\/www.ifc-tor.org\/pt-br\/wp-json\/wp\/v2\/wpdmpro\/4192","targetHints":{"allow":["GET"]}}],"collection":[{"href":"https:\/\/www.ifc-tor.org\/pt-br\/wp-json\/wp\/v2\/wpdmpro"}],"about":[{"href":"https:\/\/www.ifc-tor.org\/pt-br\/wp-json\/wp\/v2\/types\/wpdmpro"}],"author":[{"embeddable":true,"href":"https:\/\/www.ifc-tor.org\/pt-br\/wp-json\/wp\/v2\/users\/1"}],"replies":[{"embeddable":true,"href":"https:\/\/www.ifc-tor.org\/pt-br\/wp-json\/wp\/v2\/comments?post=4192"}],"wp:attachment":[{"href":"https:\/\/www.ifc-tor.org\/pt-br\/wp-json\/wp\/v2\/media?parent=4192"}],"wp:term":[{"taxonomy":"wpdmcategory","embeddable":true,"href":"https:\/\/www.ifc-tor.org\/pt-br\/wp-json\/wp\/v2\/wpdmcategory?post=4192"},{"taxonomy":"wpdmtag","embeddable":true,"href":"https:\/\/www.ifc-tor.org\/pt-br\/wp-json\/wp\/v2\/wpdmtag?post=4192"}],"curies":[{"name":"wp","href":"https:\/\/api.w.org\/{rel}","templated":true}]}}

Caderno &#8211; Criando seu Presépio com o Papa Francisco  Greccio e as Antífonas do Ó

<div style="float: left">
<p><img fetchpriority="high" decoding="async" class="size-full wp-image-4252 alignleft" src="https://www.ifc-tor.org/wp-content/uploads/Greccio-Booklet-Christmas-post.webp" alt="" width="237" height="348" />A Francisco de Assis foi atribuído com a popularização de Belém como uma recriação do presépio vivo em Greccio, na Itália, há 800 anos.</p>
<p>Durante séculos, os frades de Greccio, na Itália, vestiram-se com seus hábitos para protegerem-se do frio de dezembro e apressadamente para entrar na capela em forma de gruta para a oração das vésperas.</p>
<p>À luz trêmulas das velas, animados pelo irmão Vento, a uma só voz elevavam em tom e confiança como se escalasse a própria montanha.</p>
<p>Cantadas desde o dia 17 até o dia 23 de dezembro, as antífonas do Ó invocam títulos de Jesus, o Messias, que, desde os tempos do Antigo Testamento, tem ressoado desde a costa do mar até o cimo das montanhas e desde as sinagogas até as capelas.</p>
<p>Enraizado nestas antífonas está um desejo pela vinda de Cristo na Glória, inspirado novamente pela recordação de sua primeira vinda no Natal.</p>
<p><strong>(Frei Michael Lasky, OFMConv. &amp; Ilustrações de Frei Joseph Dorniak, OFMConv.)</strong></p>
</div>

<p>A Francisco de Assis foi atribuído com a popularização de Belém como uma recriação do presépio vivo em Greccio, na Itália, há 800 anos. Durante séculos, os frades de Greccio, na Itália, vestiram-se com seus hábitos para protegerem-se do frio de dezembro e apressadamente para entrar na capela em forma de gruta para a oração [&hellip;]</p>
