{"id":4341,"date":"2024-03-26T09:00:31","date_gmt":"2024-03-26T09:00:31","guid":{"rendered":"https:\/\/www.ifc-tor.org\/downloads\/easter-letter-2024\/"},"modified":"2024-03-26T09:00:31","modified_gmt":"2024-03-26T09:00:31","slug":"osterbrief-2024","status":"publish","type":"wpdmpro","link":"https:\/\/www.ifc-tor.org\/pt-br\/wpdm-package\/osterbrief-2024\/","title":{"rendered":"Osterbrief \u00b7 IFK-RDO"},"content":{"rendered":"<p>Liebe Br\u00fcder und Schwestern des Regulierten Dritten Ordens,<br \/>\nIn Erwartung des Gedenkens an die Auferstehung Christi von den Toten am kommenden Sonntag blicken wir zur\u00fcck und denken \u00fcber die vergangene Fastenzeit in diesem Jahr des 800<br \/>\nJubil\u00e4ums der Wundmale des heiligen Franziskus nach.<br \/>\nM\u00f6ge der auferstandene Christus Sie an diesem Osterfest mit einem inneren Frieden erf\u00fcllen, der Sie verwandelt, so dass Sie diejenigen verwandeln k\u00f6nnen, denen Sie begegnen, und dass<br \/>\nFrieden, Hoffnung und Freude von Ihnen auf sie und in die Welt ausstrahlen.<\/p>\n","protected":false},"excerpt":{"rendered":"<p>Liebe Br\u00fcder und Schwestern des Regulierten Dritten Ordens, In Erwartung des Gedenkens an die Auferstehung Christi von den Toten am kommenden Sonntag blicken wir zur\u00fcck und denken \u00fcber die vergangene Fastenzeit in diesem Jahr des 800 Jubil\u00e4ums der Wundmale des heiligen Franziskus nach. M\u00f6ge der auferstandene Christus Sie an diesem Osterfest mit einem inneren Frieden [&hellip;]<\/p>\n","protected":false},"author":1,"featured_media":0,"comment_status":"closed","ping_status":"closed","template":"","meta":{"__wpdm_changelog":[]},"wpdmcategory":[],"wpdmtag":[],"class_list":["post-4341","wpdmpro","type-wpdmpro","status-publish","hentry"],"_links":{"self":[{"href":"https:\/\/www.ifc-tor.org\/pt-br\/wp-json\/wp\/v2\/wpdmpro\/4341","targetHints":{"allow":["GET"]}}],"collection":[{"href":"https:\/\/www.ifc-tor.org\/pt-br\/wp-json\/wp\/v2\/wpdmpro"}],"about":[{"href":"https:\/\/www.ifc-tor.org\/pt-br\/wp-json\/wp\/v2\/types\/wpdmpro"}],"author":[{"embeddable":true,"href":"https:\/\/www.ifc-tor.org\/pt-br\/wp-json\/wp\/v2\/users\/1"}],"replies":[{"embeddable":true,"href":"https:\/\/www.ifc-tor.org\/pt-br\/wp-json\/wp\/v2\/comments?post=4341"}],"wp:attachment":[{"href":"https:\/\/www.ifc-tor.org\/pt-br\/wp-json\/wp\/v2\/media?parent=4341"}],"wp:term":[{"taxonomy":"wpdmcategory","embeddable":true,"href":"https:\/\/www.ifc-tor.org\/pt-br\/wp-json\/wp\/v2\/wpdmcategory?post=4341"},{"taxonomy":"wpdmtag","embeddable":true,"href":"https:\/\/www.ifc-tor.org\/pt-br\/wp-json\/wp\/v2\/wpdmtag?post=4341"}],"curies":[{"name":"wp","href":"https:\/\/api.w.org\/{rel}","templated":true}]}}

<p>Liebe Brüder und Schwestern des Regulierten Dritten Ordens,<br />
In Erwartung des Gedenkens an die Auferstehung Christi von den Toten am kommenden Sonntag blicken wir zurück und denken über die vergangene Fastenzeit in diesem Jahr des 800<br />
Jubiläums der Wundmale des heiligen Franziskus nach.<br />
Möge der auferstandene Christus Sie an diesem Osterfest mit einem inneren Frieden erfüllen, der Sie verwandelt, so dass Sie diejenigen verwandeln können, denen Sie begegnen, und dass<br />
Frieden, Hoffnung und Freude von Ihnen auf sie und in die Welt ausstrahlen.</p>

<p>Liebe Brüder und Schwestern des Regulierten Dritten Ordens, In Erwartung des Gedenkens an die Auferstehung Christi von den Toten am kommenden Sonntag blicken wir zurück und denken über die vergangene Fastenzeit in diesem Jahr des 800 Jubiläums der Wundmale des heiligen Franziskus nach. Möge der auferstandene Christus Sie an diesem Osterfest mit einem inneren Frieden [&hellip;]</p>
