{"id":4450,"date":"2024-09-30T09:00:07","date_gmt":"2024-09-30T09:00:07","guid":{"rendered":"https:\/\/www.ifc-tor.org\/downloads\/feast-of-st-francis-october-4-2024\/"},"modified":"2024-09-30T09:00:07","modified_gmt":"2024-09-30T09:00:07","slug":"feast-of-st-francis-october-4-2024-3","status":"publish","type":"wpdmpro","link":"https:\/\/www.ifc-tor.org\/pt-br\/wpdm-package\/feast-of-st-francis-october-4-2024-3\/","title":{"rendered":"Fest des heiligen Franziskus \u2014 4. Oktober 2024"},"content":{"rendered":"<blockquote>\n<p style=\"text-align: justify;line-height: 1.4em!important\"><span style=\"color: #2f3366;font-weight: normal\">Liebe Schwestern und Br\u00fcder, Pace e Bene!<br \/>\nHerzlichen Gl\u00fcckwunsch zum Fest der Stigmata des heiligen Franziskus. F\u00fcr viele von uns in der franziskanischen Familie ist dieses Fest der Beginn der Vorbereitung auf den Festtag unseres Bruders Franziskus. In diesem besonderen Jahr, in dem wir uns an den 800. Jahrestag des Empfangs der Wundmale durch den heiligen Franziskus in LaVerna erinnern, feiern wir diese Erinnerung daran, wie gro\u00df die Liebe des Franziskus zu Christus war und wie gro\u00df die Liebe Christi zum heiligen Franziskus war.<\/span><\/p>\n<\/blockquote>\n","protected":false},"excerpt":{"rendered":"<p>Liebe Schwestern und Br\u00fcder, Pace e Bene! Herzlichen Gl\u00fcckwunsch zum Fest der Stigmata des heiligen Franziskus. F\u00fcr viele von uns in der franziskanischen Familie ist dieses Fest der Beginn der Vorbereitung auf den Festtag unseres Bruders Franziskus. In diesem besonderen Jahr, in dem wir uns an den 800. Jahrestag des Empfangs der Wundmale durch den [&hellip;]<\/p>\n","protected":false},"author":1,"featured_media":0,"comment_status":"closed","ping_status":"closed","template":"","meta":{"__wpdm_changelog":[]},"wpdmcategory":[],"wpdmtag":[],"class_list":["post-4450","wpdmpro","type-wpdmpro","status-publish","hentry"],"_links":{"self":[{"href":"https:\/\/www.ifc-tor.org\/pt-br\/wp-json\/wp\/v2\/wpdmpro\/4450","targetHints":{"allow":["GET"]}}],"collection":[{"href":"https:\/\/www.ifc-tor.org\/pt-br\/wp-json\/wp\/v2\/wpdmpro"}],"about":[{"href":"https:\/\/www.ifc-tor.org\/pt-br\/wp-json\/wp\/v2\/types\/wpdmpro"}],"author":[{"embeddable":true,"href":"https:\/\/www.ifc-tor.org\/pt-br\/wp-json\/wp\/v2\/users\/1"}],"replies":[{"embeddable":true,"href":"https:\/\/www.ifc-tor.org\/pt-br\/wp-json\/wp\/v2\/comments?post=4450"}],"wp:attachment":[{"href":"https:\/\/www.ifc-tor.org\/pt-br\/wp-json\/wp\/v2\/media?parent=4450"}],"wp:term":[{"taxonomy":"wpdmcategory","embeddable":true,"href":"https:\/\/www.ifc-tor.org\/pt-br\/wp-json\/wp\/v2\/wpdmcategory?post=4450"},{"taxonomy":"wpdmtag","embeddable":true,"href":"https:\/\/www.ifc-tor.org\/pt-br\/wp-json\/wp\/v2\/wpdmtag?post=4450"}],"curies":[{"name":"wp","href":"https:\/\/api.w.org\/{rel}","templated":true}]}}

<blockquote>
<p style="text-align: justify;line-height: 1.4em!important"><span style="color: #2f3366;font-weight: normal">Liebe Schwestern und Brüder, Pace e Bene!<br />
Herzlichen Glückwunsch zum Fest der Stigmata des heiligen Franziskus. Für viele von uns in der franziskanischen Familie ist dieses Fest der Beginn der Vorbereitung auf den Festtag unseres Bruders Franziskus. In diesem besonderen Jahr, in dem wir uns an den 800. Jahrestag des Empfangs der Wundmale durch den heiligen Franziskus in LaVerna erinnern, feiern wir diese Erinnerung daran, wie groß die Liebe des Franziskus zu Christus war und wie groß die Liebe Christi zum heiligen Franziskus war.</span></p>
</blockquote>

<p>Liebe Schwestern und Brüder, Pace e Bene! Herzlichen Glückwunsch zum Fest der Stigmata des heiligen Franziskus. Für viele von uns in der franziskanischen Familie ist dieses Fest der Beginn der Vorbereitung auf den Festtag unseres Bruders Franziskus. In diesem besonderen Jahr, in dem wir uns an den 800. Jahrestag des Empfangs der Wundmale durch den [&hellip;]</p>
