{"id":6944,"date":"2025-04-15T09:00:45","date_gmt":"2025-04-15T08:00:45","guid":{"rendered":"https:\/\/www.ifc-tor.org\/download\/easter-letter-2025\/"},"modified":"2025-04-16T01:59:29","modified_gmt":"2025-04-16T00:59:29","slug":"carta-pascoa-2025","status":"publish","type":"wpdmpro","link":"https:\/\/www.ifc-tor.org\/pt-br\/wpdm-package\/carta-pascoa-2025\/","title":{"rendered":"Carta de P\u00e1scoa \u00b7 CFI-TOR"},"content":{"rendered":"<p>Prezados Irm\u00e3os e Irm\u00e3s, Pax et Bonum!<br \/>\nAo olharmos para o mundo atual, \u00e0s vezes \u00e9 f\u00e1cil esquecer que Deus est\u00e1 conosco e \u00e9 ainda mais f\u00e1cil perder a esperan\u00e7a. No entanto, este Ano Santo do Jubileu nos incentiva a sermos \u201cPeregrinos da Esperan\u00e7a\u201d e o Ano da 800<sup>\u00aa<\/sup> comemora\u00e7\u00e3o do C\u00e2ntico da Cria\u00e7\u00e3o nos lembra que somos chamados a ser os sinais contraculturais de Gratid\u00e3o, Esperan\u00e7a e Alegria hoje. <\/p>\n","protected":false},"excerpt":{"rendered":"<p>Prezados Irm\u00e3os e Irm\u00e3s, Pax et Bonum! Ao olharmos para o mundo atual, \u00e0s vezes \u00e9 f\u00e1cil esquecer que Deus est\u00e1 conosco e \u00e9 ainda mais f\u00e1cil perder a esperan\u00e7a. No entanto, este Ano Santo do Jubileu nos incentiva a sermos \u201cPeregrinos da Esperan\u00e7a\u201d e o Ano da 800\u00aa comemora\u00e7\u00e3o do C\u00e2ntico da Cria\u00e7\u00e3o nos [&hellip;]<\/p>\n","protected":false},"author":1,"featured_media":0,"comment_status":"closed","ping_status":"closed","template":"","meta":{"__wpdm_changelog":[]},"wpdmcategory":[],"wpdmtag":[],"class_list":["post-6944","wpdmpro","type-wpdmpro","status-publish","hentry"],"_links":{"self":[{"href":"https:\/\/www.ifc-tor.org\/pt-br\/wp-json\/wp\/v2\/wpdmpro\/6944","targetHints":{"allow":["GET"]}}],"collection":[{"href":"https:\/\/www.ifc-tor.org\/pt-br\/wp-json\/wp\/v2\/wpdmpro"}],"about":[{"href":"https:\/\/www.ifc-tor.org\/pt-br\/wp-json\/wp\/v2\/types\/wpdmpro"}],"author":[{"embeddable":true,"href":"https:\/\/www.ifc-tor.org\/pt-br\/wp-json\/wp\/v2\/users\/1"}],"replies":[{"embeddable":true,"href":"https:\/\/www.ifc-tor.org\/pt-br\/wp-json\/wp\/v2\/comments?post=6944"}],"wp:attachment":[{"href":"https:\/\/www.ifc-tor.org\/pt-br\/wp-json\/wp\/v2\/media?parent=6944"}],"wp:term":[{"taxonomy":"wpdmcategory","embeddable":true,"href":"https:\/\/www.ifc-tor.org\/pt-br\/wp-json\/wp\/v2\/wpdmcategory?post=6944"},{"taxonomy":"wpdmtag","embeddable":true,"href":"https:\/\/www.ifc-tor.org\/pt-br\/wp-json\/wp\/v2\/wpdmtag?post=6944"}],"curies":[{"name":"wp","href":"https:\/\/api.w.org\/{rel}","templated":true}]}}

Carta de Páscoa · CFI-TOR

<p>Prezados Irmãos e Irmãs, Pax et Bonum!<br />
Ao olharmos para o mundo atual, às vezes é fácil esquecer que Deus está conosco e é ainda mais fácil perder a esperança. No entanto, este Ano Santo do Jubileu nos incentiva a sermos “Peregrinos da Esperança” e o Ano da 800<sup>ª</sup> comemoração do Cântico da Criação nos lembra que somos chamados a ser os sinais contraculturais de Gratidão, Esperança e Alegria hoje. </p>

<p>Prezados Irmãos e Irmãs, Pax et Bonum! Ao olharmos para o mundo atual, às vezes é fácil esquecer que Deus está conosco e é ainda mais fácil perder a esperança. No entanto, este Ano Santo do Jubileu nos incentiva a sermos “Peregrinos da Esperança” e o Ano da 800ª comemoração do Cântico da Criação nos [&hellip;]</p>
